{"id":1107,"date":"2015-07-27T09:24:29","date_gmt":"2015-07-27T09:24:29","guid":{"rendered":"http:\/\/www.gender.gov.sk\/zastavmenasilie\/?page_id=1107"},"modified":"2015-07-27T09:24:29","modified_gmt":"2015-07-27T09:24:29","slug":"zastavme-nasilie-na-zenach","status":"publish","type":"page","link":"https:\/\/www.gender.gov.sk\/zastavmenasilie\/o-nasili-2\/kniznica\/kampane\/zastavme-nasilie-na-zenach\/","title":{"rendered":"Zastavme n\u00e1silie na \u017een\u00e1ch"},"content":{"rendered":"<p><strong>Kampa\u0148 Rady Eur\u00f3py Zastavme n\u00e1silie na \u017een\u00e1ch<br \/>\n<\/strong><\/p>\n<p><a href=\"https:\/\/piatazena.files.wordpress.com\/2010\/11\/150x150banner.gif\"><img loading=\"lazy\" class=\"alignleft\" style=\"margin: 10px\" src=\"https:\/\/piatazena.files.wordpress.com\/2010\/11\/150x150banner.gif?w=460\" alt=\"\" width=\"150\" height=\"150\" \/><\/a>Rada Eur\u00f3py\u00a0 na konferencii\u00a0 konanej d\u0148a 22. novembra 2006 v Madride od\u0161tartovala prv\u00fa\u00a0 celoeur\u00f3psku kampa\u0148 ZASTAVME DOM\u00c1CE N\u00c1SILIE NA \u017dEN\u00c1CH.<\/p>\n<p><a href=\"https:\/\/piatazena.wordpress.com\/o-kampani\/zastavme-nasilie\/blueprint\/\">Vo v\u00fdzve k 46 \u010dlensk\u00fdm \u0161t\u00e1tom RE<\/a>\u00a0predseda Parlamentn\u00e9ho zhroma\u017edenia Rady Eur\u00f3py Ren\u00e9 van der Linden a komis\u00e1r pre \u013eudsk\u00e9 pr\u00e1va Thomas Hammarberg zd\u00f4raznili, \u017ee dom\u00e1ce n\u00e1silie je jednou z najroz\u0161\u00edrenej\u0161\u00edch foriem z\u00e1sahu do \u013eudskej d\u00f4stojnosti. N\u00e1silie p\u00e1chan\u00e9 na \u017een\u00e1ch je z\u00e1va\u017en\u00fdm a \u010doraz vidite\u013enej\u0161\u00edm celospolo\u010densk\u00fdm probl\u00e9mom. Nie je tomu inak ani v Slovenskej republike. Pod\u013ea \u0161tatist\u00edk Ministerstva vn\u00fatra SR v pr\u00edpade trestn\u00fdch \u010dinov t\u00fdrania bl\u00edzkej a zverenej osoby v byte (nie na verejnosti) tvorili \u017eeny nad 15 rokov 93 % obet\u00ed v roku 2004 a a\u017e\u00a0 94,4 % v roku 2006.<\/p>\n<p>K tejto v\u00fdzve sa postupne po\u010das roka za\u010dali prip\u00e1ja\u0165 n\u00e1rodn\u00fdmi kampa\u0148ami aj jednotliv\u00e9 \u010dlensk\u00e9 \u0161t\u00e1ty Rady Eur\u00f3py, v ktor\u00fdch kampane prebiehaj\u00fa na eur\u00f3pskej, parlamentnej aj lok\u00e1lnej \u2013 region\u00e1lnej \u00farovni.<\/p>\n<p>Celoeur\u00f3pska kampa\u0148 ako aj n\u00e1rodn\u00e9 kampane prebiehaj\u00fa po\u010das roka 2007 a ich ukon\u010denie sa predpoklad\u00e1 na marec 2008.<\/p>\n<p>Na uvedenej konferencii v Madride ministerka pr\u00e1ce, soci\u00e1lnych vec\u00ed a rodiny SR Viera Tomanov\u00e1 potvrdila, \u017ee Slovensko sa hl\u00e1si k tejto celoeur\u00f3pskej aktivite aj na n\u00e1rodnej \u00farovni, pri\u010dom gestorom jej plnenia za vl\u00e1du Slovenskej republiky bude Ministerstvo pr\u00e1ce, soci\u00e1lnych vec\u00ed a rodiny SR. K plneniu aktiv\u00edt kampane sa prihl\u00e1sili aj \u010fal\u0161ie rezorty, napr\u00edklad rezort \u0161kolstva, zdravotn\u00edctva, vn\u00fatra, ktor\u00e9 spolupracuj\u00fa pri niektor\u00fdch vybran\u00fdch aktivit\u00e1ch realizovan\u00fdch v r\u00e1mci kampane.<\/p>\n<p><strong>N\u00e1rodn\u00e1 kampa\u0148 Slovenskej republiky<\/strong><\/p>\n<p>N\u00e1rodn\u00e1 kampa\u0148 Slovenskej republiky bola ofici\u00e1lne spusten\u00e1 a predstaven\u00e1 d\u0148a 22. novembra 2007. Po\u010das viano\u010dn\u00fdch sviatkov bude \u00famyselne utlmen\u00e1 a od 15.1.2008 do 8.marca 2008 bude zrealizovan\u00fdch viacero medi\u00e1lnych a informa\u010dn\u00fdch aktiv\u00edt zameran\u00fdch na jednotliv\u00e9 cie\u013eov\u00e9 skupiny.<\/p>\n<p><strong>Organiz\u00e1tori kampane<br \/>\n<\/strong><\/p>\n<p>N\u00e1rodn\u00fa kampa\u0148 Slovenskej republiky iniciovalo a gestoruje Ministerstvo pr\u00e1ce, soci\u00e1lnych vec\u00ed a rodiny SR. Vzh\u013eadom na jej eur\u00f3psky rozmer ministerstvo \u00fazko spolupracuje s Informa\u010dnou kancel\u00e1riou Rady Eur\u00f3py s cie\u013eom, aby n\u00e1rodn\u00e1 kampa\u0148 SR bola realizovan\u00e1 v l\u00edni\u00e1ch a v\u00fdzvach celoeur\u00f3pskej kampane.<\/p>\n<p>N\u00e1rodn\u00e1 kampa\u0148 SR je prvou vl\u00e1dnou kampa\u0148ou v tejto oblasti a preto sa Ministerstvo pr\u00e1ce, soci\u00e1lnych vec\u00ed a rodiny SR rozhodlo na nej spolupracova\u0165 s mimovl\u00e1dnymi organiz\u00e1ciami zdru\u017een\u00fdmi pod iniciat\u00edvu s n\u00e1zvom Piata \u017eena, ktor\u00e1 sa stala medi\u00e1lne zn\u00e1mou organizovan\u00edm prv\u00fdch medi\u00e1lnych kampani ur\u010den\u00fdch na odtabuizovanie t\u00e9my dom\u00e1ceho n\u00e1silia na Slovensku.<\/p>\n<p><strong>Ciele n\u00e1rodnej kampane SR:<\/strong><\/p>\n<p><em>a)\u00a0\u00a0\u00a0\u00a0\u00a0 na n\u00e1rodnej \u00farovni pozdvihn\u00fa\u0165 povedomie o tom, \u017ee n\u00e1silie p\u00e1chan\u00e9 na \u017een\u00e1ch je poru\u0161ovan\u00edm \u013eudsk\u00fdch pr\u00e1v a ka\u017ed\u00e9ho ob\u010dana vies\u0165 k tomu, aby toto n\u00e1silie odmietal;<br \/>\nb)\u00a0\u00a0\u00a0\u00a0\u00a0 informova\u0165 verejnos\u0165 o tom, \u017ee z\u00e1kladn\u00fdm d\u00f4vodom fenom\u00e9nu n\u00e1silia vo\u010di \u017een\u00e1m je nerovnomernos\u0165 rozdelenia moci v spolo\u010dnosti a upozorni\u0165\u00a0 na potrebu odstra\u0148ova\u0165 rodov\u00e9 stereotypy v spolo\u010dnosti;<br \/>\nc)\u00a0\u00a0\u00a0\u00a0\u00a0 informova\u0165 verejnos\u0165 o form\u00e1ch n\u00e1silia a mo\u017enostiach pomoci pre obete n\u00e1silia;<br \/>\nd)\u00a0\u00a0\u00a0\u00a0 skvalitni\u0165 pr\u00e1cu pom\u00e1haj\u00facich profesi\u00ed za \u00fa\u010delom empatick\u00e9ho, profesion\u00e1lneho a citliv\u00e9ho pr\u00edstupu k obetiam;<br \/>\ne)\u00a0\u00a0\u00a0\u00a0\u00a0 podpori\u0165 plnenie \u00faloh N\u00e1rodn\u00e9ho ak\u010dn\u00e9ho pl\u00e1nu pre prevenciu a elimin\u00e1ciu n\u00e1silia p\u00e1chan\u00e9ho na \u017een\u00e1ch na roky 2005 \u2013 2008.<\/em><\/p>\n<p><strong>Cie\u013eov\u00e9 skupiny kampane<\/strong><\/p>\n<p><em>a)\u00a0\u00a0\u00a0\u00a0\u00a0 \u0161irok\u00e1 verejnos\u0165 \u2013 podnieti\u0165 verejn\u00fa diskusiu o pr\u00ed\u010din\u00e1ch, \u0161pecifik\u00e1ch a d\u00f4sledkoch dom\u00e1ceho n\u00e1silia ako aj informova\u0165 o mo\u017enostiach akt\u00edvnej particip\u00e1cie pri elimin\u00e1cii n\u00e1silia;<br \/>\nb)\u00a0\u00a0\u00a0\u00a0\u00a0 mlad\u00ed \u013eudia \u2013 ujasni\u0165 a stanovi\u0165 ch\u00e1panie nulovej tolerancie dom\u00e1ceho n\u00e1silia vo\u010di \u017een\u00e1m;<br \/>\nc)\u00a0\u00a0\u00a0\u00a0\u00a0 politick\u00e1 reprezent\u00e1cia \u2013 vzbudi\u0165 z\u00e1ujem o prebratie politickej zodpovednosti za rie\u0161enie problematiky dom\u00e1ceho n\u00e1silia<br \/>\nd)\u00a0\u00a0\u00a0\u00a0 \u017eeny \u2013 obete akejko\u013evek formy dom\u00e1ceho n\u00e1silia \u2013 poskytn\u00fa\u0165 a spr\u00edstupni\u0165 im inform\u00e1cie a odborn\u00e9 rady, dostupn\u00e9 slu\u017eby \u0161pecializovan\u00fdch organiz\u00e1ci\u00ed v regi\u00f3noch.<br \/>\n<\/em><\/p>\n<p><strong>Aktivity n\u00e1rodnej kampane SR<\/strong><\/p>\n<p>* zorganizovanie odborn\u00fdch konferenci\u00ed, tla\u010dov\u00fdch konferenci\u00ed a semin\u00e1rov s odborn\u00edkmi na t\u00e9mu dom\u00e1ceho n\u00e1silia;<br \/>\n*\u00a0 vytvorenie novej informa\u010dnej internetovej str\u00e1nky ww.zastavmenasilie.sk, ktor\u00e1 okrem u\u017eito\u010dn\u00fdch inform\u00e1cii poskytne aj v\u0161etky dostupne kontakty na organiz\u00e1cie a in\u0161tit\u00facie, ktor\u00e9 poskytuj\u00fa pomoc obetiam n\u00e1silia;<br \/>\n* poskytovanie \u0161koliacich a tr\u00e9ningov\u00fdch aktiv\u00edt pre pom\u00e1haj\u00face profesie;<br \/>\n* tvorba, publikovanie a disemin\u00e1cia odborn\u00fdch bro\u017e\u00far a informa\u010dn\u00fdch let\u00e1kov ur\u010den\u00fdch pre cie\u013eov\u00e9 skupiny;<br \/>\n* odborn\u00e1 spolupr\u00e1ca na celo\u0161t\u00e1tnej s\u00fa\u0165a\u017ee Olympi\u00e1da \u013eudsk\u00fdch pr\u00e1v, ktorej \u00fastrednou t\u00e9mou bude problematika dom\u00e1ceho n\u00e1silia;<br \/>\n* zaanga\u017eovanie ostatn\u00fdch in\u0161tit\u00faci\u00ed verejnej spr\u00e1vy do spolupr\u00e1ce na aktivit\u00e1ch kampane<\/p>\n","protected":false},"excerpt":{"rendered":"<p>Kampa\u0148 Rady Eur\u00f3py Zastavme n\u00e1silie na \u017een\u00e1ch Rada Eur\u00f3py\u00a0 na konferencii\u00a0 konanej d\u0148a 22. novembra 2006 v Madride od\u0161tartovala prv\u00fa\u00a0 celoeur\u00f3psku kampa\u0148 ZASTAVME DOM\u00c1CE N\u00c1SILIE NA \u017dEN\u00c1CH. Vo v\u00fdzve k 46 \u010dlensk\u00fdm \u0161t\u00e1tom RE\u00a0predseda Parlamentn\u00e9ho zhroma\u017edenia Rady Eur\u00f3py Ren\u00e9 van der Linden a komis\u00e1r pre \u013eudsk\u00e9 pr\u00e1va Thomas Hammarberg zd\u00f4raznili, \u017ee dom\u00e1ce n\u00e1silie je jednou &hellip; <\/p>\n<p><a class=\"more-link block-button\" href=\"https:\/\/www.gender.gov.sk\/zastavmenasilie\/o-nasili-2\/kniznica\/kampane\/zastavme-nasilie-na-zenach\/\">\u010c\u00edta\u0165 viac &raquo;<\/a><\/p>\n","protected":false},"author":2,"featured_media":0,"parent":246,"menu_order":0,"comment_status":"closed","ping_status":"open","template":"","meta":[],"_links":{"self":[{"href":"https:\/\/www.gender.gov.sk\/zastavmenasilie\/wp-json\/wp\/v2\/pages\/1107"}],"collection":[{"href":"https:\/\/www.gender.gov.sk\/zastavmenasilie\/wp-json\/wp\/v2\/pages"}],"about":[{"href":"https:\/\/www.gender.gov.sk\/zastavmenasilie\/wp-json\/wp\/v2\/types\/page"}],"author":[{"embeddable":true,"href":"https:\/\/www.gender.gov.sk\/zastavmenasilie\/wp-json\/wp\/v2\/users\/2"}],"replies":[{"embeddable":true,"href":"https:\/\/www.gender.gov.sk\/zastavmenasilie\/wp-json\/wp\/v2\/comments?post=1107"}],"version-history":[{"count":1,"href":"https:\/\/www.gender.gov.sk\/zastavmenasilie\/wp-json\/wp\/v2\/pages\/1107\/revisions"}],"predecessor-version":[{"id":1108,"href":"https:\/\/www.gender.gov.sk\/zastavmenasilie\/wp-json\/wp\/v2\/pages\/1107\/revisions\/1108"}],"up":[{"embeddable":true,"href":"https:\/\/www.gender.gov.sk\/zastavmenasilie\/wp-json\/wp\/v2\/pages\/246"}],"wp:attachment":[{"href":"https:\/\/www.gender.gov.sk\/zastavmenasilie\/wp-json\/wp\/v2\/media?parent=1107"}],"curies":[{"name":"wp","href":"https:\/\/api.w.org\/{rel}","templated":true}]}}