{"id":1164,"date":"2016-01-21T15:51:58","date_gmt":"2016-01-21T15:51:58","guid":{"rendered":"http:\/\/www.gender.gov.sk\/zastavmenasilie\/?page_id=1164"},"modified":"2017-05-29T08:34:55","modified_gmt":"2017-05-29T08:34:55","slug":"kontakt","status":"publish","type":"page","link":"https:\/\/www.gender.gov.sk\/zastavmenasilie\/kmc\/kontakt\/","title":{"rendered":"Kontakt"},"content":{"rendered":"<p>Koordina\u010dno &#8211; metodick\u00e9 centrum pre rodovo podmienen\u00e9 a\u00a0dom\u00e1ce n\u00e1silie<\/p>\n<p>Kuzm\u00e1nyho 3\/A, 811 06 Bratislava<\/p>\n<p>Tel: 02\u00a020 442\u00a0500<\/p>\n<p><a href=\"http:\/\/www.zastavmenasilie.sk\/\">www.zastavmenasilie.sk<\/a><\/p>\n<p>&nbsp;<\/p>\n<p><strong>Telef\u00f3nny zoznam: <\/strong><\/p>\n<p>&nbsp;<\/p>\n<p>Mgr. Barbora Burajov\u00e1<\/p>\n<p>hlavn\u00e1 mana\u017e\u00e9rka<\/p>\n<p><a href=\"mailto:barbora.burajova@kmc.gov.sk\">barbora.burajova@kmc.gov.sk<\/a><\/p>\n<p>+ 421 2 20 442\u00a0501<\/p>\n<p>&nbsp;<\/p>\n<p>Bc. Miriam Ko\u010di\u0161kov\u00e1<\/p>\n<p>asistentka<\/p>\n<p><a href=\"mailto:miriam.kociskova@kmc.gov.sk\">miriam.kociskova@kmc.gov.sk<\/a><\/p>\n<p>+ 421 2 20 442\u00a0500<\/p>\n<p>&nbsp;<\/p>\n<p>Ing. Mgr. Andrej Kuruc<\/p>\n<p>expert pre tvorbu metod\u00edk a\u00a0\u0161tandardov a\u00a0koordin\u00e1ciu multiin\u0161titucion\u00e1lnej spolupr\u00e1ce<\/p>\n<p><a href=\"mailto:andrej.kuruc@kmc.gov.sk\">andrej.kuruc@kmc.gov.sk<\/a><\/p>\n<p>+421 2 20\u00a0442\u00a0511<\/p>\n<p>&nbsp;<\/p>\n<p>Mgr. Christi\u00e1n Havl\u00ed\u010dek<\/p>\n<p>expert pre systematiz\u00e1ciu \u010fal\u0161ieho vzdel\u00e1vania a\u00a0vzdel\u00e1vanie dotknut\u00fdch profesi\u00ed<\/p>\n<p><a href=\"mailto:christian.havlicek@kmc.gov.sk\">christian.havlicek@kmc.gov.sk<\/a><\/p>\n<p>+421 2 20\u00a0442\u00a0502<\/p>\n<p>&nbsp;<\/p>\n<p>Mgr. Viera B\u00f6ttcher<\/p>\n<p>expertka pre systematiz\u00e1ciu \u010fal\u0161ieho vzdel\u00e1vania a\u00a0vzdel\u00e1vanie dotknut\u00fdch profesi\u00ed<\/p>\n<p><a href=\"mailto:viera.bottcher@kmc.gov.sk\">viera.bottcher@kmc.gov.sk<\/a><\/p>\n<p>+421 2 20\u00a0442\u00a0506<\/p>\n<p>&nbsp;<\/p>\n<p>Mgr. Zuzana O\u010den\u00e1\u0161ov\u00e1, PhD.<\/p>\n<p>expertka pre v\u00fdskum a\u00a0monitoring v\u00a0oblasti n\u00e1silia p\u00e1chan\u00e9ho na \u017een\u00e1ch a\u00a0dom\u00e1ceho n\u00e1silia<\/p>\n<p><a href=\"mailto:zuzana.ocenasova@kmc.gov.sk\">zuzana.ocenasova@kmc.gov.sk<\/a><\/p>\n<p>&nbsp;<\/p>\n<p>Mgr. Jana Jablonick\u00e1-Zezulov\u00e1<\/p>\n<p>expertka pre prim\u00e1rnu prevenciu a\u00a0prim\u00e1rnu prevenciu vo vzdel\u00e1van\u00ed<\/p>\n<p><a href=\"mailto:jana.jablonickazezulova@kmc.gov.sk\">jana.jablonickazezulova@kmc.gov.sk<\/a><\/p>\n<p>+421 2 20\u00a0442\u00a0505<\/p>\n<p>&nbsp;<\/p>\n<p>PhDr. Edita Endreslov\u00e1<\/p>\n<p>projektov\u00e1 mana\u017e\u00e9rka<\/p>\n<p><a href=\"mailto:edita.endreslova@kmc.gov.sk\">edita.endreslova@kmc.gov.sk<\/a><\/p>\n<p>+421 2 20\u00a0442\u00a0509<\/p>\n<p>&nbsp;<\/p>\n<p>Ing. Magdal\u00e9na Fenikov\u00e1<\/p>\n<p>finan\u010dn\u00e1 mana\u017e\u00e9rka<\/p>\n<p><a href=\"mailto:magdalena.fenikova@kmc.gov.sk\">magdalena.fenikova@kmc.gov.sk<\/a><\/p>\n<p>+421 2 20\u00a0442 503<\/p>\n<p>&nbsp;<\/p>\n<p>&nbsp;<\/p>\n<p>&nbsp;<\/p>\n<p>&nbsp;<\/p>\n<p>&nbsp;<\/p>\n<p>&nbsp;<\/p>\n<p>&nbsp;<\/p>\n","protected":false},"excerpt":{"rendered":"<p>Koordina\u010dno &#8211; metodick\u00e9 centrum pre rodovo podmienen\u00e9 a\u00a0dom\u00e1ce n\u00e1silie Kuzm\u00e1nyho 3\/A, 811 06 Bratislava Tel: 02\u00a020 442\u00a0500 www.zastavmenasilie.sk &nbsp; Telef\u00f3nny zoznam: &nbsp; Mgr. Barbora Burajov\u00e1 hlavn\u00e1 mana\u017e\u00e9rka barbora.burajova@kmc.gov.sk + 421 2 20 442\u00a0501 &nbsp; Bc. Miriam Ko\u010di\u0161kov\u00e1 asistentka miriam.kociskova@kmc.gov.sk + 421 2 20 442\u00a0500 &nbsp; Ing. Mgr. Andrej Kuruc expert pre tvorbu metod\u00edk a\u00a0\u0161tandardov a\u00a0koordin\u00e1ciu &hellip; <\/p>\n<p><a class=\"more-link block-button\" href=\"https:\/\/www.gender.gov.sk\/zastavmenasilie\/kmc\/kontakt\/\">\u010c\u00edta\u0165 viac &raquo;<\/a><\/p>\n","protected":false},"author":2,"featured_media":0,"parent":765,"menu_order":20,"comment_status":"closed","ping_status":"open","template":"","meta":[],"_links":{"self":[{"href":"https:\/\/www.gender.gov.sk\/zastavmenasilie\/wp-json\/wp\/v2\/pages\/1164"}],"collection":[{"href":"https:\/\/www.gender.gov.sk\/zastavmenasilie\/wp-json\/wp\/v2\/pages"}],"about":[{"href":"https:\/\/www.gender.gov.sk\/zastavmenasilie\/wp-json\/wp\/v2\/types\/page"}],"author":[{"embeddable":true,"href":"https:\/\/www.gender.gov.sk\/zastavmenasilie\/wp-json\/wp\/v2\/users\/2"}],"replies":[{"embeddable":true,"href":"https:\/\/www.gender.gov.sk\/zastavmenasilie\/wp-json\/wp\/v2\/comments?post=1164"}],"version-history":[{"count":6,"href":"https:\/\/www.gender.gov.sk\/zastavmenasilie\/wp-json\/wp\/v2\/pages\/1164\/revisions"}],"predecessor-version":[{"id":1716,"href":"https:\/\/www.gender.gov.sk\/zastavmenasilie\/wp-json\/wp\/v2\/pages\/1164\/revisions\/1716"}],"up":[{"embeddable":true,"href":"https:\/\/www.gender.gov.sk\/zastavmenasilie\/wp-json\/wp\/v2\/pages\/765"}],"wp:attachment":[{"href":"https:\/\/www.gender.gov.sk\/zastavmenasilie\/wp-json\/wp\/v2\/media?parent=1164"}],"curies":[{"name":"wp","href":"https:\/\/api.w.org\/{rel}","templated":true}]}}