{"id":1179,"date":"2016-02-10T11:41:07","date_gmt":"2016-02-10T11:41:07","guid":{"rendered":"http:\/\/www.gender.gov.sk\/zastavmenasilie\/?page_id=1179"},"modified":"2017-07-06T09:52:15","modified_gmt":"2017-07-06T09:52:15","slug":"vystupy","status":"publish","type":"page","link":"https:\/\/www.gender.gov.sk\/zastavmenasilie\/kmc\/prevencia\/vystupy\/","title":{"rendered":"V\u00fdstupy"},"content":{"rendered":"<p><strong>Pr\u00edru\u010dka pre pedagogick\u00fd a odborn\u00fd person\u00e1l \u0161k\u00f4l &#8220;Situ\u00e1cia det\u00ed, svedkov dom\u00e1ceho n\u00e1silia, v\u00fdzvy a mo\u017enosti intervencie&#8221;.<\/strong><\/p>\n<p>S oh\u013eadom na vysok\u00fd v\u00fdskyt n\u00e1silia na \u017een\u00e1ch a de\u0165och, \u010di u\u017e ako priamych obetiach alebo svedkoch n\u00e1silia v rodin\u00e1ch, m\u00f4\u017eu pedagogick\u00ed a odborn\u00ed zamestnanci a pedagogick\u00e9 a odborn\u00e9 zamestnankyne zohra\u0165 v\u00fdznamn\u00fa a akt\u00edvnu \u00falohu na v\u0161etk\u00fdch \u00farovniach prevencie n\u00e1silia. \u00da\u010delom tejto pr\u00edru\u010dky je doplni\u0165 znalosti o n\u00e1sil\u00ed na \u017een\u00e1ch a dom\u00e1com n\u00e1sil\u00ed s cie\u013eom zv\u00fd\u0161i\u0165 mo\u017enosti vzdel\u00e1vac\u00edch in\u0161tit\u00faci\u00ed prispie\u0165 k prevencii n\u00e1silia, ktor\u00e9 za\u017e\u00edvaj\u00fa deti a ml\u00e1de\u017e vo svojich rodin\u00e1ch.<\/p>\n<p style=\"text-align: left\">Pr\u00edru\u010dka na stiahnutie tu:\u00a0<a href=\"http:\/\/www.gender.gov.sk\/zastavmenasilie\/files\/2017\/02\/Situacia-deti_svedkov-domaceho-nasilia_vyzvy-a-moznosti-intervencie.pdf\">Situacia deti_svedkov domaceho nasilia_vyzvy a moznosti intervencie<\/a><\/p>\n<p style=\"text-align: left\">Pr\u00edru\u010dka v ma\u010farskom jazyku na stiahnutie tu: <a href=\"http:\/\/www.gender.gov.sk\/zastavmenasilie\/files\/2016\/02\/A-nok-elleni-eroszak-es-a-csaladon-beluli-eroszak-.pdf\">A nok elleni eroszak es a csaladon beluli eroszak<\/a><\/p>\n<p>&nbsp;<\/p>\n<p><strong>Prim\u00e1rna prevencia rodovo podmienen\u00e9ho n\u00e1silia a dom\u00e1ceho n\u00e1silia v \u0161kolskom vzdel\u00e1van\u00ed na Slovensku <\/strong><br \/>\nAutorky:<strong> Monika Bos\u00e1, Dagmar Horn\u00e1, Katar\u00edna Minarovi\u010dov\u00e1, Zuzana Kiczkov\u00e1<\/strong><\/p>\n<p>Cie\u013eom tejto anal\u00fdzy je identifik\u00e1cia aktu\u00e1lneho stavu realizovanej prim\u00e1rnej prevencie rodovo podmienen\u00e9ho n\u00e1silia v\u00a0r\u00f4znych prostrediach (typoch a\u00a0stup\u0148och) vzdel\u00e1vania na Slovensku, identifik\u00e1cia mo\u017en\u00fdch bari\u00e9r a\u00a0stimulov efekt\u00edvnej prim\u00e1rnej prevencie rodovo podmienen\u00e9ho n\u00e1silia ako aj identifik\u00e1cia pr\u00edle\u017eitost\u00ed, ktor\u00e9 aktu\u00e1lny vzdel\u00e1vac\u00ed syst\u00e9m v r\u00e1mci svojich mo\u017enost\u00ed (pr\u00edpadne s\u00a0aplik\u00e1ciou minim\u00e1lnych z\u00e1sahov) pre zefekt\u00edvnenie prim\u00e1rnej prevencie pon\u00faka.<\/p>\n<p>Anal\u00fdzu si m\u00f4\u017eete pre\u010d\u00edta\u0165 tu: <a href=\"http:\/\/www.gender.gov.sk\/zastavmenasilie\/files\/2016\/02\/Primarna-prevencia-rodovo-podmieneneho-nasilia-a-domaceho-nasilia-v-skolskom-vzdelavani-na-Slovensku-1.pdf\">Primarna prevencia rodovo podmieneneho nasilia a domaceho nasilia v skolskom vzdelavani na Slovensku<\/a><\/p>\n","protected":false},"excerpt":{"rendered":"<p>Pr\u00edru\u010dka pre pedagogick\u00fd a odborn\u00fd person\u00e1l \u0161k\u00f4l &#8220;Situ\u00e1cia det\u00ed, svedkov dom\u00e1ceho n\u00e1silia, v\u00fdzvy a mo\u017enosti intervencie&#8221;. S oh\u013eadom na vysok\u00fd v\u00fdskyt n\u00e1silia na \u017een\u00e1ch a de\u0165och, \u010di u\u017e ako priamych obetiach alebo svedkoch n\u00e1silia v rodin\u00e1ch, m\u00f4\u017eu pedagogick\u00ed a odborn\u00ed zamestnanci a pedagogick\u00e9 a odborn\u00e9 zamestnankyne zohra\u0165 v\u00fdznamn\u00fa a akt\u00edvnu \u00falohu na v\u0161etk\u00fdch \u00farovniach prevencie &hellip; <\/p>\n<p><a class=\"more-link block-button\" href=\"https:\/\/www.gender.gov.sk\/zastavmenasilie\/kmc\/prevencia\/vystupy\/\">\u010c\u00edta\u0165 viac &raquo;<\/a><\/p>\n","protected":false},"author":2,"featured_media":0,"parent":1174,"menu_order":2,"comment_status":"closed","ping_status":"open","template":"","meta":[],"_links":{"self":[{"href":"https:\/\/www.gender.gov.sk\/zastavmenasilie\/wp-json\/wp\/v2\/pages\/1179"}],"collection":[{"href":"https:\/\/www.gender.gov.sk\/zastavmenasilie\/wp-json\/wp\/v2\/pages"}],"about":[{"href":"https:\/\/www.gender.gov.sk\/zastavmenasilie\/wp-json\/wp\/v2\/types\/page"}],"author":[{"embeddable":true,"href":"https:\/\/www.gender.gov.sk\/zastavmenasilie\/wp-json\/wp\/v2\/users\/2"}],"replies":[{"embeddable":true,"href":"https:\/\/www.gender.gov.sk\/zastavmenasilie\/wp-json\/wp\/v2\/comments?post=1179"}],"version-history":[{"count":14,"href":"https:\/\/www.gender.gov.sk\/zastavmenasilie\/wp-json\/wp\/v2\/pages\/1179\/revisions"}],"predecessor-version":[{"id":1785,"href":"https:\/\/www.gender.gov.sk\/zastavmenasilie\/wp-json\/wp\/v2\/pages\/1179\/revisions\/1785"}],"up":[{"embeddable":true,"href":"https:\/\/www.gender.gov.sk\/zastavmenasilie\/wp-json\/wp\/v2\/pages\/1174"}],"wp:attachment":[{"href":"https:\/\/www.gender.gov.sk\/zastavmenasilie\/wp-json\/wp\/v2\/media?parent=1179"}],"curies":[{"name":"wp","href":"https:\/\/api.w.org\/{rel}","templated":true}]}}