{"id":1188,"date":"2016-02-10T11:43:08","date_gmt":"2016-02-10T11:43:08","guid":{"rendered":"http:\/\/www.gender.gov.sk\/zastavmenasilie\/?page_id=1188"},"modified":"2017-03-07T09:27:14","modified_gmt":"2017-03-07T09:27:14","slug":"dalsia-ponuka","status":"publish","type":"page","link":"https:\/\/www.gender.gov.sk\/zastavmenasilie\/kmc\/vzdelavanie\/dalsia-ponuka\/","title":{"rendered":"\u010eal\u0161ia ponuka"},"content":{"rendered":"<p><strong>\u00davod do tr\u00e9nersk\u00fdch zru\u010dnost\u00ed<\/strong><\/p>\n<p>V roku 2015 Koordina\u010dno metodick\u00e9 centrum pre rodovo podmienen\u00e9 a dom\u00e1ce n\u00e1silie realizovalo tr\u00e9ning \u201e\u00davod do tr\u00e9nersk\u00fdch zru\u010dnost\u00ed\u201c \u0161pecificky zameran\u00fd na tr\u00e9nersk\u00e9 zru\u010dnosti a vytvorilo tr\u00e9ningov\u00fd manu\u00e1l \u201e\u00davod do tr\u00e9nersk\u00fdch zru\u010dnost\u00ed\u201c (J\u00f3jart P.). Absolventi tr\u00e9ningu sa v roli asistuj\u00facich ko-tr\u00e9neriek, ko-tr\u00e9nerov zapoja do aktiv\u00edt prim\u00e1rnej prevencie na \u0161kol\u00e1ch a po nadobudnut\u00ed potrebn\u00fdch sk\u00fasenost\u00ed do \u0161pecializovan\u00fdch tr\u00e9ningov v t\u00e9me rodovo podmienen\u00e9ho a dom\u00e1ceho n\u00e1silia pre dotknut\u00e9 profesie.<\/p>\n<p>&nbsp;<\/p>\n<p><strong>Pilotn\u00fd e-learningov\u00fd kurz pre novin\u00e1rky a novin\u00e1rov<\/strong><\/p>\n<p>Koordina\u010dno metodick\u00e9 centrum pre rodovo podmienen\u00e9 a dom\u00e1ce n\u00e1silie vyprac\u00fava a testuje pilotn\u00fd e-learningov\u00fd kurz pre novin\u00e1rky a novin\u00e1rov, ktor\u00e9ho cie\u013eom je snaha o predch\u00e1dzanie sekund\u00e1rnej viktimiz\u00e1cie \u017eien za\u017e\u00edvaj\u00facich n\u00e1silie a obet\u00ed dom\u00e1ceho n\u00e1silia.<\/p>\n","protected":false},"excerpt":{"rendered":"<p>\u00davod do tr\u00e9nersk\u00fdch zru\u010dnost\u00ed V roku 2015 Koordina\u010dno metodick\u00e9 centrum pre rodovo podmienen\u00e9 a dom\u00e1ce n\u00e1silie realizovalo tr\u00e9ning \u201e\u00davod do tr\u00e9nersk\u00fdch zru\u010dnost\u00ed\u201c \u0161pecificky zameran\u00fd na tr\u00e9nersk\u00e9 zru\u010dnosti a vytvorilo tr\u00e9ningov\u00fd manu\u00e1l \u201e\u00davod do tr\u00e9nersk\u00fdch zru\u010dnost\u00ed\u201c (J\u00f3jart P.). Absolventi tr\u00e9ningu sa v roli asistuj\u00facich ko-tr\u00e9neriek, ko-tr\u00e9nerov zapoja do aktiv\u00edt prim\u00e1rnej prevencie na \u0161kol\u00e1ch a po nadobudnut\u00ed &hellip; <\/p>\n<p><a class=\"more-link block-button\" href=\"https:\/\/www.gender.gov.sk\/zastavmenasilie\/kmc\/vzdelavanie\/dalsia-ponuka\/\">\u010c\u00edta\u0165 viac &raquo;<\/a><\/p>\n","protected":false},"author":2,"featured_media":0,"parent":1120,"menu_order":6,"comment_status":"closed","ping_status":"closed","template":"","meta":[],"_links":{"self":[{"href":"https:\/\/www.gender.gov.sk\/zastavmenasilie\/wp-json\/wp\/v2\/pages\/1188"}],"collection":[{"href":"https:\/\/www.gender.gov.sk\/zastavmenasilie\/wp-json\/wp\/v2\/pages"}],"about":[{"href":"https:\/\/www.gender.gov.sk\/zastavmenasilie\/wp-json\/wp\/v2\/types\/page"}],"author":[{"embeddable":true,"href":"https:\/\/www.gender.gov.sk\/zastavmenasilie\/wp-json\/wp\/v2\/users\/2"}],"replies":[{"embeddable":true,"href":"https:\/\/www.gender.gov.sk\/zastavmenasilie\/wp-json\/wp\/v2\/comments?post=1188"}],"version-history":[{"count":6,"href":"https:\/\/www.gender.gov.sk\/zastavmenasilie\/wp-json\/wp\/v2\/pages\/1188\/revisions"}],"predecessor-version":[{"id":1649,"href":"https:\/\/www.gender.gov.sk\/zastavmenasilie\/wp-json\/wp\/v2\/pages\/1188\/revisions\/1649"}],"up":[{"embeddable":true,"href":"https:\/\/www.gender.gov.sk\/zastavmenasilie\/wp-json\/wp\/v2\/pages\/1120"}],"wp:attachment":[{"href":"https:\/\/www.gender.gov.sk\/zastavmenasilie\/wp-json\/wp\/v2\/media?parent=1188"}],"curies":[{"name":"wp","href":"https:\/\/api.w.org\/{rel}","templated":true}]}}