{"id":1192,"date":"2016-02-10T11:43:55","date_gmt":"2016-02-10T11:43:55","guid":{"rendered":"http:\/\/www.gender.gov.sk\/zastavmenasilie\/?page_id=1192"},"modified":"2017-02-23T12:34:01","modified_gmt":"2017-02-23T12:34:01","slug":"socialna-praca","status":"publish","type":"page","link":"https:\/\/www.gender.gov.sk\/zastavmenasilie\/kmc\/vzdelavanie\/socialna-praca\/","title":{"rendered":"Soci\u00e1lna pr\u00e1ca"},"content":{"rendered":"<p><strong>Odborn\u00e9 vzdel\u00e1vanie ter\u00e9nn\u00fdch soci\u00e1lnych pracovn\u00ed\u010dok a pracovn\u00edkov v marginalizovan\u00fdch r\u00f3mskych komunit\u00e1ch<\/strong><\/p>\n<p>V oblasti vzdel\u00e1vania ter\u00e9nnych soci\u00e1lnych pracovn\u00ed\u010dok a pracovn\u00edkov v marginalizovan\u00fdch r\u00f3mskych komunit\u00e1ch (MRK) nadviazalo Koordina\u010dno metodick\u00e9 centrum pre dom\u00e1ce a rodovo podmienen\u00e9 n\u00e1silie spolupr\u00e1cu s Implementa\u010dnou agent\u00farou MPSVR SR.<\/p>\n<p>Organizovali sme tr\u00e9ningy pre multiplik\u00e1torov\/ky boja proti NP\u017d v oblasti ter\u00e9nnej soci\u00e1lnej pr\u00e1ce v MRK (21.-22.9, 5.-6.10, 19.-20.10.2015). Ich cie\u013eom bolo nielen vzdela\u0165 koordin\u00e1torov\/ky ter\u00e9nnej soci\u00e1lnej pr\u00e1ce v MRK, ale aj identifikova\u0165 bud\u00facich lektorov\/kyv t\u00e9me rodovo podmienen\u00e9ho a dom\u00e1ceho n\u00e1silia pri vzdel\u00e1van\u00ed ter\u00e9nnych soci\u00e1lnych pracovn\u00ed\u010diek a pracovn\u00edkov, preto bol tr\u00e9ning navrhnut\u00fd a realizovan\u00fd aj s komponentom tr\u00e9nersk\u00fdch zru\u010dnost\u00ed. Realiz\u00e1cii tr\u00e9ningu predch\u00e1dzalo vytvorenie osobitn\u00e9ho tr\u00e9ningov\u00e9ho manu\u00e1lu a pr\u00edru\u010dky pre \u00fa\u010dastn\u00edkov a \u00fa\u010dastn\u00ed\u010dky (kol. autoriek). Tr\u00e9ning viedli sk\u00fasen\u00e9 lektorky (Mesochoritisov\u00e1 A., Brnov\u00e1 T., Jezn\u00e1 M., Dankov\u00e1 E.).<\/p>\n<p>&nbsp;<\/p>\n<p>&nbsp;<\/p>\n","protected":false},"excerpt":{"rendered":"<p>Odborn\u00e9 vzdel\u00e1vanie ter\u00e9nn\u00fdch soci\u00e1lnych pracovn\u00ed\u010dok a pracovn\u00edkov v marginalizovan\u00fdch r\u00f3mskych komunit\u00e1ch V oblasti vzdel\u00e1vania ter\u00e9nnych soci\u00e1lnych pracovn\u00ed\u010dok a pracovn\u00edkov v marginalizovan\u00fdch r\u00f3mskych komunit\u00e1ch (MRK) nadviazalo Koordina\u010dno metodick\u00e9 centrum pre dom\u00e1ce a rodovo podmienen\u00e9 n\u00e1silie spolupr\u00e1cu s Implementa\u010dnou agent\u00farou MPSVR SR. Organizovali sme tr\u00e9ningy pre multiplik\u00e1torov\/ky boja proti NP\u017d v oblasti ter\u00e9nnej soci\u00e1lnej pr\u00e1ce v MRK &hellip; <\/p>\n<p><a class=\"more-link block-button\" href=\"https:\/\/www.gender.gov.sk\/zastavmenasilie\/kmc\/vzdelavanie\/socialna-praca\/\">\u010c\u00edta\u0165 viac &raquo;<\/a><\/p>\n","protected":false},"author":2,"featured_media":0,"parent":1120,"menu_order":2,"comment_status":"closed","ping_status":"open","template":"","meta":[],"_links":{"self":[{"href":"https:\/\/www.gender.gov.sk\/zastavmenasilie\/wp-json\/wp\/v2\/pages\/1192"}],"collection":[{"href":"https:\/\/www.gender.gov.sk\/zastavmenasilie\/wp-json\/wp\/v2\/pages"}],"about":[{"href":"https:\/\/www.gender.gov.sk\/zastavmenasilie\/wp-json\/wp\/v2\/types\/page"}],"author":[{"embeddable":true,"href":"https:\/\/www.gender.gov.sk\/zastavmenasilie\/wp-json\/wp\/v2\/users\/2"}],"replies":[{"embeddable":true,"href":"https:\/\/www.gender.gov.sk\/zastavmenasilie\/wp-json\/wp\/v2\/comments?post=1192"}],"version-history":[{"count":7,"href":"https:\/\/www.gender.gov.sk\/zastavmenasilie\/wp-json\/wp\/v2\/pages\/1192\/revisions"}],"predecessor-version":[{"id":1579,"href":"https:\/\/www.gender.gov.sk\/zastavmenasilie\/wp-json\/wp\/v2\/pages\/1192\/revisions\/1579"}],"up":[{"embeddable":true,"href":"https:\/\/www.gender.gov.sk\/zastavmenasilie\/wp-json\/wp\/v2\/pages\/1120"}],"wp:attachment":[{"href":"https:\/\/www.gender.gov.sk\/zastavmenasilie\/wp-json\/wp\/v2\/media?parent=1192"}],"curies":[{"name":"wp","href":"https:\/\/api.w.org\/{rel}","templated":true}]}}