{"id":12,"date":"2012-06-27T06:46:19","date_gmt":"2012-06-27T06:46:19","guid":{"rendered":"http:\/\/www.gender.gov.sk\/zastavmenasilie\/?page_id=12"},"modified":"2017-02-10T08:33:09","modified_gmt":"2017-02-10T08:33:09","slug":"vyskumy-a-statistiky","status":"publish","type":"page","link":"https:\/\/www.gender.gov.sk\/zastavmenasilie\/informacie\/vyskumy-a-statistiky\/","title":{"rendered":"V\u00fdskumy a \u0161tatistiky"},"content":{"rendered":"<div>\n<h3>V\u00fdstupy z n\u00e1rodn\u00e9ho projektu Podpora prevencie a elimin\u00e1cie na \u017een\u00e1ch<\/h3>\n<ul>\n<li>\n<h5><strong><a href=\"http:\/\/www.ivpr.gov.sk\/IVPR\/images\/IVPR\/NP\/podpora_prevencie\/dokument_databaza_postupov_a_nastrojov.pdf\">Datab\u00e1za postupov a n\u00e1strojov \u0161pecializovan\u00fdch slu\u017eieb pomoci a ochrany \u017eien za\u017e\u00edvaj\u00facich n\u00e1silie<\/a>\u00a0<\/strong><\/h5>\n<\/li>\n<li>\n<h5><strong><a href=\"http:\/\/www.ivpr.gov.sk\/IVPR\/images\/IVPR\/NP\/podpora_prevencie\/dokument_metodika_k_poskytovaniu_komplexnej_podpory.pdf\">Metodika poskytovania \u0161pecializovan\u00fdch slu\u017eieb pomoci pre \u017eeny za\u017e\u00edvaj\u00face n\u00e1silie a ich deti (pre soci\u00e1lnu oblas\u0165)<\/a>\u00a0<\/strong><\/h5>\n<\/li>\n<li>\n<h5><strong><a href=\"http:\/\/www.ivpr.gov.sk\/IVPR\/images\/IVPR\/NP\/podpora_prevencie\/dokument_standardy_komplexnej_podpory_a_ochrany_zien_zazivajucich_nasilie.pdf\">\u0160tandardy poskytovania \u0161pecializovan\u00fdch podporn\u00fdch slu\u017eieb pre \u017eeny za\u017e\u00edvaj\u00face n\u00e1silie a ich deti<\/a>\u00a0<\/strong><\/h5>\n<\/li>\n<li>\n<h5><strong><a href=\"http:\/\/www.ivpr.gov.sk\/IVPR\/images\/IVPR\/NP\/podpora_prevencie\/dokument_studia_osobitne_skupiny_starsie_zeny.pdf\">Osobitn\u00e9 skupiny ohrozen\u00fdch \u017eien n\u00e1sil\u00edm \u2013 star\u0161ie \u017eeny (\u0161t\u00fadia)<\/a>\u00a0<\/strong><\/h5>\n<\/li>\n<li>\n<h5><strong><a href=\"http:\/\/www.ivpr.gov.sk\/IVPR\/images\/IVPR\/NP\/podpora_prevencie\/dokument_studia_osobitne_skupiny_vidiecke_zeny.pdf\">Osobitn\u00e9 skupiny ohrozen\u00fdch \u017eien n\u00e1sil\u00edm \u2013 \u017eeny z vidieckeho prostredia (\u0161t\u00fadia)<\/a>\u00a0<\/strong><\/h5>\n<\/li>\n<li>\n<h5><strong><a href=\"http:\/\/www.ivpr.gov.sk\/IVPR\/images\/IVPR\/NP\/podpora_prevencie\/dokument_studia_osobitne_skupiny_zien_so_skusenostou_so_sexualnym_nasilim.pdf\">Osobitn\u00e9 skupiny ohrozen\u00fdch \u017eien n\u00e1sil\u00edm\u00a0 \u2013 \u017eeny so sk\u00fasenos\u0165ou zn\u00e1silnenia a sexu\u00e1lneho n\u00e1silia (\u0161t\u00fadia)<\/a>\u00a0<\/strong><\/h5>\n<\/li>\n<li>\n<h5><strong><a href=\"http:\/\/www.ivpr.gov.sk\/IVPR\/images\/IVPR\/NP\/podpora_prevencie\/dokument_studia_osobitne_skupiny_zeny_so_zp.pdf\">Osobitn\u00e9 skupiny ohrozen\u00fdch \u017eien n\u00e1sil\u00edm \u2013 \u017eeny so zdravotn\u00fdm postihnut\u00edm (\u0161t\u00fadia)<\/a><\/strong><\/h5>\n<h5><strong>\u010eal\u0161ie spr\u00e1vy\u00a0<\/strong><\/h5>\n<\/li>\n<\/ul>\n<ul>\n<li><strong><a href=\"http:\/\/www.gender.gov.sk\/www.ivpr.gov.sk\/IVPR\/images\/IVPR\/vyskum\/2012\/Holubova\/2261_holubova_sprava.pdf\" target=\"_blank\">Spr\u00e1va o\u00a0n\u00e1sil\u00ed p\u00e1chanom na \u017een\u00e1ch za rok 2011<\/a><\/strong><\/li>\n<\/ul>\n<p style=\"text-align: justify\">Spr\u00e1va poskytuje \u00fadaje o\u00a0rozsahu n\u00e1silia p\u00e1chan\u00e9ho na \u017een\u00e1ch a\u00a0 zisten\u00fdch vra\u017ed\u00e1ch \u017eien v\u00a0roku 2011. Evidovan\u00e9 pr\u00edpady a\u00a0rie\u0161en\u00e9 pr\u00edpady n\u00e1silia p\u00e1chan\u00e9ho na \u017een\u00e1ch v\u00a0rezortoch pol\u00edcie, prokurat\u00fary,\u00a0s\u00fadnictva,\u00a0zdravotn\u00edctva a\u00a0soci\u00e1lneho syst\u00e9mu indikuj\u00fa efekt\u00edvnos\u0165 nastaven\u00fdch procesov v\u00a0t\u00fdchto rezortoch. Spr\u00e1va mapuje aj \u0161trukt\u00farne ukazovatele \u2013 d\u00f4le\u017eit\u00e9 strategick\u00e9 dokumenty a\u00a0legislat\u00edvne zmeny v\u00a0oblasti n\u00e1silia p\u00e1chan\u00e9ho na \u017een\u00e1ch. Kontextov\u00e9 ukazovatele rodovej rovnosti a soci\u00e1lnej inkl\u00fazie, ako aj spolo\u010denskej an\u00f3mie dop\u013a\u0148aj\u00fa obraz o\u00a0rizikov\u00fdch faktoroch \u00a0v\u00fdskytu n\u00e1silia p\u00e1chan\u00e9ho na \u017een\u00e1ch.<\/p>\n<p><a href=\"http:\/\/www.ivpr.gov.sk\/IVPR\/images\/IVPR\/vyskum\/2012\/Holubova\/2261_holubova_sprava.pdf\">www.ivpr.gov.sk\/IVPR\/images\/IVPR\/vyskum\/2012\/Holubova\/2261_holubova_sprava.pdf<\/a><span style=\"font-size: 12px;line-height: 18px\">\u00a0<\/span><\/p>\n<ul>\n<li><strong><a href=\"http:\/\/www.gender.gov.sk\/www.ivpr.gov.sk\/IVPR\/images\/IVPR\/vyskum\/2012\/Holubova\/2261_holubova_monitoring_medii.pdf\" target=\"_blank\">Monitoring m\u00e9di\u00ed a reklamy z h\u013eadiska n\u00e1silia p\u00e1chan\u00e9ho na \u017een\u00e1ch a podpory rodovej rovnosti za rok 2011<\/a><\/strong><\/li>\n<\/ul>\n<p>Spr\u00e1va prin\u00e1\u0161a v\u00fdsledky monitoringu spravodajstva vybran\u00fdch m\u00e9di\u00ed vyu\u017eit\u00edm medzin\u00e1rodnej metodiky Global Media Monitoring Project. \u0160tandardizovan\u00e1 metodika umo\u017e\u0148uje porovnanie medi\u00e1lneho pokrytia a relevancie spr\u00e1v o n\u00e1sil\u00ed p\u00e1chanom na \u017een\u00e1ch, ako aj rodovej prezent\u00e1cie spr\u00e1v spravodajstva v rokoch 2009 \u2013 2011. Spr\u00e1va pon\u00faka aj obsahov\u00fa anal\u00fdzy vypran\u00fdch spr\u00e1v o n\u00e1sil\u00ed p\u00e1chanom na \u017een\u00e1ch a odkr\u00fdva m\u00fdtizuj\u00face a zav\u00e1dzaj\u00face znaky prezent\u00e1cie tejto problematiky. Pr\u00edpadov\u00fd monitoring analyzuje vybran\u00e9 pr\u00edpady medi\u00e1lnych a marketingov\u00fdch komunik\u00e1tov z h\u013eadiska sexualiz\u00e1cie a objektifik\u00e1cie \u017eien \u2013 mechanizmu devalu\u00e1cie \u017eien a udr\u017eiavania rodov\u00fdch stereotypov.<\/p>\n<p><a href=\"http:\/\/www.ivpr.gov.sk\/IVPR\/images\/IVPR\/vyskum\/2012\/Holubova\/2261_holubova_monitoring_medii.pdf\">www.ivpr.gov.sk\/IVPR\/images\/IVPR\/vyskum\/2012\/Holubova\/2261_holubova_monitoring_medii.pdf<\/a><span style=\"font-size: 12px;line-height: 18px\">\u00a0<\/span><\/p>\n<ul>\n<li><strong>Monitoring soci\u00e1lnych slu\u017eieb pre \u017eeny za\u017e\u00edvaj\u00face n\u00e1silie a\u00a0ich deti z\u00a0h\u013eadiska eur\u00f3pskych \u0161tandardov<\/strong><\/li>\n<\/ul>\n<p style=\"text-align: justify\">Spr\u00e1va prin\u00e1\u0161a v\u00fdsledky monitoringu spravodajstva vybran\u00fdch m\u00e9di\u00ed vyu\u017eit\u00edm medzin\u00e1rodnej metodiky Global Media Monitoring Project. \u0160tandardizovan\u00e1 metodika umo\u017e\u0148uje porovnanie medi\u00e1lneho pokrytia a relevancie spr\u00e1v o n\u00e1sil\u00ed p\u00e1chanom na \u017een\u00e1ch, ako aj rodovej prezent\u00e1cie spr\u00e1v spravodajstva v rokoch 2009 \u2013 2011. Spr\u00e1va pon\u00faka aj obsahov\u00fa anal\u00fdzy vypran\u00fdch spr\u00e1v o n\u00e1sil\u00ed p\u00e1chanom na \u017een\u00e1ch a odkr\u00fdva m\u00fdtizuj\u00face a zav\u00e1dzaj\u00face znaky prezent\u00e1cie tejto problematiky. Pr\u00edpadov\u00fd monitoring analyzuje vybran\u00e9 pr\u00edpady medi\u00e1lnych a marketingov\u00fdch komunik\u00e1tov z h\u013eadiska sexualiz\u00e1cie a objektifik\u00e1cie \u017eien \u2013 mechanizmu devalu\u00e1cie \u017eien a udr\u017eiavania rodov\u00fdch stereotypov.<\/p>\n<p>Kv\u00f4li ve\u013ekosti v\u00fdskumnej spr\u00e1vy je rozdelen\u00e1 na\u00a04 s\u00fabory:<\/p>\n<ul>\n<li><a href=\"http:\/\/genderdatabaza.files.wordpress.com\/2013\/01\/monitoring_socialnych_sluzieb_1.pdf\">Monitoring soci\u00e1lnych slu\u017eieb 1: \u00favod, hlavn\u00e9 zistenia a metodika<\/a><\/li>\n<li><a href=\"http:\/\/genderdatabaza.files.wordpress.com\/2013\/01\/monitoring_socialnych_sluzieb_2.pdf\">Monitoring soci\u00e1lnych slu\u017eieb 2: zistenia pod\u013ea V\u00daC<\/a><\/li>\n<li><a href=\"http:\/\/genderdatabaza.files.wordpress.com\/2013\/01\/monitoring_socialnych_sluzieb_3_sk.pdf\">Monitoring soci\u00e1lnych slu\u017eieb 3: s\u00fahrn SK<\/a><\/li>\n<li><a href=\"http:\/\/genderdatabaza.files.wordpress.com\/2013\/01\/monitoring_socialnych_sluzieb_4_prilohy.pdf\">Monitoring soci\u00e1lnych slu\u017eieb 4: pr\u00edlohy<\/a><\/li>\n<\/ul>\n<p>Cel\u00e1 spr\u00e1va:\u00a0<a href=\"http:\/\/www.ivpr.gov.sk\/IVPR\/images\/IVPR\/vyskum\/2012\/Holubova\/2161_holubova_monitoring_sluzieb.pdf\">www.ivpr.gov.sk\/IVPR\/images\/IVPR\/vyskum\/2012\/Holubova\/2261_holubova_monitoring_sluzieb.pdf<\/a><\/p>\n<ul>\n<li><strong><a href=\"http:\/\/www.sspr.gov.sk\/IVPR\/images\/IVPR\/vyskum\/2009\/Holubova\/Narodne-ukazovatele.pdf\" target=\"_blank\">N\u00e1rodn\u00e9 indik\u00e1tory n\u00e1silia p\u00e1chan\u00e9ho na \u017een\u00e1ch: N\u00e1vrh s\u00fastavy indik\u00e1torov a premenn\u00fdch z oblasti n\u00e1silia p\u00e1chan\u00e9ho na \u017een\u00e1ch<\/a> &#8211;\u00a0<\/strong><a href=\"http:\/\/www.sspr.gov.sk\/IVPR\/images\/IVPR\/vyskum\/2009\/Holubova\/Narodne-ukazovatele.pdf\" target=\"_blank\">Stiahnu\u0165 vo form\u00e1te .pdf<\/a><\/li>\n<li><strong><a href=\"http:\/\/www.sspr.gov.sk\/IVPR\/images\/IVPR\/vyskum\/2008\/Holubova\/Reprezentativny_vyskum_vyskytu_a_skusenosti_zien_s_nasilim_pachanom_na_zenach_%282008%29.pdf\" target=\"_blank\">Reprezentat\u00edvny v\u00fdskum v\u00fdskytu a sk\u00fasenost\u00ed \u017eien s n\u00e1sil\u00edm p\u00e1chanom na \u017een\u00e1ch na Slovensku :<\/a> <\/strong>Representative Research on Prevalence and Experience of Women with Violence against Women (VAW) in Slovakia. Bodn\u00e1rov\u00e1, Bernard\u00edna; Filadelfiov\u00e1, Jarmila; Holubov\u00e1, Barbora,\u00a0In\u0161tit\u00fat pre v\u00fdskum pr\u00e1ce a rodiny, Bratislava, 2008<\/li>\n<li><strong><a title=\"dokument v pdf - otvor\u00ed sa v novom okne\" href=\"http:\/\/www.gender.gov.sk\/wp-content\/uploads\/2012\/08\/Programy_pre_pr%C3%A1cu__s_mu%C4%BEmi_-__p%C3%A1chate%C2%B5mi_n%C3%A1silia_na_%C4%BEen%C3%A1ch_v_partnersk%C3%BDch_vz%C2%BBahoch.pdf\" target=\"_blank\">Programy pre pr\u00e1cu s mu\u017emi \u2013 p\u00e1chate\u013emi n\u00e1silia na \u017een\u00e1ch v partnersk\u00fdch vz\u0165ahoch<\/a><\/strong><strong>\u00a0(2010) .pdf<\/strong><\/li>\n<li><a title=\"spr\u00e1va, \u010das\u0165 1\" href=\"http:\/\/www.gender.gov.sk\/wp-content\/uploads\/2012\/08\/Spr%C3%A1va_o_n%C3%A1sil%C3%AD_p%C3%A1chanom_na_%C4%BEen%C3%A1ch_1_3.pdf\" target=\"_blank\"><strong>Spr\u00e1va o n\u00e1sil\u00ed p\u00e1chanom na \u017een\u00e1ch za rok 2009_1. \u010das\u0165<\/strong><\/a><strong>\u00a0(s.1 \u2013 53) .pdf,\u00a0<\/strong><a title=\"spr\u00e1va, \u010das\u0165 2\" href=\"http:\/\/www.gender.gov.sk\/wp-content\/uploads\/2012\/08\/Spr%C3%A1va_o_n%C3%A1sil%C3%AD_p%C3%A1chanom_na_%C4%BEen%C3%A1ch_2_3.pdf\" target=\"_blank\"><strong>2. \u010das\u0165<\/strong><\/a><strong>\u00a0(s. 54 \u2013 89) .pdf,\u00a0<\/strong><a title=\"spr\u00e1va, \u010das\u0165 3\" href=\"http:\/\/www.gender.gov.sk\/wp-content\/uploads\/2012\/08\/Spr%C3%A1va_o_n%C3%A1sil%C3%AD_p%C3%A1chanom_na_%C4%BEen%C3%A1ch_3_3.pdf\" target=\"_blank\"><strong>3. \u010das\u0165<\/strong><\/a><strong>\u00a0(s. 90 \u2013 92) (2010) .pdf<\/strong><\/li>\n<\/ul>\n<ul>\n<li><strong><a title=\"Trval\u00fd odkaz na N\u00e1silie p\u00e1chan\u00e9 na \u017een\u00e1ch ako probl\u00e9m verejnej\u00a0politiky\" href=\"http:\/\/genderdatabaza.wordpress.com\/2005\/06\/30\/nasilie-pachane-na-zenach-ako-problem-verejnej-politiky\/\" rel=\"bookmark\">N\u00e1silie p\u00e1chan\u00e9 na \u017een\u00e1ch ako probl\u00e9m verejnej\u00a0politiky<\/a>.\u00a0<\/strong>Andruchov\u00e1 Jana, Barto\u0148ov\u00e1 Katar\u00edna, Bos\u00e1 Monika, Filadelfiov\u00e1 Jarmila, Magurov\u00e1 Zuzana, Mesochortisov\u00e1 Adriana, In\u0161tit\u00fat pre verejn\u00e9 ot\u00e1zky, Bratislava, 2005. Stiahnu\u0165<strong>\u00a0<\/strong><a href=\"http:\/\/www.ivo.sk\/buxus\/docs\/\/publikacie\/subory\/nasilie_pachane_na_zenach.pdf\">N\u00e1silie p\u00e1chan\u00e9 na \u017een\u00e1ch ako probl\u00e9m verejnej politiky<\/a>\u00a0(PDF form\u00e1t, 1519 KB)<\/li>\n<li><strong><a title=\"monitorovacia spr\u00e1va v pdf\" href=\"http:\/\/www.gender.gov.sk\/wp-content\/uploads\/2012\/08\/Monitorovacia_spr%C3%A1va_o_stave_vyk%C3%A1zan%C3%AD_zo_spolo%C4%8Dn%C3%A9ho_obydlia_15._12._2008_-_31._3._2010.pdf\" target=\"_blank\">Monitorovacia spr\u00e1va o stave vyk\u00e1zan\u00ed zo spolo\u010dn\u00e9ho obydlia 15. 12. 2008 \u2013 31. 3. 2010.<\/a><\/strong><span style=\"font-size: 12px;line-height: 18px;text-align: justify\">\u00a0Spr\u00e1va sa via\u017ee k noveliz\u00e1cii Z\u00e1kona o policajnom zbore, ktorou boli roz\u0161\u00edren\u00e9 kompetencie pol\u00edcie o mo\u017enos\u0165 vyk\u00e1zania n\u00e1siln\u00edka zo spolo\u010dn\u00e9ho obydlia na 48 hod\u00edn.\u00a0<\/span><\/li>\n<\/ul>\n<\/div>\n<p style=\"text-align: justify\">\n","protected":false},"excerpt":{"rendered":"<p>V\u00fdstupy z n\u00e1rodn\u00e9ho projektu Podpora prevencie a elimin\u00e1cie na \u017een\u00e1ch Datab\u00e1za postupov a n\u00e1strojov \u0161pecializovan\u00fdch slu\u017eieb pomoci a ochrany \u017eien za\u017e\u00edvaj\u00facich n\u00e1silie\u00a0 Metodika poskytovania \u0161pecializovan\u00fdch slu\u017eieb pomoci pre \u017eeny za\u017e\u00edvaj\u00face n\u00e1silie a ich deti (pre soci\u00e1lnu oblas\u0165)\u00a0 \u0160tandardy poskytovania \u0161pecializovan\u00fdch podporn\u00fdch slu\u017eieb pre \u017eeny za\u017e\u00edvaj\u00face n\u00e1silie a ich deti\u00a0 Osobitn\u00e9 skupiny ohrozen\u00fdch \u017eien n\u00e1sil\u00edm \u2013 &hellip; <\/p>\n<p><a class=\"more-link block-button\" href=\"https:\/\/www.gender.gov.sk\/zastavmenasilie\/informacie\/vyskumy-a-statistiky\/\">\u010c\u00edta\u0165 viac &raquo;<\/a><\/p>\n","protected":false},"author":2,"featured_media":0,"parent":6,"menu_order":7,"comment_status":"closed","ping_status":"closed","template":"","meta":[],"_links":{"self":[{"href":"https:\/\/www.gender.gov.sk\/zastavmenasilie\/wp-json\/wp\/v2\/pages\/12"}],"collection":[{"href":"https:\/\/www.gender.gov.sk\/zastavmenasilie\/wp-json\/wp\/v2\/pages"}],"about":[{"href":"https:\/\/www.gender.gov.sk\/zastavmenasilie\/wp-json\/wp\/v2\/types\/page"}],"author":[{"embeddable":true,"href":"https:\/\/www.gender.gov.sk\/zastavmenasilie\/wp-json\/wp\/v2\/users\/2"}],"replies":[{"embeddable":true,"href":"https:\/\/www.gender.gov.sk\/zastavmenasilie\/wp-json\/wp\/v2\/comments?post=12"}],"version-history":[{"count":17,"href":"https:\/\/www.gender.gov.sk\/zastavmenasilie\/wp-json\/wp\/v2\/pages\/12\/revisions"}],"predecessor-version":[{"id":1609,"href":"https:\/\/www.gender.gov.sk\/zastavmenasilie\/wp-json\/wp\/v2\/pages\/12\/revisions\/1609"}],"up":[{"embeddable":true,"href":"https:\/\/www.gender.gov.sk\/zastavmenasilie\/wp-json\/wp\/v2\/pages\/6"}],"wp:attachment":[{"href":"https:\/\/www.gender.gov.sk\/zastavmenasilie\/wp-json\/wp\/v2\/media?parent=12"}],"curies":[{"name":"wp","href":"https:\/\/api.w.org\/{rel}","templated":true}]}}