{"id":1206,"date":"2016-02-10T11:49:18","date_gmt":"2016-02-10T11:49:18","guid":{"rendered":"http:\/\/www.gender.gov.sk\/zastavmenasilie\/?page_id=1206"},"modified":"2017-04-27T11:41:23","modified_gmt":"2017-04-27T11:41:23","slug":"metodiky-a-standardy","status":"publish","type":"page","link":"https:\/\/www.gender.gov.sk\/zastavmenasilie\/kmc\/koordinovane-postupy\/metodiky-a-standardy\/","title":{"rendered":"Metodiky a \u0161tandardy"},"content":{"rendered":"<p>Jednou z hlavn\u00fdch \u00faloh KMC je vypracovanie metod\u00edk a \u0161tandardov rie\u0161enia problematiky rodovo podmienen\u00e9ho n\u00e1silia na \u017een\u00e1ch (a ich de\u0165och) a dom\u00e1ceho n\u00e1silia pre r\u00f4zne zainteresovan\u00e9 (pom\u00e1haj\u00face) profesie a in\u0161tit\u00facie, ktor\u00e9 prich\u00e1dzaj\u00fa do styku so \u017eenami za\u017e\u00edvaj\u00facimi n\u00e1silie v s\u00falade so smernicou E\u00da o obetiach (2012\/29\/E\u00da) a Dohovorom Rady Eur\u00f3py o predch\u00e1dzan\u00ed n\u00e1siliu na \u017een\u00e1ch a dom\u00e1cemu n\u00e1siliu a o boji proti nemu (Istanbulsk\u00fd dohovor).<\/p>\n<p>Ich cie\u013eom je zabezpe\u010di\u0165 a vytvori\u0165 podmienky k tomu, aby ka\u017ed\u00e1 \u017eena, ktor\u00e1 za\u017e\u00edva n\u00e1silie dostala komplexn\u00e9 inform\u00e1cie, efekt\u00edvnu podporu a ochranu zo strany zainteresovan\u00fdch in\u0161tit\u00faci\u00ed, ako aj vytvori\u0165 \u0161tandardn\u00fd sp\u00f4sob starostlivosti o \u017eeny, ktor\u00e9 za\u017eili n\u00e1silie (zah\u0155\u0148a napr\u00edklad z\u00e1kladn\u00fa kr\u00edzov\u00fa intervenciu, identifik\u00e1ciu n\u00e1silia, odhad nebezpe\u010denstva a z\u00e1kladn\u00fd bezpe\u010dnostn\u00fd pl\u00e1n). Takisto je d\u00f4le\u017eit\u00e9 zabezpe\u010di\u0165, aby nedoch\u00e1dzalo k sekund\u00e1rnej viktimiz\u00e1cii \u017eien za\u017e\u00edvaj\u00facich n\u00e1silie zo strany profesi\u00ed prv\u00e9ho kontaktu a v r\u00e1mci znaleck\u00e9ho posudzovania.<\/p>\n<p>KMC sa tie\u017e bude podiela\u0165 na vytvoren\u00ed podmienok pre zavedenie minim\u00e1lnych \u0161tandardov Rady Eur\u00f3py, ktor\u00e9 sa t\u00fdkaj\u00fa \u0161pecifick\u00fdch podporn\u00fdch slu\u017eieb pre \u017eeny. Hlavnou \u00falohou v tejto oblasti bude vytvorenie syst\u00e9mu akredit\u00e1cie pre mimovl\u00e1dne organiz\u00e1cie poskytuj\u00face slu\u017eby \u017een\u00e1m za\u017e\u00edvaj\u00facim n\u00e1silie a ich de\u0165om v s\u00falade s t\u00fdmito \u0161tandardami.<\/p>\n<p>V oblasti vzdel\u00e1vania sa KMC bude tie\u017e sna\u017ei\u0165 vytvori\u0165 \u0161tandardy kvality vzdel\u00e1vania v tejto problematike, ke\u010f\u017ee ide o t\u00e9mu, kde sa pracuje s m\u00fdtmi a predsudkami a vzdel\u00e1vanie v tejto t\u00e9me si vy\u017eaduje potrebn\u00e9 odborn\u00e9 vzdelanie a sk\u00fasenosti.<\/p>\n<p>V oblasti dom\u00e1ceho n\u00e1silia sa KMC zameriava na vytvorenie podmienok pre rie\u0161enie dom\u00e1ceho n\u00e1silia na senioroch a seniork\u00e1ch. \u010eal\u0161ou cie\u013eovou skupinou v r\u00e1mci dom\u00e1ceho n\u00e1silia s\u00fa LGBTI \u013eudia, ktor\u00ed za\u017e\u00edvaj\u00fa n\u00e1silie zo strany bl\u00edzkych rodinn\u00fdch pr\u00edslu\u0161n\u00edkov a pr\u00edslu\u0161n\u00ed\u010dok.<\/p>\n","protected":false},"excerpt":{"rendered":"<p>Jednou z hlavn\u00fdch \u00faloh KMC je vypracovanie metod\u00edk a \u0161tandardov rie\u0161enia problematiky rodovo podmienen\u00e9ho n\u00e1silia na \u017een\u00e1ch (a ich de\u0165och) a dom\u00e1ceho n\u00e1silia pre r\u00f4zne zainteresovan\u00e9 (pom\u00e1haj\u00face) profesie a in\u0161tit\u00facie, ktor\u00e9 prich\u00e1dzaj\u00fa do styku so \u017eenami za\u017e\u00edvaj\u00facimi n\u00e1silie v s\u00falade so smernicou E\u00da o obetiach (2012\/29\/E\u00da) a Dohovorom Rady Eur\u00f3py o predch\u00e1dzan\u00ed n\u00e1siliu na \u017een\u00e1ch &hellip; <\/p>\n<p><a class=\"more-link block-button\" href=\"https:\/\/www.gender.gov.sk\/zastavmenasilie\/kmc\/koordinovane-postupy\/metodiky-a-standardy\/\">\u010c\u00edta\u0165 viac &raquo;<\/a><\/p>\n","protected":false},"author":2,"featured_media":0,"parent":1204,"menu_order":1,"comment_status":"closed","ping_status":"open","template":"","meta":[],"_links":{"self":[{"href":"https:\/\/www.gender.gov.sk\/zastavmenasilie\/wp-json\/wp\/v2\/pages\/1206"}],"collection":[{"href":"https:\/\/www.gender.gov.sk\/zastavmenasilie\/wp-json\/wp\/v2\/pages"}],"about":[{"href":"https:\/\/www.gender.gov.sk\/zastavmenasilie\/wp-json\/wp\/v2\/types\/page"}],"author":[{"embeddable":true,"href":"https:\/\/www.gender.gov.sk\/zastavmenasilie\/wp-json\/wp\/v2\/users\/2"}],"replies":[{"embeddable":true,"href":"https:\/\/www.gender.gov.sk\/zastavmenasilie\/wp-json\/wp\/v2\/comments?post=1206"}],"version-history":[{"count":12,"href":"https:\/\/www.gender.gov.sk\/zastavmenasilie\/wp-json\/wp\/v2\/pages\/1206\/revisions"}],"predecessor-version":[{"id":1708,"href":"https:\/\/www.gender.gov.sk\/zastavmenasilie\/wp-json\/wp\/v2\/pages\/1206\/revisions\/1708"}],"up":[{"embeddable":true,"href":"https:\/\/www.gender.gov.sk\/zastavmenasilie\/wp-json\/wp\/v2\/pages\/1204"}],"wp:attachment":[{"href":"https:\/\/www.gender.gov.sk\/zastavmenasilie\/wp-json\/wp\/v2\/media?parent=1206"}],"curies":[{"name":"wp","href":"https:\/\/api.w.org\/{rel}","templated":true}]}}