{"id":1222,"date":"2016-02-10T11:56:52","date_gmt":"2016-02-10T11:56:52","guid":{"rendered":"http:\/\/www.gender.gov.sk\/zastavmenasilie\/?page_id=1222"},"modified":"2017-05-09T15:19:50","modified_gmt":"2017-05-09T15:19:50","slug":"vystupy","status":"publish","type":"page","link":"https:\/\/www.gender.gov.sk\/zastavmenasilie\/kmc\/koordinovane-postupy\/metodiky-a-standardy\/vystupy\/","title":{"rendered":"V\u00fdstupy"},"content":{"rendered":"<p><strong>Znaleck\u00e9 posudzovanie dom\u00e1ceho n\u00e1silia v kontexte poru\u010densk\u00fdch sporov o deti. Metodologick\u00e9 v\u00fdchodisk\u00e1 pre s\u00fadnych znalcov a s\u00fadne znalkyne.\u00a0<\/strong><\/p>\n<p>Autorka: <strong>Sl\u00e1vka Karko\u0161kov\u00e1<\/strong><\/p>\n<p>\u0160t\u00fadia prin\u00e1\u0161a komplexn\u00fd poh\u013ead na problematiku a\u00a0neuralgick\u00e9 body s\u00fa\u010dasnej praxe s\u00fadnych znalcov a\u00a0s\u00fadnych znalk\u00fd\u0148 v\u00a0odbore psychol\u00f3gia a\u00a0psychiatria, ktor\u00e9 maj\u00fa potenci\u00e1lne sekund\u00e1rny viktimiza\u010dn\u00fd dopad na \u017eeny za\u017e\u00edvaj\u00face n\u00e1silie v\u00a0partnersk\u00fdch vz\u0165ahoch a\u00a0najm\u00e4 ponech\u00e1vaj\u00fa deti \u010fal\u0161iemu \u0161kodliv\u00e9mu p\u00f4sobeniu n\u00e1silia, ktor\u00e9ho sa vo v\u00e4\u010d\u0161ine pr\u00edpadov dop\u00fa\u0161\u0165a na ich matke jej partner\/otec det\u00ed. Cie\u013eom predkladanej publik\u00e1cie je pribl\u00ed\u017ei\u0165 najaktu\u00e1lnej\u0161ie v\u00fdskumn\u00e9 poznatky t\u00fdkaj\u00face sa problematiky dom\u00e1ceho n\u00e1silia v\u00a0kontexte poru\u010densk\u00fdch sporov, bez poznania ktor\u00fdch profesion\u00e1li \u00a0a\u00a0profesion\u00e1lky riskuj\u00fa, \u017ee sa bud\u00fa v posudzovan\u00ed predmetn\u00fdch k\u00e1uz opiera\u0165 sk\u00f4r o\u00a0subjekt\u00edvne dojmy a\u00a0predsudky, ne\u017e vedecky podlo\u017een\u00e9 poznatky. Publik\u00e1cia je ur\u010den\u00e1 prim\u00e1rne s\u00fadnym znalcom a\u00a0s\u00fadnym znalkyniam a\u00a0sudcom a sudkyniam, ktor\u00ed a\u00a0ktor\u00e9 sa zaoberaj\u00fa problematikou poru\u010densk\u00fdch sporov, z\u00e1rove\u0148 v\u0161ak aj t\u00fdm profesion\u00e1lom, ktor\u00ed problematiku dom\u00e1ceho n\u00e1silia rie\u0161ia na trestnopr\u00e1vnej \u00farovni, vr\u00e1tane policajn\u00fdch vy\u0161etrovate\u013eov a vy\u0161etrovateliek a\u00a0prokur\u00e1torov a prokur\u00e1toriek. Publik\u00e1cia m\u00f4\u017ee by\u0165 u\u017eito\u010dn\u00e1 aj pre advok\u00e1tov, soci\u00e1lne pracovn\u00ed\u010dky a\u00a0soci\u00e1lnych pracovn\u00edkov p\u00f4sobiacich na oddeleniach soci\u00e1lnopr\u00e1vnej ochrany a\u00a0soci\u00e1lnej kurately \u00daPSVaR a pracovn\u00ed\u010dky zariaden\u00ed poskytuj\u00facich pomoc a\u00a0poradenstvo pre \u017eeny za\u017e\u00edvaj\u00face n\u00e1silie a obete dom\u00e1ceho n\u00e1silia.<\/p>\n<p>\u0160t\u00fadiu si m\u00f4\u017eete stiahnu\u0165 tu: <a href=\"http:\/\/www.gender.gov.sk\/zastavmenasilie\/files\/2016\/02\/Znalecke-posudzovanie-domaceho-nasilia-v-kontexte-porucenskych-sporov-o-deti.pdf\">Znalecke posudzovanie domaceho nasilia v kontexte porucenskych sporov o deti<\/a><\/p>\n<p>&nbsp;<\/p>\n<p><strong>\u0160tandardy a postupy zavedenia soci\u00e1lno-interven\u010dn\u00fdch programov pre p\u00e1chate\u013eov n\u00e1silia na \u017een\u00e1ch.\u00a0<\/strong><\/p>\n<p>Autori: <strong>R\u00f3bert Vavro, Katar\u00edna Farka\u0161ov\u00e1<\/strong><\/p>\n<p>Cie\u013eom \u0161t\u00fadie je sumarizova\u0165 v\u00fdchodisk\u00e1 pre pr\u00e1cu s p\u00e1chate\u013emi n\u00e1silia na \u017een\u00e1ch, pop\u00edsa\u0165 situ\u00e1ciu na Slovensku z poh\u013eadu aktu\u00e1lnej legislat\u00edvy, ako aj skutkov\u00fd stav, definova\u0165 \u0161tandardy a postupy pre programy pr\u00e1ce s p\u00e1chate\u013emi n\u00e1silia na \u017een\u00e1ch, ako aj syst\u00e9m ich aplik\u00e1cie a akredit\u00e1cie, pomenova\u0165 z\u00fa\u010dastnen\u00e9 in\u0161tit\u00facie a navrhn\u00fa\u0165 postup implement\u00e1cie programov. Cie\u013eovou skupinou \u0160tandardov a postupov zavedenia soci\u00e1lno-interven\u010dn\u00fdch programov pre p\u00e1chate\u013eov n\u00e1silia na \u017een\u00e1ch s\u00fa najm\u00e4 z\u00e1stupcovia a z\u00e1stupkyne relevantn\u00fdch in\u0161tit\u00faci\u00ed s vplyvom na rie\u0161enie problematiky, a to proba\u010dn\u00ed a media\u010dn\u00ed \u00faradn\u00edci a \u00faradn\u00ed\u010dky, Ministerstvo spravodlivosti SR, s\u00fady, prokurat\u00fara, Ministerstvo pr\u00e1ce, soci\u00e1lnych vec\u00ed a rodiny SR a \u010fal\u0161\u00ed.<\/p>\n<p>\u0160t\u00fadiu si m\u00f4\u017eete stiahnu\u0165 tu: <a href=\"http:\/\/www.gender.gov.sk\/zastavmenasilie\/files\/2016\/02\/Standardy-a-postupy-zavedenia-socialno-intervencnych-programov-pre-pachatelov-nasilia-na-zenach.pdf\">Standardy a postupy zavedenia socialno intervencnych programov pre pachatelov nasilia na zenach<\/a><\/p>\n<p>&nbsp;<\/p>\n<p><strong>Odhad nebezpe\u010denstva n\u00e1silia na \u017een\u00e1ch. Metodologick\u00e9 v\u00fdchodisk\u00e1 pre pom\u00e1haj\u00face profesie.<\/strong><\/p>\n<p>Autori: <strong>Zuzana Andr\u00e9, Andrej Kuruc<\/strong><\/p>\n<p>Spr\u00e1vna a r\u00fdchla identifik\u00e1cia nebezpe\u010denstva n\u00e1silia je k\u013e\u00fa\u010dov\u00e1 pre poskytovanie vhodnej podpory, ochrany a bezpe\u010dia pre \u017eeny za\u017e\u00edvaj\u00face n\u00e1silie a ich deti. Odhad nebezpe\u010denstva n\u00e1silia, \u010di\u017ee zistenie rizika n\u00e1silia, je preto podmienkou pre vytv\u00e1ranie pl\u00e1nov bezpe\u010dia. Napom\u00e1ha tie\u017e k rozozn\u00e1vaniu pr\u00edpadov, kedy je nebezpe\u010denstvo n\u00e1silia tak vysok\u00e9, \u017ee \u017eene a jej de\u0165om hroz\u00ed z\u00e1va\u017en\u00e9 n\u00e1silie \u010di smr\u0165, \u010d\u00edm m\u00f4\u017ee predch\u00e1dza\u0165 v\u00fdskytu tak\u00fdchto n\u00e1siln\u00fdch \u00fatokov. Hlavn\u00fdm cie\u013eom tejto pr\u00edru\u010dky je teda pon\u00faknu\u0165 profesion\u00e1lom a profesion\u00e1lkam z r\u00f4znych oblast\u00ed a in\u0161tit\u00faci\u00ed (napr. pol\u00edcia, prokurat\u00fara, samospr\u00e1vny kraj, \u00farady pr\u00e1ce, soci\u00e1lnych vec\u00ed a rodiny, mimovl\u00e1dne organiz\u00e1cie, at\u010f.) praktick\u00fa podporu v procese vyhodnocovania nebezpe\u010denstva n\u00e1silia, ktor\u00e9 hroz\u00ed \u017eene za\u017e\u00edvaj\u00facej n\u00e1silie a jej de\u0165om a in\u0161pirova\u0165 ich k diskusii o mo\u017enostiach zav\u00e1dzania tak\u00e9hoto procesu v r\u00e1mci svojich postupov.<\/p>\n<p>Pr\u00edru\u010dku si m\u00f4\u017eete stiahnu\u0165 tu: <a href=\"http:\/\/www.gender.gov.sk\/zastavmenasilie\/files\/2016\/02\/Odhad-nebezpecenstva-nasilia-na-zenach-.pdf\">Odhad nebezpecenstva nasilia na zenach<\/a><\/p>\n<p>&nbsp;<\/p>\n<p><strong>Metodika pr\u00e1ce s p\u00e1chate\u013emi n\u00e1silia na \u017een\u00e1ch v penitenci\u00e1rnej starostlivosti. Podmienky Zboru v\u00e4zenskej a justi\u010dnej str\u00e1\u017ee.<\/strong><\/p>\n<p>Autori: <strong>R\u00f3bert Vavro, Jozef Hutta, Katar\u00edna Kar\u00e1skov\u00e1<\/strong><\/p>\n<p>Cie\u013eom predkladanej metodiky je navrhn\u00fa\u0165 konkr\u00e9tne syst\u00e9mov\u00e9 opatrenia terci\u00e1rnej prevencie na zn\u00ed\u017eenie, resp. zabr\u00e1nenie recid\u00edvy \u0161irokej palety trestn\u00fdch \u010dinov, ktor\u00fdch zjednocuj\u00facim znakom je n\u00e1silie p\u00e1chan\u00e9 na \u017een\u00e1ch<a href=\"#_ftn1\" name=\"_ftnref1\"><\/a>. Je ur\u010den\u00e1 predov\u0161etk\u00fdm \u0161t\u00e1tnym in\u0161tit\u00faci\u00e1m a\u00a0organiz\u00e1ci\u00e1m p\u00f4sobiacim v\u00a0oblasti trestn\u00e9ho pr\u00e1va, ktor\u00e9 zodpovedaj\u00fa za vytvorenie a\u00a0nastavenie syst\u00e9mu poskytovania programov pre p\u00e1chate\u013eov n\u00e1silia na \u017een\u00e1ch, ur\u010denie \u0161tandardov kvality programov, ich poskytovate\u013eov a\u00a0ich akredit\u00e1cie, financovania programov, a\u00a0aj konkr\u00e9tne zaobch\u00e1dzanie s\u00a0p\u00e1chate\u013emi. Taktie\u017e je ur\u010den\u00e1 in\u0161tit\u00faci\u00e1m a\u00a0organiz\u00e1ci\u00e1m zaoberaj\u00facich sa ochranou \u017eien, ktor\u00e9 za\u017e\u00edvali n\u00e1silie, ako aj t\u00fdm, ktor\u00ed sa venuj\u00fa vzdel\u00e1vaniu odborn\u00edkov a odborn\u00ed\u010dok pre pr\u00e1cu s\u00a0p\u00e1chate\u013emi. <a href=\"#_ftn2\" name=\"_ftnref2\"><\/a><\/p>\n<p>Metodika sa zaober\u00e1 \u00fazko vymedzenou oblas\u0165ou p\u00f4sobenia terci\u00e1rnej prevencie a\u00a0t\u00fdm aj \u0161pecifickou vzorkou p\u00e1chate\u013eov, ktor\u00ed boli za svoje \u010diny ods\u00faden\u00ed a\u00a0svoj trest vykon\u00e1vaj\u00fa v\u00a0\u00fastave na v\u00fdkon trestu od\u0148atia slobody (t.j. nepodmiene\u010dne), \u010d\u00edm sa stali predmetom \u010dinnosti zlo\u017eiek p\u00f4sobiacich v\u00a0oblasti penitenci\u00e1rnej starostlivosti, konkr\u00e9tne najm\u00e4 Zboru v\u00e4zenskej a\u00a0justi\u010dnej str\u00e1\u017ee.<\/p>\n<p>Metodiku si m\u00f4\u017eete stiahnu\u0165 tu: <a href=\"http:\/\/www.gender.gov.sk\/zastavmenasilie\/files\/2016\/02\/Metodika-prace-s-pachatelmi-nasilia-na-zenach-v-penitenciarnej-starostlivosti-.pdf\">Metodika prace s pachatelmi nasilia na zenach v penitenciarnej starostlivosti<\/a><\/p>\n<p>&nbsp;<\/p>\n<p><strong>\u0160t\u00fadia v\u00fdskytu a metodika ako rie\u0161i\u0165 dom\u00e1ce n\u00e1silie na LGBT \u013eu\u010foch pre pom\u00e1haj\u00face profesie <\/strong><\/p>\n<p>Autori a autorky: <strong>Jana Jablonick\u00e1 &#8211; Zezulov\u00e1, Andrej Kuruc, Martin Macko, Romana Schlesinger<\/strong><\/p>\n<p>Cie\u013eom tejto \u0161t\u00fadie je zmapovanie probl\u00e9mu, ktor\u00e9mu \u010delia mnoh\u00ed LGBT \u013eudia (lesby, gejovia, bisexu\u00e1lni a\u00a0transrodov\u00ed \u013eudia) vo svojich rodin\u00e1ch v s\u00favislosti so zverejnen\u00edm svojej identity (coming out). Neraz sa mnoh\u00ed mlad\u00ed \u013eudia stret\u00e1vaj\u00fa nielen s neprijat\u00edm zo strany bl\u00edzkych, ale aj s hor\u0161\u00edmi d\u00f4sledkami ako je vyv\u00edjanie psychick\u00e9ho tlaku, vyhr\u00e1\u017eanie sa, \u010di dokonca za\u017e\u00edvanie fyzick\u00e9ho n\u00e1silia. Spracovan\u00e9 pr\u00edbehy \u013eud\u00ed, ktor\u00ed sa so svojimi probl\u00e9mami obr\u00e1tili na poradensk\u00e9 Q-centrum pre LGBT komunitu<a href=\"#_ftn1\" name=\"_ftnref1\"><\/a> poukazuj\u00fa na fakt, \u017ee sa nejedn\u00e1 o v\u00fdnimky a ve\u013ea mlad\u00fdch LGBT \u013eud\u00ed prech\u00e1dza v \u010dase coming outu \u0165a\u017ek\u00fdm a komplikovan\u00fdm obdob\u00edm. \u013dudia poskytuj\u00faci slu\u017eby pomoci a\u00a0asistencie v\u00a0t\u00fdchto situ\u00e1ci\u00e1ch \u010dasto nechtiac reprodukuj\u00fa predsudky a m\u00fdty o homosexualite a LGBT \u013eu\u010foch vo v\u0161eobecnosti. Napr\u00edklad Istanbulsk\u00fd dohovor priamo vo svojom v\u00fdklade kon\u0161tatuje, \u017ee gejovia, lesby a bisexu\u00e1lni \u013eudia, ktor\u00ed s\u00fa obe\u0165ami dom\u00e1ceho n\u00e1silia s\u00fa \u010dasto vyl\u00fa\u010den\u00ed a vyl\u00fa\u010den\u00e9 z podporn\u00fdch slu\u017eieb z d\u00f4vodu ich sexu\u00e1lnej orient\u00e1cie. E\u0161te v\u00e4\u010d\u0161\u00ed probl\u00e9m m\u00f4\u017eu ma\u0165 transrodov\u00e9 osoby, ktor\u00e9 nezodpovedaj\u00fa tomu, \u010do spolo\u010dnos\u0165 za\u010dle\u0148uje do kateg\u00f3rie \u201emu\u017e\u201c alebo \u201e\u017eena\u201c. \u00a0Okrem z\u00e1kazu diskrimin\u00e1cie dohovor hovor\u00ed aj o pozit\u00edvnych opatreniach na zabezpe\u010denie toho, aby prevent\u00edvne opatrenia v\u00fdslovne rie\u0161ili a zoh\u013ead\u0148ovali potreby zranite\u013en\u00fdch os\u00f4b.<a href=\"#_ftn2\" name=\"_ftnref2\"> <\/a>Preto sme sa rozhodli prostredn\u00edctvom prieskumu zmapova\u0165 v\u00fdskyt n\u00e1silia vo\u010di LGBT \u013eu\u010fom zo strany rodi\u010dov a\u00a0bl\u00edzkych, ako aj jeho dopady na zdravie a\u00a0celkov\u00fa \u017eivotn\u00fa spokojnos\u0165 LGBT \u013eud\u00ed. \u010eal\u0161\u00edm cie\u013eom dokumentu je \u00a0pon\u00faknu\u0165 odpor\u00fa\u010dania a\u00a0metodick\u00e9 v\u00fdchodisk\u00e1 pre pom\u00e1haj\u00face profesie, ktor\u00e9 rie\u0161ia problematiku dom\u00e1ceho a\u00a0rodovo podmienen\u00e9ho n\u00e1silia a\u00a0m\u00f4\u017eu sa vo svojej pr\u00e1ci stretn\u00fa\u0165 s\u00a0LGBT klientmi a\u00a0klientkami.<\/p>\n<p>Cie\u013eovou skupinou materi\u00e1lu s\u00fa pom\u00e1haj\u00face profesie ako psychol\u00f3govia a\u00a0psychologi\u010dky, soci\u00e1lni pracovn\u00edci a\u00a0pracovn\u00ed\u010dky, zamestnanci a\u00a0zamestnankyne poradensk\u00fdch centier, kr\u00edzov\u00fdch stred\u00edsk, MVO poskytuj\u00facich slu\u017eby osob\u00e1m, ktor\u00e9 za\u017eili dom\u00e1ce alebo rodovo podmienen\u00e9 n\u00e1silie.<\/p>\n<p>\u0160t\u00fadiu si m\u00f4\u017eete stiahnu\u0165 tu: <a href=\"http:\/\/www.gender.gov.sk\/zastavmenasilie\/files\/2016\/02\/Studia-vyskytu-a-metodika-ako-riesit-domace-nasilie-na-LGBT-ludoch-pre-pomahajuce-profesie.pdf\">Studia vyskytu a metodika ako riesit domace nasilie na LGBT ludoch pre pomahajuce profesie<\/a><\/p>\n<p>&nbsp;<\/p>\n<p>&nbsp;<\/p>\n","protected":false},"excerpt":{"rendered":"<p>Znaleck\u00e9 posudzovanie dom\u00e1ceho n\u00e1silia v kontexte poru\u010densk\u00fdch sporov o deti. Metodologick\u00e9 v\u00fdchodisk\u00e1 pre s\u00fadnych znalcov a s\u00fadne znalkyne.\u00a0 Autorka: Sl\u00e1vka Karko\u0161kov\u00e1 \u0160t\u00fadia prin\u00e1\u0161a komplexn\u00fd poh\u013ead na problematiku a\u00a0neuralgick\u00e9 body s\u00fa\u010dasnej praxe s\u00fadnych znalcov a\u00a0s\u00fadnych znalk\u00fd\u0148 v\u00a0odbore psychol\u00f3gia a\u00a0psychiatria, ktor\u00e9 maj\u00fa potenci\u00e1lne sekund\u00e1rny viktimiza\u010dn\u00fd dopad na \u017eeny za\u017e\u00edvaj\u00face n\u00e1silie v\u00a0partnersk\u00fdch vz\u0165ahoch a\u00a0najm\u00e4 ponech\u00e1vaj\u00fa deti \u010fal\u0161iemu \u0161kodliv\u00e9mu &hellip; <\/p>\n<p><a class=\"more-link block-button\" href=\"https:\/\/www.gender.gov.sk\/zastavmenasilie\/kmc\/koordinovane-postupy\/metodiky-a-standardy\/vystupy\/\">\u010c\u00edta\u0165 viac &raquo;<\/a><\/p>\n","protected":false},"author":2,"featured_media":0,"parent":1206,"menu_order":1,"comment_status":"closed","ping_status":"open","template":"","meta":[],"_links":{"self":[{"href":"https:\/\/www.gender.gov.sk\/zastavmenasilie\/wp-json\/wp\/v2\/pages\/1222"}],"collection":[{"href":"https:\/\/www.gender.gov.sk\/zastavmenasilie\/wp-json\/wp\/v2\/pages"}],"about":[{"href":"https:\/\/www.gender.gov.sk\/zastavmenasilie\/wp-json\/wp\/v2\/types\/page"}],"author":[{"embeddable":true,"href":"https:\/\/www.gender.gov.sk\/zastavmenasilie\/wp-json\/wp\/v2\/users\/2"}],"replies":[{"embeddable":true,"href":"https:\/\/www.gender.gov.sk\/zastavmenasilie\/wp-json\/wp\/v2\/comments?post=1222"}],"version-history":[{"count":16,"href":"https:\/\/www.gender.gov.sk\/zastavmenasilie\/wp-json\/wp\/v2\/pages\/1222\/revisions"}],"predecessor-version":[{"id":1726,"href":"https:\/\/www.gender.gov.sk\/zastavmenasilie\/wp-json\/wp\/v2\/pages\/1222\/revisions\/1726"}],"up":[{"embeddable":true,"href":"https:\/\/www.gender.gov.sk\/zastavmenasilie\/wp-json\/wp\/v2\/pages\/1206"}],"wp:attachment":[{"href":"https:\/\/www.gender.gov.sk\/zastavmenasilie\/wp-json\/wp\/v2\/media?parent=1222"}],"curies":[{"name":"wp","href":"https:\/\/api.w.org\/{rel}","templated":true}]}}