{"id":152,"date":"2013-05-29T20:51:51","date_gmt":"2013-05-29T20:51:51","guid":{"rendered":"http:\/\/www.gender.gov.sk\/zastavmenasilie\/?page_id=152"},"modified":"2013-05-29T20:51:51","modified_gmt":"2013-05-29T20:51:51","slug":"letak","status":"publish","type":"page","link":"https:\/\/www.gender.gov.sk\/zastavmenasilie\/o-nasili-2\/kniznica\/publikacie\/letak\/","title":{"rendered":"Let\u00e1k"},"content":{"rendered":"<table width=\"100%\" border=\"0\" cellspacing=\"0\" cellpadding=\"0\">\n<tbody>\n<tr>\n<td valign=\"middle\" width=\"100%\">Let\u00e1k o n\u00e1sil\u00ed p\u00e1chanom na \u017een\u00e1ch<\/td>\n<\/tr>\n<tr>\n<td width=\"100%\">\n<div>\n<p><strong>\u010co je n\u00e1silie p\u00e1chan\u00e9 na \u017een\u00e1ch<\/strong><\/p>\n<p>Term\u00edn \u201e n\u00e1silie p\u00e1chan\u00e9 na \u017een\u00e1ch \u201c ozna\u010duje ak\u00fdko\u013evek rodovo podmienen\u00fd n\u00e1siln\u00fd \u010din, ktor\u00fd vedie alebo by mohol vies\u0165 k fyzickej, sexu\u00e1lnej alebo psychickej ujme alebo zraneniu \u017eien, vr\u00e1tane vyhr\u00e1\u017eania sa tak\u00fdmito \u010dinmi, zastra\u0161ovania alebo svojvo\u013en\u00e9ho obmedzovania slobody, a to vo verejnom \u010di s\u00fakromnom \u017eivote.<br \/>\nDeklar\u00e1cia o n\u00e1sil\u00ed p\u00e1chanom na \u017een\u00e1ch &#8211; Rezol\u00facia Valn\u00e9ho zhroma\u017edenia OSN \u2013 A\/RES\/48\/104, 20. december 1993.<\/p>\n<p><strong>\u010co je dom\u00e1ce n\u00e1silie<br \/>\n<\/strong><br \/>\nNajbe\u017enej\u0161ou formou n\u00e1silia p\u00e1chan\u00e9ho na \u017een\u00e1ch je t\u00fdranie \u017eien ich int\u00edmnymi partnermi. N\u00e1silie m\u00f4\u017ee za\u017ei\u0165 ktoko\u013evek a kdeko\u013evek \u2013 na ulici, vo verejn\u00fdch priestoroch, na pracovisku, doma. V\u00e4\u010d\u0161ina n\u00e1siln\u00fdch \u010dinov sa v\u0161ak p\u00e1cha doma, v rodine.<br \/>\nDom\u00e1ce n\u00e1silie je omnoho \u010dastej\u0161ie ako n\u00e1silie p\u00e1chan\u00e9 na verejnosti. N\u00e1silie hroz\u00ed \u017een\u00e1m najv\u00e4\u010d\u0161mi od mu\u017eov, ktor\u00fdch poznaj\u00fa.<br \/>\nPod\u013ea \u00fadajov Policajn\u00e9ho zboru SR je viac ne\u017e 70% n\u00e1siln\u00fdch \u010dinov, ktor\u00fdch obe\u0165ou bola \u017eena, sp\u00e1chan\u00fdch v dom\u00e1cnosti.<\/p>\n<p>V krajin\u00e1ch Eur\u00f3pskej \u00fanie za\u017eije jedna z piatich \u017eien n\u00e1silie zo strany jej partnera aspo\u0148 jedenkr\u00e1t v \u017eivote. Jeden zo \u0161tyroch n\u00e1siln\u00fdch \u010dinov sa t\u00fdka \u017eeny, ktor\u00e1 je ter\u010dom agresie jej man\u017eela alebo partnera. Obe\u0165ami dom\u00e1ceho n\u00e1silia s\u00fa v 90% \u017eeny.<br \/>\nPrv\u00fd reprezentat\u00edvny prieskum realizovan\u00fd Medzin\u00e1rodn\u00fdm centrom pre \u0161t\u00fadium rodiny v r. 2002 zistil, \u017ee ka\u017ed\u00e1 \u0161tvrt\u00e1 \u017eena na Slovensku za\u017eije n\u00e1silie zo strany svojho man\u017eela, alebo partnera aspo\u0148 raz po\u010das svojho \u017eivota.<\/p>\n<p>N\u00e1silie na \u017een\u00e1ch a de\u0165och sa vyskytuje vo form\u00e1ch fyzick\u00e9ho, psychick\u00e9ho, sexu\u00e1lneho a ekonomick\u00e9ho n\u00e1silia. Preva\u017en\u00e1 v\u00e4\u010d\u0161ina p\u00e1chate\u013eov s\u00fa mu\u017ei. Vysvetlenie tohto fenom\u00e9nu spo\u010d\u00edva v dlhotrvaj\u00facej nerovnosti v mocensk\u00fdch vz\u0165ahoch medzi \u017eenami a mu\u017emi v na\u0161ej spolo\u010dnosti. Na pozad\u00ed tradi\u010dn\u00fdch spolo\u010densk\u00fdch a mocensk\u00fdch \u0161trukt\u00far mus\u00ed by\u0165 n\u00e1silie na \u017een\u00e1ch pova\u017eovan\u00e9 za pokus presadzovania moci a kontroly na individu\u00e1lnej \u00farovni.<\/p>\n<p>Na Slovensku upravuje dom\u00e1ce n\u00e1silie predov\u0161etk\u00fdm paragraf 208 Trestn\u00e9ho z\u00e1kona, ktor\u00fd vymenov\u00e1va, ktor\u00e9 skutky s\u00fa pova\u017eovan\u00e9 za t\u00fdranie bl\u00edzkej a zverenej osoby.<\/p>\n<p><strong>Formy:<\/strong><\/p>\n<p><strong>Naj\u010dastej\u0161\u00edmi formami dom\u00e1ceho n\u00e1silia a ich prejavmi s\u00fa:<\/strong><br \/>\n\u2022 fyzick\u00e9 n\u00e1silie \u2013s\u00e1canie, h\u00e1dzanie, fackovanie, kopanie, udieranie, \u0165ahanie vlasov, \u0161krtenie, dusenie, pop\u00e1lenia, bodnutia, ohrozovanie zbra\u0148ami, bitie r\u00f4znymi predmetmi, odopieranie jedla a sp\u00e1nku, a in\u00e9.<br \/>\n\u2022 psychick\u00e9 n\u00e1silie \u2013 klamstv\u00e1, pou\u010dovanie, kritizovanie, obvi\u0148ovanie, ur\u00e1\u017eky a vulg\u00e1rne nad\u00e1vky, obmedzovanie kontaktov, \u017eiarlivos\u0165, poni\u017eovanie, izol\u00e1cia, kontrola, zabra\u0148ovanie n\u00e1js\u0165 si pr\u00e1cu, zastra\u0161ovanie, z\u013eah\u010dovanie, zva\u013eovanie viny, vyhr\u00e1\u017eanie sa \u017eene a ostatn\u00fdm \u010dlenom jej rodiny ubl\u00ed\u017een\u00edm, alebo zabit\u00edm, vyhr\u00e1\u017eanie sa samovra\u017edou a in\u00e9.<br \/>\n\u2022 sexu\u00e1lne n\u00e1silie \u2013 ob\u0165a\u017eovanie, vynucovanie sexu, n\u00fatenie k r\u00f4znym sexu\u00e1lnym praktik\u00e1m, n\u00fatenie k prezeraniu pornografick\u00fdch \u010dasopisov a k sledovaniu pornografick\u00fdch filmov a in\u00e9.<br \/>\n\u2022 ekonomick\u00e9 n\u00e1silie \u2013 neprispievanie financiami na dom\u00e1cnos\u0165, odmietanie podie\u013ea\u0165 sa finan\u010dne na starostlivosti o deti, vym\u00e1hanie pe\u0148az\u00ed, ni\u010denie osobn\u00e9ho majetku, n\u00fatenie k podp\u00edsaniu zml\u00fav o p\u00f4\u017ei\u010dk\u00e1ch a \u00faveroch, odopieranie pr\u00edstupu k spolo\u010dn\u00e9mu \u00fa\u010dtu a in\u00e9.<\/p>\n<p><strong>\u010co m\u00f4\u017eete urobi\u0165, ak pozn\u00e1te \u017eenu, ktor\u00e1 za\u017e\u00edva dom\u00e1ce n\u00e1silie<br \/>\n<\/strong>\u2022 Povzbu\u010fte ju k tomu, aby o n\u00e1sil\u00ed hovorila.<br \/>\n\u2022 Sna\u017ete sa z\u00edska\u0165 \u010do najviac inform\u00e1ci\u00ed o podstate dom\u00e1ceho n\u00e1silia a o dostupn\u00fdch mo\u017enostiach pomoci.<br \/>\n\u2022 Po\u010d\u00favajte ju, ak v\u00e1m hovor\u00ed, \u017ee sa k nej partner, alebo man\u017eel spr\u00e1va n\u00e1silne. Nez\u013eah\u010dujte to, nespochyb\u0148ujte \u017eenu a neospravedl\u0148ujte n\u00e1silie jej partnera, alebo man\u017eela.<br \/>\n\u2022 Povedzte jej, \u017ee za n\u00e1silie je zodpovedn\u00fd jej man\u017eel, alebo partner. \u017diadne spr\u00e1vanie, alebo provok\u00e1cia nie s\u00fa v\u00fdhovorkou pre n\u00e1silie<br \/>\n\u2022 Pode\u013ete sa s \u0148ou o va\u0161e inform\u00e1cie o n\u00e1sil\u00ed p\u00e1chanom na \u017een\u00e1ch a povedzte jej, \u017ee nie je sama, \u017ee je mnoho in\u00fdch \u017eien, ktor\u00e9 tie\u017e za\u017e\u00edvaj\u00fa n\u00e1silie<br \/>\n\u2022 Povedzte jej o mo\u017enostiach rie\u0161enia jej situ\u00e1cie, ale do ni\u010doho ju nen\u00fa\u0165te. Re\u0161pektujte jej rozhodnutia.<br \/>\n\u2022 Povedzte jej, \u017ee n\u00e1silie neprestane a \u017ee sa \u010dasom stup\u0148uje.<br \/>\n\u2022 Pom\u00f4\u017ete jej v ka\u017edodenn\u00fdch z\u00e1le\u017eitostiach a so starostlivos\u0165ou o deti.<br \/>\n\u2022 Pon\u00faknite jej, \u017ee ju budete sprev\u00e1dza\u0165 , ak bude potrebova\u0165 podporu, napr. na \u00faradoch a r\u00f4znych in\u0161tit\u00faci\u00e1ch.<br \/>\n\u2022 Pom\u00f4\u017ete jej n\u00e1js\u0165 bezpe\u010dn\u00e9 miesto, na ktor\u00e9 by mohla v pr\u00edpade potreby od\u00eds\u0165 aj s de\u0165mi.<\/p>\n<p><strong>Ak ste \u017eena, ktor\u00e1 za\u017e\u00edva dom\u00e1ce n\u00e1silie<\/strong><br \/>\n\u2022 Pam\u00e4tajte na to, \u017ee to nie je va\u0161a vina.<br \/>\n\u2022 Prelomte ml\u010danie a povedzte to niekomu, komu d\u00f4verujete.<br \/>\n\u2022 M\u00e1te pr\u00e1vo na \u017eivot bez n\u00e1silia. Nikto nem\u00e1 pr\u00e1vo sa k v\u00e1m n\u00e1silne spr\u00e1va\u0165.<br \/>\n\u2022 M\u00e1te pr\u00e1vo na \u017eivot v bezpe\u010d\u00ed , ako aj na ochranu svojho \u017eivota a zdravia.<br \/>\n\u2022 N\u00e1silie neprestane sam\u00e9. Ne\u010dakajte k\u00fdm sa situ\u00e1cia e\u0161te zhor\u0161\u00ed.<br \/>\n\u2022 Existuj\u00fa \u013eudia, ktor\u00ed v\u00e1m pom\u00f4\u017eu a podporia v\u00e1s.<br \/>\n\u2022 Vyh\u013eadajte pomoc na oddeleniach soci\u00e1lnych vec\u00ed a rodiny a v poradensk\u00fdch a kr\u00edzov\u00fdch centr\u00e1ch pre t\u00fdran\u00e9 \u017eeny.<\/p>\n<p><strong>Ak ste mu\u017e, ktor\u00fd sa spr\u00e1va n\u00e1silne k svojej partnerke, alebo man\u017eelke:<\/strong><br \/>\n\u2022 Za svoje n\u00e1siln\u00e9 spr\u00e1vanie ste zodpovedn\u00fd vy, nie va\u0161a man\u017eelka, alebo partnerka.<br \/>\n\u2022 P\u00e1chate trestn\u00fd \u010din.<br \/>\n\u2022 Pre p\u00e1chanie n\u00e1silia neexistuje \u017eiadne ospravedlnenie, alebo v\u00fdhovorka. \u017diadne spr\u00e1vanie va\u0161ej man\u017eelky, partnerky, alebo det\u00ed v\u00e1s neopr\u00e1v\u0148uje spr\u00e1va\u0165 sa k nim n\u00e1silne. V\u017edy m\u00e1te vo\u013ebu v tom, ako sa budete spr\u00e1va\u0165.<br \/>\n\u2022 Ak m\u00e1te probl\u00e9my s alkoholom, alebo drogami, vyh\u013eadajte odborn\u00fa pomoc.<\/p>\n<p><strong>Ako kona\u0165 proti n\u00e1siliu p\u00e1chan\u00e9mu na \u017een\u00e1ch:<\/strong><br \/>\nN\u00e1silie p\u00e1chan\u00e9 na \u017een\u00e1ch je spolo\u010densk\u00fd probl\u00e9m, ktor\u00fd sa t\u00fdka n\u00e1s v\u0161etk\u00fdch a z\u00e1rove\u0148 je to naj\u010dastej\u0161ia forma poru\u0161ovania \u013eudsk\u00fdch pr\u00e1v. Ka\u017ed\u00fd a ka\u017ed\u00e1 z n\u00e1s m\u00f4\u017ee prispie\u0165 k jeho odstr\u00e1neniu :<br \/>\n\u2022 ak nebudeme \u013eahostajn\u00ed\/\u00e9 k n\u00e1siliu a nebudeme tolerova\u0165 \u017eiadnu formu n\u00e1silia vo svojom okol\u00ed a ods\u00fadime ho.<br \/>\n\u2022 ak nebudeme o n\u00e1sil\u00ed ml\u010da\u0165.<br \/>\n\u2022 ak nebudeme n\u00e1silie vo\u010di \u017een\u00e1m z\u013eah\u010dova\u0165 a pren\u00e1\u0161a\u0165 zodpovednos\u0165 za n\u00e1silie na \u017eeny. Za n\u00e1silie je v\u017edy zodpovedn\u00fd ten, kto ho p\u00e1cha.<br \/>\n\u2022 ak sa budeme informova\u0165 o pr\u00ed\u010din\u00e1ch a d\u00f4sledkoch n\u00e1silia p\u00e1chan\u00e9ho na \u017een\u00e1ch, ako aj o mo\u017enostiach pomoci a budeme informova\u0165 aj in\u00fdch \u013eud\u00ed vo svojom okol\u00ed<br \/>\n\u2022 ak budeme b\u00fara\u0165 m\u00fdty a predstavy o roly \u017eeny a mu\u017ea v spolo\u010dnosti, ako aj m\u00fdty a predsudky spojen\u00e9 s n\u00e1sil\u00edm p\u00e1chan\u00fdm na \u017een\u00e1ch, ktor\u00e9 n\u00e1silie ospravedl\u0148uj\u00fa. Skuto\u010dnou pr\u00ed\u010dinou n\u00e1silia p\u00e1chan\u00e9ho na \u017een\u00e1ch je nerovnocenn\u00e9 postavenie \u017eien a mu\u017eov v spolo\u010dnosti a nerovnov\u00e1ha moci.<br \/>\n\u2022 ak sa nebudeme smia\u0165 vtipom o n\u00e1sil\u00ed. Vtipy o n\u00e1sil\u00ed nie s\u00fa smie\u0161ne. Pom\u00e1haj\u00fa udr\u017eiava\u0165 n\u00e1silie v spolo\u010dnosti a z\u013eah\u010duj\u00fa ho.<br \/>\n\u2022 ak budeme bra\u0165 na zodpovednos\u0165 p\u00e1chate\u013eov n\u00e1silia.<\/p>\n<\/div>\n<\/td>\n<\/tr>\n<\/tbody>\n<\/table>\n","protected":false},"excerpt":{"rendered":"<p>Let\u00e1k o n\u00e1sil\u00ed p\u00e1chanom na \u017een\u00e1ch \u010co je n\u00e1silie p\u00e1chan\u00e9 na \u017een\u00e1ch Term\u00edn \u201e n\u00e1silie p\u00e1chan\u00e9 na \u017een\u00e1ch \u201c ozna\u010duje ak\u00fdko\u013evek rodovo podmienen\u00fd n\u00e1siln\u00fd \u010din, ktor\u00fd vedie alebo by mohol vies\u0165 k fyzickej, sexu\u00e1lnej alebo psychickej ujme alebo zraneniu \u017eien, vr\u00e1tane vyhr\u00e1\u017eania sa tak\u00fdmito \u010dinmi, zastra\u0161ovania alebo svojvo\u013en\u00e9ho obmedzovania slobody, a to vo verejnom \u010di &hellip; <\/p>\n<p><a class=\"more-link block-button\" href=\"https:\/\/www.gender.gov.sk\/zastavmenasilie\/o-nasili-2\/kniznica\/publikacie\/letak\/\">\u010c\u00edta\u0165 viac &raquo;<\/a><\/p>\n","protected":false},"author":2,"featured_media":0,"parent":14,"menu_order":0,"comment_status":"open","ping_status":"open","template":"","meta":[],"_links":{"self":[{"href":"https:\/\/www.gender.gov.sk\/zastavmenasilie\/wp-json\/wp\/v2\/pages\/152"}],"collection":[{"href":"https:\/\/www.gender.gov.sk\/zastavmenasilie\/wp-json\/wp\/v2\/pages"}],"about":[{"href":"https:\/\/www.gender.gov.sk\/zastavmenasilie\/wp-json\/wp\/v2\/types\/page"}],"author":[{"embeddable":true,"href":"https:\/\/www.gender.gov.sk\/zastavmenasilie\/wp-json\/wp\/v2\/users\/2"}],"replies":[{"embeddable":true,"href":"https:\/\/www.gender.gov.sk\/zastavmenasilie\/wp-json\/wp\/v2\/comments?post=152"}],"version-history":[{"count":1,"href":"https:\/\/www.gender.gov.sk\/zastavmenasilie\/wp-json\/wp\/v2\/pages\/152\/revisions"}],"predecessor-version":[{"id":153,"href":"https:\/\/www.gender.gov.sk\/zastavmenasilie\/wp-json\/wp\/v2\/pages\/152\/revisions\/153"}],"up":[{"embeddable":true,"href":"https:\/\/www.gender.gov.sk\/zastavmenasilie\/wp-json\/wp\/v2\/pages\/14"}],"wp:attachment":[{"href":"https:\/\/www.gender.gov.sk\/zastavmenasilie\/wp-json\/wp\/v2\/media?parent=152"}],"curies":[{"name":"wp","href":"https:\/\/api.w.org\/{rel}","templated":true}]}}