{"id":16,"date":"2012-06-27T06:46:55","date_gmt":"2012-06-27T06:46:55","guid":{"rendered":"http:\/\/www.gender.gov.sk\/zastavmenasilie\/?page_id=16"},"modified":"2016-10-19T22:33:15","modified_gmt":"2016-10-19T22:33:15","slug":"pomoc","status":"publish","type":"page","link":"https:\/\/www.gender.gov.sk\/zastavmenasilie\/pomoc\/","title":{"rendered":"Porad\u0148a"},"content":{"rendered":"<h3><span style=\"color: #993300\">Ak pre\u017e\u00edvate n\u00e1silie, volajte na bezplatn\u00fa linku 0800 212 212:<\/span><\/h3>\n<ul>\n<li>Pam\u00e4tajte na to, \u017ee to nie je va\u0161a vina.<\/li>\n<li>Prelomte ml\u010danie, povedzte to niekomu alebo kontaktujte organiz\u00e1ciu vo va\u0161ej bl\u00edzkosti<\/li>\n<li>M\u00e1te pr\u00e1vo na \u017eivot bez n\u00e1silia, v bezpe\u010d\u00ed a pokoji. Neospravedl\u0148ujte svojho n\u00e1siln\u00edckeho partnera.<\/li>\n<li>N\u00e1silie neprestane samo, ne\u010dakajte, a\u017e to bude e\u0161te hor\u0161ie.<\/li>\n<li>Existuj\u00fa \u013eudia, ktor\u00ed v\u00e1m pom\u00f4\u017eu a podporia va\u0161e rozhodnutie zmeni\u0165 svoj \u017eivot.<\/li>\n<\/ul>\n<h3><span style=\"color: #993300\">Ak ste v ohrozen\u00ed, volajte 158 alebo 112!<\/span><\/h3>\n<p>Na bezplatnom telef\u00f3nnom \u010d\u00edsle\u00a0<strong>158<\/strong>\u00a0(bezplatn\u00e9 ties\u0148ov\u00e9 \u010d\u00edslo pol\u00edcie) alebo\u00a0<strong>112<\/strong>\u00a0(integrovan\u00fd z\u00e1chrann\u00fd syst\u00e9m)\u00a0 m\u00f4\u017eete\u00a0 ohl\u00e1si\u0165 n\u00e1siln\u00fd \u00fatok a privola\u0165 pomoc pol\u00edcie. Na pol\u00edciu sa m\u00f4\u017eete obr\u00e1ti\u0165 aj ke\u010f sa <strong>ob\u00e1vate o svoj \u017eivot a zdravie a\/alebo \u017eivot a zdravie va\u0161ich det\u00ed.<\/strong> Obavy vo v\u00e1s m\u00f4\u017ee vyvola\u0165 vyhr\u00e1\u017eanie, zastra\u0161ovanie zo strany man\u017eela alebo partnera a strach\u00a0 z toho, \u017ee svoje vyhr\u00e1\u017eky uskuto\u010dn\u00ed.<\/p>\n<p>Pri telefon\u00e1te na linku\u00a0<strong>158<\/strong>\u00a0povedzte meno, adresu a ozn\u00e1mte miesto kde sa nach\u00e1dzate. \u010ealej je potrebn\u00e9 pop\u00edsa\u0165 situ\u00e1ciu (\u010do sa deje), kto je okrem v\u00e1s doma, \u010di je niekto zranen\u00fd. Ak ide o v\u00e1\u017ene zranenia, zavolajte r\u00fdchlu zdravotn\u00fa pomoc na \u010d\u00edsle\u00a0<strong>112<\/strong>\u00a0alebo\u00a0<strong>155<\/strong>. Pol\u00edcia k v\u00e1m domov vy\u0161le hliadku. Pr\u00edchod pol\u00edcie m\u00f4\u017ee na ist\u00fd \u010das preru\u0161i\u0165 alebo zastavi\u0165 n\u00e1silie.<\/p>\n<h3><span style=\"color: #993300\">\u010co m\u00f4\u017ee pol\u00edcia<\/span><\/h3>\n<p>Proti n\u00e1siliu, ktor\u00e9 p\u00e1chaj\u00fa na \u017een\u00e1ch ich partneri, m\u00f4\u017ee naj\u00fa\u010dinnej\u0161ie zasiahnu\u0165 pol\u00edcia, ktor\u00e1 je povinn\u00e1 reagova\u0165 na ka\u017ed\u00e9 <strong>n\u00fadzov\u00e9 volanie o pomoc na linku 158 (resp. 112).<\/strong> Pol\u00edcia m\u00f4\u017ee vst\u00fapi\u0165 do bytu, ak s\u00fa ohrozen\u00e9 \u017eivoty a zdravie, hroz\u00ed z\u00e1va\u017en\u00e1 \u0161koda a vec neznesie odklad. S\u00fahlas n\u00e1siln\u00edka so vstupom do bytu, ktor\u00fd vlastn\u00ed \u010di inak u\u017e\u00edva, nie je potrebn\u00fd. Pol\u00edcia m\u00f4\u017ee zaisti\u0165 osobu, ktor\u00e1 svoj\u00edm konan\u00edm bezprostredne ohrozuje \u017eivot, zdravie alebo majetok (spo\u010diatku aspo\u0148 na 24 hod\u00edn) a navrhn\u00fa\u0165 \u010fal\u0161ie opatrenia, napr. vyk\u00e1za\u0165 n\u00e1siln\u00edka z bytu na 10 dn\u00ed.<\/p>\n<p>&nbsp;<\/p>\n<p>&nbsp;<\/p>\n","protected":false},"excerpt":{"rendered":"<p>Ak pre\u017e\u00edvate n\u00e1silie, volajte na bezplatn\u00fa linku 0800 212 212: Pam\u00e4tajte na to, \u017ee to nie je va\u0161a vina. Prelomte ml\u010danie, povedzte to niekomu alebo kontaktujte organiz\u00e1ciu vo va\u0161ej bl\u00edzkosti M\u00e1te pr\u00e1vo na \u017eivot bez n\u00e1silia, v bezpe\u010d\u00ed a pokoji. Neospravedl\u0148ujte svojho n\u00e1siln\u00edckeho partnera. N\u00e1silie neprestane samo, ne\u010dakajte, a\u017e to bude e\u0161te hor\u0161ie. Existuj\u00fa \u013eudia, &hellip; <\/p>\n<p><a class=\"more-link block-button\" href=\"https:\/\/www.gender.gov.sk\/zastavmenasilie\/pomoc\/\">\u010c\u00edta\u0165 viac &raquo;<\/a><\/p>\n","protected":false},"author":2,"featured_media":0,"parent":0,"menu_order":5,"comment_status":"closed","ping_status":"closed","template":"","meta":[],"_links":{"self":[{"href":"https:\/\/www.gender.gov.sk\/zastavmenasilie\/wp-json\/wp\/v2\/pages\/16"}],"collection":[{"href":"https:\/\/www.gender.gov.sk\/zastavmenasilie\/wp-json\/wp\/v2\/pages"}],"about":[{"href":"https:\/\/www.gender.gov.sk\/zastavmenasilie\/wp-json\/wp\/v2\/types\/page"}],"author":[{"embeddable":true,"href":"https:\/\/www.gender.gov.sk\/zastavmenasilie\/wp-json\/wp\/v2\/users\/2"}],"replies":[{"embeddable":true,"href":"https:\/\/www.gender.gov.sk\/zastavmenasilie\/wp-json\/wp\/v2\/comments?post=16"}],"version-history":[{"count":11,"href":"https:\/\/www.gender.gov.sk\/zastavmenasilie\/wp-json\/wp\/v2\/pages\/16\/revisions"}],"predecessor-version":[{"id":104,"href":"https:\/\/www.gender.gov.sk\/zastavmenasilie\/wp-json\/wp\/v2\/pages\/16\/revisions\/104"}],"wp:attachment":[{"href":"https:\/\/www.gender.gov.sk\/zastavmenasilie\/wp-json\/wp\/v2\/media?parent=16"}],"curies":[{"name":"wp","href":"https:\/\/api.w.org\/{rel}","templated":true}]}}