{"id":295,"date":"2013-05-31T21:09:42","date_gmt":"2013-05-31T21:09:42","guid":{"rendered":"http:\/\/www.gender.gov.sk\/zastavmenasilie\/?page_id=295"},"modified":"2016-10-20T18:20:51","modified_gmt":"2016-10-20T18:20:51","slug":"myty-a-fakty","status":"publish","type":"page","link":"https:\/\/www.gender.gov.sk\/zastavmenasilie\/o-nasili-2\/myty-a-fakty\/","title":{"rendered":"M\u00fdty a fakty"},"content":{"rendered":"<p>Sk\u00fasenosti ukazuj\u00fa, \u017ee s probl\u00e9mom dom\u00e1ceho n\u00e1silia &#8211; najm\u00e4 n\u00e1silia na \u017een\u00e1ch &#8211; sa e\u0161te st\u00e1le sp\u00e1ja ve\u013ea r\u00f4znych m\u00fdtov a predsudkov. Existuje obrovsk\u00fd rozpor medzi faktami (rozsah probl\u00e9mu, jeho pr\u00ed\u010diny a pozadie) a n\u00e1zormi na t\u00fato t\u00e9mu. Roz\u0161\u00edren\u00e9 m\u00fdty a predsudky nedovo\u013euj\u00fa \u017een\u00e1m postihnut\u00fdm n\u00e1sil\u00edm, aby rozpr\u00e1vali o svojej situ\u00e1cii a dostali adekv\u00e1tnu pomoc. Vedie to tak \u010faleko, \u017ee \u017eeny h\u013eadaj\u00fa vinu u seba a neodv\u00e1\u017eia sa vyjs\u0165 so svoj\u00edm probl\u00e9mom na verejnos\u0165.<\/p>\n<ul>\n<li><span style=\"color: #993300\">\u00a0<strong>To nie je n\u00e1silie, t\u00ed dvaja sa len \u201eh\u00e1daj\u00fa\u201d<\/strong><\/span><\/li>\n<\/ul>\n<p>Medzi h\u00e1dkou a n\u00e1sil\u00edm je podstatn\u00fd rozdiel: Pri h\u00e1dke ide o konflikt dvoch os\u00f4b, ktor\u00e9 s\u00fa pribli\u017ene rovnako siln\u00e9. Pri h\u00e1dke ide zv\u00e4\u010d\u0161a o konflikt z\u00e1ujmov a ka\u017ed\u00e1 zo z\u00fa\u010dastnen\u00fdch str\u00e1n sa pok\u00fa\u0161a presadi\u0165 svoje z\u00e1ujmy. Odborn\u00edci preto rozli\u0161uj\u00fa \u201epartnersk\u00fd konflikt\u201c od \u201eint\u00edmneho teroru\u201c.<\/p>\n<p>Int\u00edmny teror sa od partnersk\u00e9ho konfliktu l\u00ed\u0161i nerovnov\u00e1hou sily a moci, napr\u00edklad jedna osoba je fyzicky silnej\u0161ia, ozbrojen\u00e1 alebo disponuje financiami alebo je inak z\u00e1visl\u00e1 na druhom partnerovi, vznik\u00e1 nebezpe\u010denstvo, \u017ee silnej\u0161ia strana zneu\u017eije svoju prevahu na kontrolu nad druhou stranou. Vtedy sa konflikt men\u00ed na int\u00edmny teror. Nerovnos\u0165 moci je v\u017edy pr\u00edtomn\u00e1 vo vz\u0165ahu dospel\u00fdch a det\u00ed. Ale aj \u017eeny maj\u00fa v na\u0161ej spolo\u010dnosti v mnoh\u00fdch oblastiach oslaben\u00fa poz\u00edciu a pr\u00e1ve t\u00e1 je medzin\u00e1rodn\u00fdm spolo\u010denstvom pova\u017eovan\u00e1 za pr\u00ed\u010dinu n\u00e1silia na \u017een\u00e1ch.<\/p>\n<ul>\n<li><span style=\"color: #993300\"><strong>N\u00e1silie sa vyskytuje iba v chudobn\u00fdch a probl\u00e9mov\u00fdch rodin\u00e1ch<\/strong><\/span><\/li>\n<\/ul>\n<p>N\u00e1silie m\u00f4\u017ee postihn\u00fa\u0165 ka\u017ed\u00fa \u017eenu nez\u00e1visle od pr\u00edslu\u0161nosti k soci\u00e1lnej vrstve, kult\u00fare a n\u00e1bo\u017eenstvu a nez\u00e1visle od veku. Dojem, \u017ee n\u00e1silie sa t\u00fdka len \u201eprobl\u00e9mov\u00fdch\u201c rod\u00edn, vznik\u00e1 preto, \u017ee v niektor\u00fdch skupin\u00e1ch spolo\u010dnosti sa n\u00e1silie utajuje v\u00e4\u010d\u0161mi ako v in\u00fdch. Pre \u017eeny z t\u00fdch skup\u00edn, kde je hovorenie o tom, \u017ee za\u017eili n\u00e1silie, ve\u013emi tabuizovan\u00e9, je preto e\u0161te \u0165a\u017e\u0161ie h\u013eada\u0165 a z\u00edska\u0165 pomoc.<\/p>\n<p>Pre mnoh\u00e9 \u017eeny m\u00e1 zverejnenie n\u00e1silia z\u00e1va\u017en\u00e9 d\u00f4sledky, napr\u00edklad m\u00f4\u017ee utrpie\u0165 poves\u0165 rodiny, mu\u017e m\u00f4\u017ee strati\u0165 zamestnanie, u cudziniek m\u00f4\u017ee by\u0165 ohrozen\u00e9 povolenie na pobyt. Star\u0161ie \u017eeny maj\u00fa menej \u0161anc\u00ed na za\u010datie nov\u00e9ho \u017eivota, zdravotne postihnut\u00e9 \u017eeny si uvedomuj\u00fa, \u017ee nemaj\u00fa takmer \u017eiadnu in\u00fa mo\u017enos\u0165, ako zn\u00e1\u0161a\u0165 n\u00e1siln\u00edckeho partnera.<\/p>\n<p>N\u00e1siln\u00edcki mu\u017ei vystupuj\u00fa navonok \u010dasto ako kultivovan\u00ed a sympatick\u00ed, verb\u00e1lne odmietaj\u00fa \u201ebezd\u00f4vodn\u00e9 n\u00e1silie\u201c a di\u0161tancuj\u00fa sa od p\u00e1chate\u013eov n\u00e1silia. Svoje vlastn\u00e9 n\u00e1siln\u00edcke spr\u00e1vanie ch\u00e1pu ako opr\u00e1vnen\u00fa reakciu na chybu \u017eeny alebo ako nie\u010do, \u010do je mimo ich kontroly. N\u00e1siln\u00edcki mu\u017ei s\u00fa \u201emajstri sveta\u201c v zapieran\u00ed a z\u013eah\u010dovan\u00ed situ\u00e1cie. Svoje vlastn\u00e9 spr\u00e1vanie nikdy neozna\u010duj\u00fa ako n\u00e1siln\u00edcke, ale hovoria o \u201eh\u00e1dke\u201c, \u201ekonflikte\u201c alebo o \u201epot\u00fd\u010dke\u201c.<\/p>\n<ul>\n<li>\u00a0<span style=\"color: #993300\"><strong>N\u00e1silie v rodine je s\u00fakromn\u00e1 z\u00e1le\u017eitos\u0165, \u0161t\u00e1t by sa do toho nemal mie\u0161a\u0165<\/strong><\/span><\/li>\n<\/ul>\n<p>\u017dena resp. obe\u0165, ktor\u00e1 po\u017eiada niekoho o pomoc, sa t\u00fdm u\u017e rozhodla svoj probl\u00e9m zverejni\u0165. N\u00e1siln\u00e9 \u010diny s\u00fa pod\u013ea na\u0161ich z\u00e1konov trestn\u00e9 bez oh\u013eadu na to, \u010di s\u00fa p\u00e1chan\u00e9 v rodine, alebo mimo nej. Okrem toho ve\u013ek\u00fa \u010das\u0165 n\u00e1siln\u00fdch \u010dinov tvoria tzv. ofici\u00e1lne delikty, to znamen\u00e1, \u017ee ich \u017ealuje a st\u00edha \u0161t\u00e1t. \u0160t\u00e1t sa teda zaviazal zakro\u010di\u0165 aj pri n\u00e1sil\u00ed v rodine.<\/p>\n<p>S\u00fakromie a nedotknute\u013enos\u0165 obydlia neplat\u00ed v pr\u00edpade, ke\u010f je naru\u0161en\u00e1 telesn\u00e1 alebo osobn\u00e1 integrita ktor\u00e9hoko\u013evek \u010dlena alebo \u010dlenky rodiny. Ochrana \u017eivota a zdravia m\u00e1 v tomto prednos\u0165 pred pr\u00e1vom na s\u00fakromie.<\/p>\n<ul>\n<li>\u00a0<span style=\"color: #993300\"><strong>\u017deny si len vym\u00fd\u0161\u013eaj\u00fa, aby z\u00edskali byt alebo v\u00fdhody pri rozvode<\/strong><\/span><\/li>\n<\/ul>\n<p>V laickej ale niekedy i odbornej verejnosti je roz\u0161\u00edren\u00fd n\u00e1zor, \u017ee v\u00fdskyt kriv\u00fdch obvinen\u00ed je u n\u00e1s a\u017e 80-percentn\u00fd. Odborn\u00edci a odborn\u00ed\u010dky pracuj\u00face v tejto oblasti v\u0161ak tvrdia, \u017ee odhady slovensk\u00e9, laick\u00e9, hoci vyskytuj\u00face sa aj medzi profesion\u00e1lmi, s\u00fa nespr\u00e1vne a zav\u00e1dzaj\u00face. V\u00fdskyt kriv\u00fdch obvinen\u00ed nepresahuje hranicu 10 percent zo v\u0161etk\u00fdch ozn\u00e1men\u00ed.<\/p>\n<p>Skuto\u010dnos\u0165 je tak\u00e1, \u017ee skryt\u00e9 n\u00e1silie pri n\u00e1siln\u00fdch \u010dinoch v rodine vysoko prevy\u0161uje nahl\u00e1sen\u00e9 pr\u00edpady. Je ve\u013emi pravdepodobn\u00e9, \u017ee n\u00e1silie nikto nezverejn\u00ed a neozn\u00e1mi. \u017deny n\u00e1silie ove\u013ea \u010dastej\u0161ie utajuj\u00fa alebo bagatelizuj\u00fa, ne\u017e by v tomto smere preh\u00e1\u0148ali.<\/p>\n<ul>\n<li><span style=\"color: #993300\"><strong>\u017den\u00e1m n\u00e1silie nevad\u00ed, inak by predsa n\u00e1siln\u00edka opustili<\/strong><\/span><\/li>\n<\/ul>\n<p>\u017deny, ktor\u00e9 za\u017e\u00edvaj\u00fa n\u00e1silie, sk\u00fa\u0161aj\u00fa v\u0161etko mo\u017en\u00e9, aby zmenili situ\u00e1ciu. Chc\u00fa, aby n\u00e1silie prestalo, \u010dasto si v\u0161ak \u017eelaj\u00fa aj udr\u017ea\u0165 vz\u0165ah \u010di man\u017eelstvo. A\u017e ke\u010f zlyhaj\u00fa v\u0161etky ich pokusy, h\u013eadaj\u00fa pomoc mimo rodiny. Niektor\u00ed mu\u017ei kontroluj\u00fa svoje \u017eeny tak, \u017ee sa \u017eeny boja hovori\u0165 s niek\u00fdm o tom, \u010do za\u017e\u00edvaj\u00fa. Nie v\u0161etky \u017eeny sa m\u00f4\u017eu uch\u00fdli\u0165 k pr\u00edbuzn\u00fdm alebo zn\u00e1mym. Boja sa, preto\u017ee ani tam nie s\u00fa v bezpe\u010d\u00ed.<\/p>\n<p>\u010c\u00edm dlh\u0161ie s\u00fa \u017eeny vystaven\u00e9 r\u00f4znym strat\u00e9gi\u00e1m uplat\u0148ovania n\u00e1silia, t\u00fdm \u0165a\u017e\u0161ie je pre ne oslobodi\u0165 sa. N\u00e1siln\u00edk z\u00edskava v tejto situ\u00e1cii \u010doraz v\u00e4\u010d\u0161iu prevahu. Pokusy o \u00fatek a odpor maj\u00fa \u010dasto za n\u00e1sledok e\u0161te tvrd\u0161ie pou\u017eitie n\u00e1silia. \u017divot v takomto vz\u0165ahu je pre \u017eeny ve\u013emi vy\u010derp\u00e1vaj\u00faci. Ich pocit vlastnej hodnoty a energia vynakladan\u00e1 na obranu slabn\u00fa, v d\u00f4sledku dlhotrvaj\u00faceho fyzick\u00e9ho a psychick\u00e9ho stresu m\u00f4\u017eu ochorie\u0165. N\u00e1silie m\u00e1 negat\u00edvne d\u00f4sledky aj v soci\u00e1lnej oblasti, napr\u00edklad stratu pr\u00e1ce, izol\u00e1ciu a stratu pr\u00edstre\u0161ia.<\/p>\n<p>Napriek t\u00fdmto n\u00e1sledkom nie s\u00fa \u017eeny postihnut\u00e9 n\u00e1sil\u00edm v \u017eiadnom pr\u00edpade len pas\u00edvne. Br\u00e1nia sa vlastn\u00fdm sp\u00f4sobom a rozv\u00edjaj\u00fa mnohorak\u00e9 strat\u00e9gie, aby chr\u00e1nili seba i deti. Prisp\u00f4sobenie sa n\u00e1siln\u00edckemu mu\u017eovi je jedna z mo\u017en\u00fdch strat\u00e9gi\u00ed, ako zabr\u00e1ni\u0165 najhor\u0161iemu. Toto vyn\u00faten\u00e9 prisp\u00f4sobenie je prirodzenou reakciou na silnej\u0161ieho protivn\u00edka a v \u017eiadnom pr\u00edpade nie je chorobn\u00e9 alebo masochistick\u00e9.<\/p>\n<p>\u017deny \u010dasto dost\u00e1vaj\u00fa radu, aby sa nenechali bi\u0165, aby sa br\u00e1nili, alebo aby sa s n\u00e1siln\u00edckym partnerom rozi\u0161li. T\u00e1to rada v\u0161ak nedoce\u0148uje v\u00e1\u017enos\u0165 situ\u00e1cie, v ktorej sa \u017eeny postihnut\u00e9 n\u00e1sil\u00edm nach\u00e1dzaj\u00fa. Treba si uvedomi\u0165, \u017ee mimoriadne ve\u013ek\u00e9 nebezpe\u010denstvo zo strany n\u00e1siln\u00edka hroz\u00ed \u017een\u00e1m v obdob\u00ed rozchodu a rozvodu.<\/p>\n<p>Je ve\u013emi \u0165a\u017ek\u00e9 a \u010dasto nebezpe\u010dn\u00e9 oslobodi\u0165 sa zo vz\u0165ahu s n\u00e1siln\u00edckym mu\u017eom. Pomoc zvonku je na jednej strane potrebn\u00e1, na druhej strane v\u0161ak m\u00f4\u017ee sp\u00f4sobi\u0165 aj \u0161kody, ak nie je \u00fa\u010dinn\u00e1, alebo nebola dohodnut\u00e1 so \u017eenou postihnutou n\u00e1sil\u00edm. \u017deny sa v\u0161ak \u010dasto stret\u00e1vaj\u00fa s bagateliz\u00e1ciou svojej situ\u00e1cie a s\u00fa ponechan\u00e9 samy na seba. D\u00f4sledkom je, \u017ee rezignuj\u00fa na h\u013eadanie pomoci.<\/p>\n<ul>\n<li><span style=\"color: #993300\"><strong>\u017deny n\u00e1siln\u00edka nejak\u00fdm sp\u00f4sobom \u201eprovokuj\u00fa\u201d<\/strong><\/span><\/li>\n<\/ul>\n<p>Tak\u00fdto postoj legitimizuje p\u00e1chanie n\u00e1silia v ur\u010dit\u00fdch situ\u00e1ci\u00e1ch, vinu za n\u00e1silie pripisuje obetiam a mu\u017eov p\u00e1chaj\u00facich n\u00e1silie zbavuje zodpovednosti. Za \u201eprovok\u00e1ciu\u201c b\u00fdva \u010dasto ozna\u010den\u00e9 u\u017e to, \u017ee \u017eena pr\u00edde o nie\u010do nesk\u00f4r z pr\u00e1ce, m\u00e1 na nie\u010do vlastn\u00fd n\u00e1zor, nav\u0161t\u00edvi svoju priate\u013eku, alebo si dovol\u00ed mu\u017ea kritizova\u0165.<\/p>\n<p>Mu\u017ei \u010dasto poci\u0165uj\u00fa ako provok\u00e1ciu spr\u00e1vanie, ktor\u00e9 sami u seba pova\u017euj\u00fa za samozrejm\u00e9. N\u00e1siln\u00e9 \u010diny ospravedl\u0148uj\u00fa t\u00fdm, \u017ee spr\u00e1vanie \u017eeny ozna\u010dia ako \u201echybn\u00e9\u201c, ale aj t\u00fdm, \u017ee \u017eena kritizovala mu\u017eovo rovnak\u00e9 \u201echybn\u00e9\u201c spr\u00e1vanie. Aj \u017eeny, ktor\u00e9 sa usiluj\u00fa by\u0165 \u201eperfektn\u00e9\u201c, b\u00fdvaj\u00fa t\u00fdran\u00e9.<\/p>\n<p>Jedn\u00fdm z jeho prv\u00fdch cie\u013eov je zmanipulova\u0165 svoju obe\u0165 nato\u013eko, aby si o sebe za\u010dala myslie\u0165, \u017ee nem\u00e1 \u017eiadnu hodnotu a \u017ee n\u00e1silie si zasl\u00fa\u017ei. P\u00e1chate\u013e to bude ma\u0165 nieko\u013ekon\u00e1sobne \u013eah\u0161ie, ak jeho obe\u0165 nebude ma\u0165 \u017eiadne sebavedomie, v\u010faka ktor\u00e9mu by mohla n\u00e1js\u0165 silu zbali\u0165 sa a ujs\u0165. T\u00fato mo\u017enos\u0165 p\u00e1chatelia potrebuj\u00fa \u010do najr\u00fdchlej\u0161ie eliminova\u0165. N\u00e1strojom, ktor\u00fd na to pou\u017e\u00edvaj\u00fa, je jazyk: \u201eJe to tvoja chyba, musel som to urobi\u0165&#8221; s\u00fa slov\u00e1, ktor\u00e9 sa v r\u00f4znych podob\u00e1ch dostan\u00fa do u\u0161\u00ed v\u00e4\u010d\u0161iny obet\u00ed a tieto si po nieko\u013ekoro\u010dnom psychickom pekle zvy\u010dajne za\u010dn\u00fa kl\u00e1s\u0165 ot\u00e1zky. Hanba, strach a vina s\u00fa len mechanizmami, ktor\u00e9 sa u \u017eien po \u010dase spustia automaticky. Po ur\u010ditom \u010dase uveria tomu, \u017ee s\u00fa menejcenn\u00e9 a od\u00eds\u0165 od partnera by aj tak nezvl\u00e1dli.<\/p>\n<ul>\n<li><span style=\"color: #993300\"><strong>\u00a0\u017deny si samy vyberaj\u00fa partnerov, ktor\u00ed ich t\u00fdraj\u00fa<\/strong><\/span><\/li>\n<\/ul>\n<p>\u017diadna \u017eena nechce, aby ju niekto bil, zn\u00e1sil\u0148oval alebo zavra\u017edil. Na za\u010diatku vz\u0165ahu n\u00e1siln\u00edci obvykle e\u0161te nesiahaj\u00fa po n\u00e1siln\u00fdch prostriedkoch. N\u00e1siln\u00e9 spr\u00e1vanie sa zv\u00e4\u010d\u0161a za\u010d\u00edna po ur\u010ditom \u010dase spolu\u017eitia, kedy \u017eena za\u010dne by\u0165 na mu\u017eovi z\u00e1visl\u00e1. Skryt\u00e9 formy n\u00e1silia sa \u010dasto sp\u00e1jaj\u00fa s pozit\u00edvne ch\u00e1pan\u00fdmi tradi\u010dn\u00fdmi hodnotami, tak\u017ee je \u0165a\u017ek\u00e9 si uvedomi\u0165, kedy sa za\u010d\u00edna zneu\u017e\u00edvanie moci, kontroly a \u00fatlak. \u201eRytiersky ochranca\u201c sa nepozorovane st\u00e1va kontroluj\u00facim mu\u017eom, \u0161ialen\u00e1 za\u013e\u00fabenos\u0165 sa men\u00ed na \u0161ialen\u00fa \u017eiarlivos\u0165, ubezpe\u010dovanie \u201eSom do teba zbl\u00e1znen\u00fd\u201c sa zmen\u00ed na tvrdenie \u201eM\u00e1m pr\u00e1vo na teba i na tvoje telo\u201c.<\/p>\n<p>N\u00e1siln\u00e9 \u010diny v s\u00fakromnej sf\u00e9re sa \u010dasto ch\u00e1pu ako \u010disto afekt\u00edvne konanie \u2014 mu\u017e jednoducho niekedy \u201evybuchne\u201c, nevie vraj so svojimi pocitmi inak zaobch\u00e1dza\u0165. Tento argument prehliada skuto\u010dnos\u0165, \u017ee n\u00e1siln\u00e9 konanie je spravidla v\u00fdberov\u00e9. Mu\u017ei ani v stave siln\u00e9ho afektu neudr\u00fa napr\u00edklad svojho \u0161\u00e9fa, svoju \u017eenu v\u0161ak \u010dasto \u00e1no.<\/p>\n<ul>\n<li><span style=\"color: #993300\"><strong>Mu\u017ei t\u00fdraj\u00fa \u017eeny, preto\u017ee sami v detstve za\u017eili n\u00e1silie<\/strong><\/span><\/li>\n<\/ul>\n<p>Mu\u017ei, ktor\u00ed p\u00e1chaj\u00fa n\u00e1silie, s\u00edce \u010dasto v detstve za\u017eili n\u00e1silie, a vlastn\u00e9 z\u00e1\u017eitky s n\u00e1sil\u00edm s\u00fa ist\u00fdm \u201erizikov\u00fdm\u201c faktorom, ktor\u00fd m\u00f4\u017ee vies\u0165 k tomu, \u017ee sa \u010dlovek spr\u00e1va n\u00e1siln\u00edcky. To v\u0161ak automaticky neznamen\u00e1, \u017ee by bludn\u00fd kruh n\u00e1silia musel nevyhnutne pokra\u010dova\u0165. \u201eMali by sme za\u010da\u0165 so vzdel\u00e1van\u00edm mlad\u00fdch chlapcov a hovori\u0165 im o tom, \u017ee n\u00e1silie z nich mu\u017eov neurob\u00ed a mu\u017e a \u017eena s\u00fa rovnocenn\u00ed partneri. \u010casto sa toti\u017e stret\u00e1vame s dom\u00e1cim n\u00e1sil\u00edm nie medzi partnermi, ale aj medzi rodi\u010dmi a de\u0165mi alebo s\u00farodencami. Navy\u0161e, ak mal\u00fd chlapec vyrast\u00e1 v n\u00e1silnom vz\u0165ahu a vid\u00ed, \u017ee jeho otec beztrestne ubli\u017euje jeho mame, tak bude ma\u0165 pocit, \u017ee to tak m\u00e1 by\u0165,\u201c hovor\u00ed na t\u00fato t\u00e9mu renomovan\u00fd americk\u00fd policajt a odborn\u00edk a dom\u00e1ce n\u00e1silie Jenkins .<\/p>\n<p>Negat\u00edvne sk\u00fasenosti z detstva m\u00f4\u017eu vies\u0165 aj k mimoriadne odmietav\u00e9mu postoju vo\u010di n\u00e1siliu, ako tomu je u mnoh\u00fdch mu\u017eov. Z\u00e1\u017eitky z detstva maj\u00fa teda r\u00f4zne n\u00e1sledky. Niekedy s\u00edce m\u00f4\u017eu spr\u00e1vanie vysvetli\u0165, ale nikdy ho nem\u00f4\u017eu ospravedlni\u0165.<\/p>\n<ul>\n<li>\u00a0<span style=\"color: #993300\"><strong>Z\u00e1kladnou pr\u00ed\u010dinou mu\u017esk\u00e9ho n\u00e1silia je alkoholizmus<\/strong><\/span><\/li>\n<\/ul>\n<p>Z v\u00fdskumov skuto\u010dne vypl\u00fdva vz\u0165ah medzi nadmernou konzum\u00e1ciou alkoholu partnera \u017eeny a zv\u00fd\u0161enou mierou n\u00e1silia; tretina a\u017e polovica p\u00e1chate\u013eov bola alkoholikmi. To v\u0161ak z\u00e1rove\u0148 ukazuje, \u017ee roz\u0161\u00edren\u00fd n\u00e1zor o tom, \u017ee \u201epr\u00ed\u010dinou dom\u00e1ceho n\u00e1silia je alkohol\u201c v polovici pr\u00edpadov neplat\u00ed. Mu\u017ei, ktor\u00ed t\u00fdraj\u00fa svoje \u017eeny, p\u00e1chaj\u00fa n\u00e1silie vtedy, ke\u010f s\u00fa opit\u00ed, ale \u010dasto aj vtedy, ke\u010f s\u00fa triezvi.<\/p>\n<p>Alkohol nie je v\u0161ak prvotnou pr\u00ed\u010dinou n\u00e1silia, je iba jeho stimul\u00e1torom &#8211; sp\u00fa\u0161\u0165a\u010dom. Odb\u00farava z\u00e1brany, a preto sa agres\u00edvne impulzy zosil\u0148uj\u00fa. polovica t\u00fdran\u00fdch \u017eien uv\u00e1dza alkohol ako naj\u010dastej\u0161\u00ed sp\u00fa\u0161\u0165a\u010d n\u00e1silia. To v\u0161ak neznamen\u00e1, \u017ee n\u00e1siln\u00edk nie je vinn\u00fd. Stav opitosti vyu\u017e\u00edvaj\u00fa n\u00e1siln\u00edcki mu\u017ei ako argument, aby nemuseli prevzia\u0165 zodpovednos\u0165 za svoje \u010diny.<\/p>\n<ul>\n<li><span style=\"color: #993300\"><strong>Ak je \u017eena t\u00fdran\u00e1, prejavuje sa u nej \u201eSyndr\u00f3m t\u00fdranej \u017eeny\u201c<\/strong><\/span><\/li>\n<\/ul>\n<p>\u201eSyndr\u00f3m t\u00fdranej \u017eeny\u201c nazna\u010duje, \u017ee d\u00f4sledky dom\u00e1ceho n\u00e1silia na obe\u0165 s\u00fa nielen \u0161pecifick\u00e9, ale i pre v\u0161etky obete identick\u00e9. O\u010dak\u00e1va sa, \u017ee obete s\u00fa pas\u00edvne a podriaden\u00e9 \u017eeny, ktor\u00e9 maj\u00fa sklony k bezradn\u00e9mu spr\u00e1vaniu, k depresii a \u00fazkosti. Ak sa vyskytne \u017eena, ktor\u00e1 nenap\u013a\u0148a tieto predstavy, psychol\u00f3govia a s\u00fadni znalci \u010dasto spochyb\u0148uj\u00fa v\u00fdpove\u010f \u017eeny a jej sk\u00fasenos\u0165 \u017eeny s n\u00e1sil\u00edm.<\/p>\n<p>V skuto\u010dnosti je sp\u00f4sob pre\u017e\u00edvania n\u00e1silia a traumy z neho ve\u013emi individu\u00e1lny a ka\u017ed\u00e1 obe\u0165 ju m\u00f4\u017ee pre\u017e\u00edva\u0165 a vyrovn\u00e1va\u0165 sa s \u0148ou odli\u0161n\u00fdm sp\u00f4sobom. Aj navonok sebavedom\u00e1, vyrovnan\u00e1 a siln\u00e1 \u017eena m\u00f4\u017ee by\u0165 obe\u0165ou dom\u00e1ceho n\u00e1silia, pr\u00edpadne sa pok\u00fa\u0161a n\u00e1js\u0165 pomoc sk\u00f4r, ne\u017e sa stane \u201etypickou obe\u0165ou\u201c a vyvinie sa u nej spom\u00ednan\u00fd syndr\u00f3m. Nepr\u00edtomnos\u0165 znakov \u201esyndr\u00f3mu t\u00fdranej \u017eeny\u201c v \u017eiadnom pr\u00edpade neznamen\u00e1, \u017ee \u017eena nie je obe\u0165ou dom\u00e1ceho n\u00e1silia a \u017ee si nezasl\u00fa\u017ei, aby sme sa jej pr\u00edpadom zaoberali. Neexistuje d\u00f4vod \u010daka\u0165 s pomocou, preto\u017ee ka\u017ed\u00e9 dom\u00e1ce n\u00e1silie je ods\u00fadenia hodn\u00e9 a trestn\u00e9. Naopak, pr\u00edtomnos\u0165 \u201esyndr\u00f3mu t\u00fdranej \u017eeny\u201c sk\u00f4r nazna\u010duje, \u017ee obeti pr\u00edli\u0161 dlho nebola poskytnut\u00e1 pomoc a \u017ee jej okolie, ako i in\u0161tit\u00facie zlyhali.<\/p>\n<ul>\n<li><span style=\"color: #993300\"><strong>On (n\u00e1siln\u00edk) je ale dobr\u00fd otec, ve\u010f deti v\u00f4bec nebije<\/strong><\/span><\/li>\n<\/ul>\n<p>Dom\u00e1ce n\u00e1silie po\u0161kodzuje deti na cel\u00fd \u017eivot. Vo v\u00e4\u010d\u0161ine pr\u00edpadov b\u00fdvaj\u00fa deti priamymi svedkami n\u00e1siln\u00fdch incidentov medzi rodi\u010dmi, alebo s\u00fa s n\u00e1sledkami t\u00fdrania matky konfrontovan\u00e9 podvedome, ke\u010f vidia zranenia matky alebo jej psychick\u00e9 probl\u00e9my ako strach, sk\u013e\u00fa\u010denos\u0165, sm\u00fatok a depresie. Deti sa za obete dom\u00e1ceho n\u00e1silia pova\u017euj\u00fa aj v pr\u00edpade, ak na nich nebolo priamo p\u00e1chan\u00e9 n\u00e1silie.<\/p>\n<p>Aj v pr\u00edpade, \u017ee partner t\u00fdra iba \u017eenu, je ve\u013emi vysok\u00e9 percento pravdepodobnosti, \u017ee n\u00e1silie sa roz\u0161\u00edri aj na deti. \u017deny, ktor\u00e9 s\u00fa dlhodobo vystaven\u00e9 dom\u00e1cemu n\u00e1siliu, s\u00fa uzavret\u00e9 do seba a svojich probl\u00e9mov. S\u00fa schopn\u00e9 zaisti\u0165 die\u0165a\u0165u stravu, o\u0161atenie, udr\u017eiava\u0165 ho v \u010distote a teple, ale ve\u013eakr\u00e1t nedok\u00e1\u017eu naplni\u0165 detsk\u00fa potrebu l\u00e1sky a d\u00f4very. Die\u0165a sa tak nielen st\u00e1va obe\u0165ou, ale spravidla aj osamel\u00fdm vo svojom strachu a obav\u00e1ch.<\/p>\n<p>Pr\u00edtomnos\u0165 pri n\u00e1sil\u00ed aj vo\u010di nezn\u00e1mej osobe je pre deti siln\u00fdm traumatizuj\u00facim z\u00e1\u017eitkom, \u010d\u00edm je vz\u0165ah k obeti bli\u017e\u0161\u00ed, t\u00fdm je t\u00e1to traumatiz\u00e1cia silnej\u0161ia. Deti b\u00fdvaj\u00fa \u00fazkostn\u00e9, neurotick\u00e9, vyskytuj\u00fa sa u nich \u010dasto psychosomatick\u00e9 choroby a poruchy u\u010denia a spr\u00e1vania sa, a ve\u013ek\u00e9 percento z nich m\u00e1 podobn\u00e9 probl\u00e9my vo svojich partnersk\u00fdch vz\u0165ahoch. V rodin\u00e1ch, kde je matka vystaven\u00e1 n\u00e1siliu svojho man\u017eela, s\u00fa deti svedkami alebo obe\u0165ami otcovho n\u00e1silia od svojho ran\u00e9ho detstva, mnoh\u00e9 od svojho narodenia a niektor\u00e9 u\u017e pred svojim naroden\u00edm. Pre mnoh\u00e9 z t\u00fdchto det\u00ed je n\u00e1silie vo\u010di matke \u010dastou a pre niektor\u00e9 ka\u017edodennou sk\u00fasenos\u0165ou.<\/p>\n<p>&nbsp;<\/p>\n<p>&nbsp;<\/p>\n<p>&nbsp;<\/p>\n","protected":false},"excerpt":{"rendered":"<p>Sk\u00fasenosti ukazuj\u00fa, \u017ee s probl\u00e9mom dom\u00e1ceho n\u00e1silia &#8211; najm\u00e4 n\u00e1silia na \u017een\u00e1ch &#8211; sa e\u0161te st\u00e1le sp\u00e1ja ve\u013ea r\u00f4znych m\u00fdtov a predsudkov. Existuje obrovsk\u00fd rozpor medzi faktami (rozsah probl\u00e9mu, jeho pr\u00ed\u010diny a pozadie) a n\u00e1zormi na t\u00fato t\u00e9mu. Roz\u0161\u00edren\u00e9 m\u00fdty a predsudky nedovo\u013euj\u00fa \u017een\u00e1m postihnut\u00fdm n\u00e1sil\u00edm, aby rozpr\u00e1vali o svojej situ\u00e1cii a dostali adekv\u00e1tnu pomoc. &hellip; <\/p>\n<p><a class=\"more-link block-button\" href=\"https:\/\/www.gender.gov.sk\/zastavmenasilie\/o-nasili-2\/myty-a-fakty\/\">\u010c\u00edta\u0165 viac &raquo;<\/a><\/p>\n","protected":false},"author":2,"featured_media":0,"parent":191,"menu_order":1,"comment_status":"open","ping_status":"open","template":"","meta":[],"_links":{"self":[{"href":"https:\/\/www.gender.gov.sk\/zastavmenasilie\/wp-json\/wp\/v2\/pages\/295"}],"collection":[{"href":"https:\/\/www.gender.gov.sk\/zastavmenasilie\/wp-json\/wp\/v2\/pages"}],"about":[{"href":"https:\/\/www.gender.gov.sk\/zastavmenasilie\/wp-json\/wp\/v2\/types\/page"}],"author":[{"embeddable":true,"href":"https:\/\/www.gender.gov.sk\/zastavmenasilie\/wp-json\/wp\/v2\/users\/2"}],"replies":[{"embeddable":true,"href":"https:\/\/www.gender.gov.sk\/zastavmenasilie\/wp-json\/wp\/v2\/comments?post=295"}],"version-history":[{"count":9,"href":"https:\/\/www.gender.gov.sk\/zastavmenasilie\/wp-json\/wp\/v2\/pages\/295\/revisions"}],"predecessor-version":[{"id":1389,"href":"https:\/\/www.gender.gov.sk\/zastavmenasilie\/wp-json\/wp\/v2\/pages\/295\/revisions\/1389"}],"up":[{"embeddable":true,"href":"https:\/\/www.gender.gov.sk\/zastavmenasilie\/wp-json\/wp\/v2\/pages\/191"}],"wp:attachment":[{"href":"https:\/\/www.gender.gov.sk\/zastavmenasilie\/wp-json\/wp\/v2\/media?parent=295"}],"curies":[{"name":"wp","href":"https:\/\/api.w.org\/{rel}","templated":true}]}}