{"id":325,"date":"2013-05-31T22:38:23","date_gmt":"2013-05-31T22:38:23","guid":{"rendered":"http:\/\/www.gender.gov.sk\/zastavmenasilie\/?page_id=325"},"modified":"2016-09-29T13:19:36","modified_gmt":"2016-09-29T13:19:36","slug":"pre-policiu","status":"publish","type":"page","link":"https:\/\/www.gender.gov.sk\/zastavmenasilie\/informacie-3\/pre-policiu\/","title":{"rendered":"pre pol\u00edciu"},"content":{"rendered":"<p>Pol\u00edcia m\u00e1 pri potl\u00e1\u010dan\u00ed n\u00e1silia v rodine mimoriadne d\u00f4le\u017eit\u00fa \u00falohu, preto\u017ee je prakticky jedinou in\u0161tit\u00faciou, ktor\u00e1 je pripraven\u00e1 zasiahnu\u0165 v\u00a0pr\u00edpade potreby na celom \u00fazem\u00ed krajiny dvadsa\u0165\u0161tyri hod\u00edn denne. T\u00fdran\u00e9 \u017eeny sa \u010dasto ve\u013emi dlh\u00fd \u010das sna\u017eia situ\u00e1ciu zvl\u00e1da\u0165 samy. Pol\u00edciu sa odhodlaj\u00fa privola\u0165 a\u017e vtedy, ke\u010f sa n\u00e1silie vystup\u0148uje a maj\u00fa nezvl\u00e1dnute\u013en\u00fd strach o seba i deti. Nedostato\u010dn\u00e9 inform\u00e1cie a absencia d\u00f4very m\u00f4\u017eu \u017een\u00e1m br\u00e1ni\u0165 v tom, aby sa so \u017eiados\u0165ou o pomoc obr\u00e1tili na pol\u00edciu.<\/p>\n<p><strong>\u010cO \u017dENY O\u010cAK\u00c1VAJ\u00da OD POL\u00cdCIE<\/strong><\/p>\n<p>Pre \u017eeny postihnut\u00e9 n\u00e1sil\u00edm je vymanenie sa z man\u017eelstva alebo vz\u0165ahu, v ktorom za\u017e\u00edvaj\u00fa n\u00e1silie, ve\u013emi \u0165a\u017ek\u00fdm krokom. D\u00f4vodmi s\u00fa finan\u010dn\u00e1 z\u00e1vislos\u0165, tlak rodiny a \u0161ir\u0161ieho okolia, ale aj strach z \u010fal\u0161ieho n\u00e1silia. Ke\u010f \u017eena zavol\u00e1 v kr\u00edzovej situ\u00e1cii na pomoc pol\u00edciu, chce najm\u00e4 to, aby sa n\u00e1silie skon\u010dilo a aby pol\u00edcia \u201epriviedla mu\u017ea k rozumu\u201d. O\u010dak\u00e1va, \u017ee<\/p>\n<ul>\n<li>jej policajti a policajtky uveria;<\/li>\n<li>bud\u00fa bra\u0165 n\u00e1silie, o ktorom hovor\u00ed, v\u00e1\u017ene;<\/li>\n<li>prejavia pochopenie pre jej situ\u00e1ciu a bud\u00fa s \u0148ou zaobch\u00e1dza\u0165 s porozumen\u00edm;<\/li>\n<li>mu\u017eovi jasne daj\u00fa najavo protipr\u00e1vnos\u0165 jeho spr\u00e1vania;<\/li>\n<li>poskytn\u00fa jej inform\u00e1cie o jej pr\u00e1vach a o pom\u00e1haj\u00facich zariadeniach;<\/li>\n<li>zabezpe\u010dia jej ochranu, ak sa rozhodne n\u00e1siln\u00edka opusti\u0165;<\/li>\n<li>ubezpe\u010dia ju, \u017ee pol\u00edciu m\u00f4\u017ee zasa kedyko\u013evek privola\u0165.<\/li>\n<\/ul>\n<p>Nie v\u0161etky \u017eeny chc\u00fa poda\u0165 trestn\u00e9 ozn\u00e1menie. Mnoh\u00e9 maj\u00fa strach, preto\u017ee s\u00fa od t\u00fdraj\u00faceho mu\u017ea z\u00e1visl\u00e9. Preto je d\u00f4le\u017eit\u00e9, aby policajti a policajtky prejavili \u017eene postihnutej n\u00e1sil\u00edm pochopenie pre jej situ\u00e1ciu a\u00a0obavy a s\u00fa\u010dasne dali jasne najavo, \u017ee \u0161t\u00e1t n\u00e1siln\u00e9 \u010diny netoleruje. Je d\u00f4le\u017eit\u00e9, aby pol\u00edcia vysvetlila \u017eene rozdiely v postupe pol\u00edcie pri tzv. ofici\u00e1lnych a neofici\u00e1lnych deliktoch. Nie je spr\u00e1vne, ak sa pol\u00edcia pri ofici\u00e1lnom delikte \u017eeny p\u00fdta (dokonca v pr\u00edtomnosti n\u00e1siln\u00edckeho mu\u017ea), \u010di skuto\u010dne chce, aby sa za\u010dalo trestn\u00e9 st\u00edhanie. Vyvol\u00e1va to toti\u017e myln\u00fd dojem, \u017ee vznesenie obvinenia a za\u010datie trestn\u00e9ho st\u00edhania z\u00e1vis\u00ed od nej, hoci pol\u00edcia ofici\u00e1lne trestn\u00e9 \u010diny mus\u00ed st\u00edha\u0165 z\u00a0\u00faradnej povinnosti.<\/p>\n<p>&nbsp;<\/p>\n<p>N\u00c1VRHY INTERVENCIE PROTI N\u00c1SILIU<\/p>\n<p>Intervencia pol\u00edcie proti n\u00e1siliu p\u00e1chan\u00e9mu na \u017een\u00e1ch v rodine je ve\u013emi d\u00f4le\u017eit\u00e1. Z\u00e1sah aspo\u0148 na\u010das zastav\u00ed p\u00e1chanie n\u00e1silia a ke\u010f sa pou\u017eij\u00fa \u00fa\u010dinn\u00e9 opatrenia, pon\u00faka \u0161ancu preru\u0161i\u0165 bludn\u00fd kruh n\u00e1silia.<\/p>\n<p>Z\u00e1sahy proti n\u00e1siliu v rodine m\u00f4\u017eu by\u0165 pre policajtov a policajtky ve\u013emi \u0165a\u017ek\u00e9 a frustruj\u00face. \u010casto treba z\u00e1sahy viackr\u00e1t opakova\u0165. Vtedy sa m\u00f4\u017ee sta\u0165, \u017ee pol\u00edcia nebezpe\u010denstvo hroziace \u017eene podcen\u00ed. V\u00a0pr\u00edpade n\u00e1silia p\u00e1chan\u00e9ho na \u017een\u00e1ch treba ka\u017ed\u00fd z\u00e1sah bra\u0165 ve\u013emi v\u00e1\u017ene a pol\u00edcia mus\u00ed na n\u00e1silie zaka\u017ed\u00fdm adekv\u00e1tne reagova\u0165. Na druhej strane policajti a policajtky \u010dasto podce\u0148uj\u00fa aj nebezpe\u010die, ktor\u00e9 pri t\u00fdchto z\u00e1sahoch hroz\u00ed im sam\u00fdm.<\/p>\n<p>Ak\u00fdko\u013evek policajn\u00fd z\u00e1sah prebieha v s\u00falade s pr\u00edslu\u0161n\u00fdmi predpismi. Pri z\u00e1sahu v s\u00favislosti s n\u00e1sil\u00edm p\u00e1chan\u00fdm na \u017een\u00e1ch je v\u0161ak vhodn\u00e9 zoh\u013eadni\u0165 nasleduj\u00face skuto\u010dnosti:<\/p>\n<p><strong>Pochopenie, ochrana a pomoc obeti<\/strong><\/p>\n<p>Hlavn\u00fdm cie\u013eom ka\u017edej policajnej intervencie je zabezpe\u010di\u0165 ochranu a bezpe\u010dnos\u0165 obete. K tomu nieko\u013eko n\u00e1vrhov:<\/p>\n<ul>\n<li>Je d\u00f4le\u017eit\u00e9 <strong>vypo\u010d\u00fava\u0165 obe\u0165 a n\u00e1siln\u00edka oddelene<\/strong>, preto\u017ee \u017eeny postihnut\u00e9 n\u00e1sil\u00edm maj\u00fa obavy vypoveda\u0165 v pr\u00edtomnosti n\u00e1siln\u00edckeho mu\u017ea. Pri vypo\u010d\u00favan\u00ed si treba uvedomi\u0165, \u017ee \u017eeny postihnut\u00e9 n\u00e1sil\u00edm m\u00f4\u017eu by\u0165 v d\u00f4sledku pre\u017eit\u00e9ho n\u00e1silia v \u0161oku a potrebuj\u00fa ur\u010dit\u00fd \u010das, aby sa upokojili.<\/li>\n<li>Je vhodn\u00e9, aby pol\u00edcia vypo\u010dula \u017eenu vtedy, ke\u010f je \u017eena v\u00a0takom psychickom stave, \u017ee je <strong>sp\u00f4sobil\u00e1 presne a pravdivo vypoveda\u0165<\/strong> \u2014 potom toti\u017e nehroz\u00ed, \u017ee by v\u00fdpove\u010f dodato\u010dne upravovala, resp. menila, a zn\u00ed\u017eila t\u00fdm jej d\u00f4kazn\u00fa hodnotu.<\/li>\n<li>Treba zisti\u0165, \u010di \u017eena <strong>utrpela poranenia<\/strong>. Pritom treba ma\u0165 na pam\u00e4ti, \u017ee zranenia nie s\u00fa v\u017edy vidite\u013en\u00e9 na prv\u00fd poh\u013ead a v \u0161oku \u017eena hne\u010f nevn\u00edma boles\u0165. \u017diadne zranenie nemo\u017eno z\u013eah\u010dova\u0165.<\/li>\n<\/ul>\n<p>Pol\u00edcia je povinn\u00e1 zdokumentova\u0165 stopy trestn\u00e9ho \u010dinu. V pr\u00edpade, \u017ee \u017eena utrpela zranenie, pol\u00edcia zabezpe\u010d\u00ed lek\u00e1rske o\u0161etrenie; je d\u00f4le\u017eit\u00e9, aby lek\u00e1r alebo lek\u00e1rka zazna\u010dili v\u0161etky zranenia. So s\u00fahlasom \u017eeny sa m\u00f4\u017ee zhotovi\u0165 fotodokument\u00e1cia.<\/p>\n<p>Aby \u017eena nadobudla d\u00f4veru k pol\u00edcii, je vhodn\u00e9 jej vysvetli\u0165 \u010fal\u0161\u00ed policajn\u00fd postup a ubezpe\u010di\u0165 ju o tom, \u017ee pol\u00edcia sa jej usiluje pom\u00f4c\u0165. <strong>Mu\u017eovi by policajti a policajtky mali da\u0165 jednozna\u010dne najavo, \u017ee n\u00e1siln\u00e9 \u010diny s\u00fa trestn\u00e9 a maj\u00fa pr\u00e1vne d\u00f4sledky. <\/strong><\/p>\n<p><strong><span style=\"text-decoration: underline\">Po z\u00e1sahu nenech\u00e1vajte \u017eenu a deti v byte spolu s\u00a0n\u00e1siln\u00edckym mu\u017eom<\/span><\/strong>. Ak na\u010falej hroz\u00ed nebezpe\u010denstvo a \u017eena sa nec\u00edti bezpe\u010dne, je vhodn\u00e9 do\u010dasn\u00e9 oddelenie n\u00e1siln\u00edka. V\u00a0pr\u00edpade podozrenia, \u017ee s\u00fa naplnen\u00e9 d\u00f4vody v\u00e4zby, m\u00f4\u017ee pol\u00edcia zadr\u017ea\u0165 n\u00e1siln\u00edka na 10 dn\u00ed a po ich uplynut\u00ed ho prepusti\u0165 a odovzda\u0165 s\u00fadu. Pol\u00edcia m\u00f4\u017ee zaisti\u0165 n\u00e1siln\u00edka pristihnut\u00e9ho pri p\u00e1chan\u00ed priestupku alebo ohrozuj\u00faceho \u017eivot a zdravie in\u00fdch os\u00f4b. Takto pol\u00edcia n\u00e1siln\u00edka jednak oddel\u00ed od obete, jednak mu t\u00fdm d\u00e1va jasne najavo, \u017ee jeho konanie m\u00e1 patri\u010dn\u00e9 trestnopr\u00e1vne d\u00f4sledky.<\/p>\n<p>Ak objas\u0148ovanie n\u00e1siln\u00e9ho \u010dinu prebieha na slobode, treba n\u00e1siln\u00edka, ak to je mo\u017en\u00e9, zobra\u0165 na vypo\u010d\u00favanie na \u00fatvar Policajn\u00e9ho zboru a potom ho vyzva\u0165, aby sa bytu do\u010dasne vyh\u00fdbal a aby sa spr\u00e1val pokojne. S\u00fa\u010dasne je potrebn\u00e9 pozhov\u00e1ra\u0165 sa so \u017eenou o tom, \u010di bude pre \u0148u bezpe\u010dn\u00e9 na\u010falej zotrv\u00e1va\u0165 v byte, alebo \u010di by ho mohla na nejak\u00fa dobu opusti\u0165. V tom pr\u00edpade treba s \u0148ou zv\u00e1\u017ei\u0165 <strong>alternat\u00edvne mo\u017enosti ubytovania<\/strong>.<\/p>\n<p>Pol\u00edcia je povinn\u00e1 u\u017e pri prvom kontakte poskytn\u00fa\u0165 po\u0161kodenej v p\u00edsomnej forme inform\u00e1cie o jej pr\u00e1vach v trestnom konan\u00ed a o pom\u00e1haj\u00facich organiz\u00e1ci\u00e1ch, ako aj o slu\u017eb\u00e1ch, ktor\u00e9 poskytuj\u00fa. Pol\u00edcia aj s\u00fad s\u00fa povinn\u00ed po\u0161koden\u00fa o jej <strong>pr\u00e1vach pou\u010di\u0165<\/strong> a poskytn\u00fa\u0165 jej mo\u017enos\u0165 ich pln\u00e9ho uplatnenia.<\/p>\n<p>Ak sa \u017eena rozhodne pre do\u010dasn\u00fd odchod z bytu, pol\u00edcia by mala <strong>\u017eenu a\u00a0deti sprev\u00e1dza\u0165<\/strong>, poskytn\u00fa\u0165 im podporu a zotrva\u0165 s nimi a\u017e do odchodu.<\/p>\n<p>M\u00f4\u017ee pon\u00faknu\u0165 aj pomoc pri nadviazan\u00ed kontaktu s pr\u00edbuzn\u00fdmi, zn\u00e1mymi, resp. s pom\u00e1haj\u00facou \u017eenskou organiz\u00e1ciou. Nie je bezpe\u010dn\u00e9 nech\u00e1va\u0165 deti samy v byte za pr\u00edtomnosti n\u00e1siln\u00edckeho mu\u017ea.<\/p>\n<p><strong>Kriminalistick\u00e9 pr\u00edstupy<\/strong><\/p>\n<p>N\u00e1silie na \u017een\u00e1ch v rodine sa \u010dasto ch\u00e1pe ako h\u00e1dka, a nie ako trestn\u00fd \u010din. Je ve\u013emi d\u00f4le\u017eit\u00e9 starostliv\u00e9 vy\u0161etrenie, zabezpe\u010denie dokument\u00e1cie a v\u0161etk\u00fdch d\u00f4kazov, k tomu patr\u00ed d\u00f4kladn\u00e1 obhliadka miesta \u010dinu, v\u00fdpove\u010f a opis rozpolo\u017eenia \u017eeny i podozriv\u00e9ho, v\u00fdpovede ostatn\u00fdch svedkov, napr. susedov a zn\u00e1mych, ako aj zistenie, \u010di sa podobn\u00fd pr\u00edpad odohral u\u017e aj v minulosti.<\/p>\n<p><strong>\u010eal\u0161ie prevent\u00edvne opatrenia<\/strong><\/p>\n<p>Pri policajnom z\u00e1sahu s\u00fa \u017eeny, ktor\u00e9 pre\u017eili n\u00e1silie, obvykle rozru\u0161en\u00e9 a nem\u00f4\u017eu dobre komunikova\u0165, preto odpor\u00fa\u010dame, aby ste s nimi po kr\u00e1tkom \u010dasovom odstupe znova nadviazali kontakt. V\u00a0pokojnom rozhovore a atmosf\u00e9re bezpe\u010dia potom znova obozn\u00e1mte \u017eenu s\u00a0jej pr\u00e1vami, vysvetlite \u010fal\u0161\u00ed postup v s\u00favislosti s ozn\u00e1men\u00edm a\u00a0poskytnite inform\u00e1ciu o pom\u00e1haj\u00facich zariadeniach pre \u017eeny. Mu\u017eovi treba op\u00e4tovne vysvetli\u0165 pr\u00e1vne d\u00f4sledky jeho n\u00e1siln\u00edckeho spr\u00e1vania.<\/p>\n<p>Ak je mu\u017e predveden\u00fd alebo zaisten\u00fd na pol\u00edcii, m\u00f4\u017ee \u017eena po\u017eiada\u0165 o inform\u00e1ciu o pravdepodobnej d\u013a\u017eke zadr\u017eania, aby mohla v pr\u00edpade potreby od\u00eds\u0165 na bezpe\u010dn\u00e9 miesto. Z bezpe\u010dnostn\u00fdch d\u00f4vodov <strong>sa mu\u017eovi nesm\u00fa d\u00e1va\u0165 \u017eiadne inform\u00e1cie o mieste pobytu \u017eeny<\/strong>. Ak bol n\u00e1siln\u00edk vzat\u00fd do v\u00e4zby, m\u00e1 \u017eena pr\u00e1vo \u2014 ak o to po\u017eiada prokurat\u00faru alebo v s\u00fadnom konan\u00ed s\u00fad \u2014 by\u0165 informovan\u00e1 o jeho prepusten\u00ed. Rovnako to plat\u00ed aj pri prepusten\u00ed z v\u00fdkonu trestu od\u0148atia slobody.<\/p>\n<p>Existuje mo\u017enos\u0165 neuv\u00e1dza\u0165 pri v\u00fdsluchoch svoje bydlisko. Trestn\u00fd poriadok zakotvuje mo\u017enos\u0165 uvies\u0165 adresu na doru\u010dovanie p\u00edsomnost\u00ed v trestnom konan\u00ed, pri\u010dom t\u00e1to adresa nemus\u00ed by\u0165 ani bydliskom, ani in\u00fdm miestom pobytu. M\u00f4\u017ee sa to uplatni\u0165 aj v pr\u00edpade, ak \u017eena opust\u00ed spolo\u010dn\u00fa dom\u00e1cnos\u0165 a sna\u017e\u00ed sa pred mu\u017eom ukry\u0165.<\/p>\n<p>Ak \u017eena utiekla z bytu a ob\u00e1va sa \u010fal\u0161ieho n\u00e1silia, potrebuje ochranu a <strong>sprievod pol\u00edcie pri vyzdvihnut\u00ed osobn\u00fdch vec\u00ed<\/strong> a dokladov z bytu. <strong>Osobn\u00e1 ochrana<\/strong> je d\u00f4le\u017eit\u00e1 aj po rozchode, ak mu\u017e \u017eenu na\u010falej prenasleduje, ohrozuje a ob\u0165a\u017euje, najm\u00e4 pri s\u00fadnych konaniach a v in\u00fdch nebezpe\u010dn\u00fdch situ\u00e1ci\u00e1ch.<\/p>\n<p>&nbsp;<\/p>\n<p><strong>VYTV\u00c1RA\u0164 D\u00d4VERU, INFORMOVA\u0164 O PR\u00c1VACH<\/strong><\/p>\n<p>D\u00f4le\u017eit\u00fdm opatren\u00edm proti n\u00e1siliu v rodine je <strong>posil\u0148ovanie d\u00f4very \u017eien vo\u010di pol\u00edcii. <\/strong>K tomu patr\u00ed vytv\u00e1ranie priate\u013eskej a\u00a0re\u0161pektuj\u00facej atmosf\u00e9ry na \u00fatvare Policajn\u00e9ho zboru. Je vhodn\u00e9 ma\u0165 poruke informa\u010dn\u00e9 let\u00e1ky. Odpor\u00fa\u010dame nadviaza\u0165 kontakt s\u00a0pom\u00e1haj\u00facou \u017eenskou organiz\u00e1ciou, pr\u00edp. odborom soci\u00e1lnych vec\u00ed \u00daPSVaR. Je d\u00f4le\u017eit\u00e9, aby vypo\u010d\u00favanie prebiehalo v atmosf\u00e9re bezpe\u010dia.<\/p>\n<p>\u017den\u00e1m, ktor\u00e9 neovl\u00e1daj\u00fa slovensk\u00fd jazyk, treba zabezpe\u010di\u0165 tlmo\u010dn\u00ed\u010dku alebo tlmo\u010dn\u00edka. Mnoh\u00e9 \u017eeny postihnut\u00e9 n\u00e1sil\u00edm nepoznaj\u00fa svoje pr\u00e1va. Pol\u00edcia je povinn\u00e1 u\u017e pri prvom kontakte poskytn\u00fa\u0165 po\u0161kodenej v p\u00edsomnej forme inform\u00e1cie o jej pr\u00e1vach v trestnom konan\u00ed a o pom\u00e1haj\u00facich organiz\u00e1ci\u00e1ch. D\u00f4le\u017eit\u00e9 je \u017eenu informova\u0165, \u017ee m\u00e1:<\/p>\n<ul>\n<li>pr\u00e1vo neby\u0165 diskriminovan\u00e1 na z\u00e1klade pohlavia, rasy alebo farby pleti, n\u00e1rodnostn\u00e9ho alebo etnick\u00e9ho p\u00f4vodu, n\u00e1bo\u017eenstva, politickej pr\u00edslu\u0161nosti alebo sexu\u00e1lnej orient\u00e1cie;<\/li>\n<li>pr\u00e1vo dozvedie\u0165 sa identifika\u010dn\u00e9 \u010d\u00edslo policajtky, resp. policajta;<\/li>\n<li>pr\u00e1vo odmietnu\u0165 podanie vysvetlenia t\u00fdkaj\u00faceho sa bl\u00edzkej osoby (na s\u00fadnom pojedn\u00e1van\u00ed pr\u00e1vo odmietnu\u0165 v\u00fdpove\u010f proti bl\u00edzkej osobe);<\/li>\n<li>pr\u00e1vo, aby jej bola predlo\u017een\u00e1 z\u00e1pisnica o vypo\u010d\u00favan\u00ed, a v pr\u00edpade,<\/li>\n<li>\u017ee \u017eiada o jej doplnenie alebo opravu, aby sa tak\u00e9to doplnenia alebo opravy vykonali;<\/li>\n<li>pr\u00e1vo z\u00fa\u010dastni\u0165 sa na pre\u0161tudovan\u00ed vy\u0161etrovacieho spisu, urobi\u0165 si z neho v\u00fdpisky, resp. da\u0165 si na vlastn\u00e9 n\u00e1klady zhotovi\u0165 k\u00f3piu;<\/li>\n<li>pr\u00e1vo by\u0165 informovan\u00e1 do 1 mesiaca od podania ozn\u00e1menia uroben\u00fdch opatreniach, ak o to po\u017eiada, a pr\u00e1vo na doru\u010denie ozn\u00e1menia o odlo\u017een\u00ed veci;<\/li>\n<li>pr\u00e1vo necha\u0165 sa zastupova\u0165 splnomocnenky\u0148ou, naj\u010dastej\u0161ie advok\u00e1tkou alebo advok\u00e1tom.<\/li>\n<\/ul>\n<p>Jedn\u00fdm z pr\u00e1v po\u0161kodenej v trestnom konan\u00ed je aj <strong><span style=\"text-decoration: underline\">pr\u00e1vo v\u00fdslovn\u00fdm vyhl\u00e1sen\u00edm sa vzda\u0165 pr\u00e1v po\u0161kodenej. Pre po\u0161koden\u00fa je v\u0161ak tak\u00fdto postup mimoriadne nev\u00fdhodn\u00fd.<\/span><\/strong><\/p>\n<p>&nbsp;<\/p>\n<p><em>Zdroj:\u00a0<\/em><\/p>\n<p><em><strong><a href=\"http:\/\/www.gender.gov.sk\/zastavmenasilie\/informacie\/publikacie\/\">Kona\u0165 proti n\u00e1siliu na \u017een\u00e1ch<\/a><\/strong>.\u00a0Vydalo Ministerstvo pr\u00e1ce, soci\u00e1lnych vec\u00ed a rodiny SR v spolupr\u00e1ci s Iniciat\u00edvou Piata \u017eena v roku 2008\u00a0v r\u00e1mci N\u00e1rodnej kampane SR Zastavme dom\u00e1ce n\u00e1silie na \u017een\u00e1ch,\u00a0ktor\u00fa iniciovala Rada Eur\u00f3py.\u00a0Na vydanie pripravili OZ Pro Familia a\u00a0<a href=\"http:\/\/www.aspekt.sk\" target=\"_blank\">ZZ\u017d ASPEKT.<\/a><\/em><\/p>\n","protected":false},"excerpt":{"rendered":"<p>Pol\u00edcia m\u00e1 pri potl\u00e1\u010dan\u00ed n\u00e1silia v rodine mimoriadne d\u00f4le\u017eit\u00fa \u00falohu, preto\u017ee je prakticky jedinou in\u0161tit\u00faciou, ktor\u00e1 je pripraven\u00e1 zasiahnu\u0165 v\u00a0pr\u00edpade potreby na celom \u00fazem\u00ed krajiny dvadsa\u0165\u0161tyri hod\u00edn denne. T\u00fdran\u00e9 \u017eeny sa \u010dasto ve\u013emi dlh\u00fd \u010das sna\u017eia situ\u00e1ciu zvl\u00e1da\u0165 samy. Pol\u00edciu sa odhodlaj\u00fa privola\u0165 a\u017e vtedy, ke\u010f sa n\u00e1silie vystup\u0148uje a maj\u00fa nezvl\u00e1dnute\u013en\u00fd strach o seba &hellip; <\/p>\n<p><a class=\"more-link block-button\" href=\"https:\/\/www.gender.gov.sk\/zastavmenasilie\/informacie-3\/pre-policiu\/\">\u010c\u00edta\u0165 viac &raquo;<\/a><\/p>\n","protected":false},"author":2,"featured_media":0,"parent":311,"menu_order":1,"comment_status":"open","ping_status":"open","template":"","meta":[],"_links":{"self":[{"href":"https:\/\/www.gender.gov.sk\/zastavmenasilie\/wp-json\/wp\/v2\/pages\/325"}],"collection":[{"href":"https:\/\/www.gender.gov.sk\/zastavmenasilie\/wp-json\/wp\/v2\/pages"}],"about":[{"href":"https:\/\/www.gender.gov.sk\/zastavmenasilie\/wp-json\/wp\/v2\/types\/page"}],"author":[{"embeddable":true,"href":"https:\/\/www.gender.gov.sk\/zastavmenasilie\/wp-json\/wp\/v2\/users\/2"}],"replies":[{"embeddable":true,"href":"https:\/\/www.gender.gov.sk\/zastavmenasilie\/wp-json\/wp\/v2\/comments?post=325"}],"version-history":[{"count":10,"href":"https:\/\/www.gender.gov.sk\/zastavmenasilie\/wp-json\/wp\/v2\/pages\/325\/revisions"}],"predecessor-version":[{"id":327,"href":"https:\/\/www.gender.gov.sk\/zastavmenasilie\/wp-json\/wp\/v2\/pages\/325\/revisions\/327"}],"up":[{"embeddable":true,"href":"https:\/\/www.gender.gov.sk\/zastavmenasilie\/wp-json\/wp\/v2\/pages\/311"}],"wp:attachment":[{"href":"https:\/\/www.gender.gov.sk\/zastavmenasilie\/wp-json\/wp\/v2\/media?parent=325"}],"curies":[{"name":"wp","href":"https:\/\/api.w.org\/{rel}","templated":true}]}}