{"id":412,"date":"2013-06-01T14:39:09","date_gmt":"2013-06-01T14:39:09","guid":{"rendered":"http:\/\/www.gender.gov.sk\/zastavmenasilie\/?page_id=412"},"modified":"2016-10-21T16:05:03","modified_gmt":"2016-10-21T16:05:03","slug":"pravna-pomoc","status":"publish","type":"page","link":"https:\/\/www.gender.gov.sk\/zastavmenasilie\/pomoc\/rady-pre-zenu\/pravna-pomoc\/","title":{"rendered":"Pr\u00e1vna pomoc"},"content":{"rendered":"<p>Pr\u00e1vnu pomoc, teda poskytovanie pr\u00e1vnych r\u00e1d a pr\u00e1vne zastupovanie, poskytuj\u00fa advok\u00e1ti a advok\u00e1tky za poplatok. V ob\u010dianskom konan\u00ed nie je zastupovanie pr\u00e1vnym z\u00e1stupcom povinn\u00e9. Pre \u017eenu je v\u0161ak d\u00f4le\u017eit\u00e9 a potrebn\u00e9 najm\u00e4 vtedy, ke\u010f man\u017eela zastupuje advok\u00e1t alebo advok\u00e1tka.<\/p>\n<p>V pr\u00edpade, \u017ee \u017eena nem\u00e1 dostatok finan\u010dn\u00fdch prostriedkov na to, aby sa mohla obr\u00e1ti\u0165 na advok\u00e1tku alebo advok\u00e1ta, m\u00e1 k dispoz\u00edcii viacer\u00e9 mo\u017enosti, ako z\u00edska\u0165 pr\u00e1vnu pomoc bezplatne. <strong><a href=\"http:\/\/www.legalaid.sk\/\">Centrum pr\u00e1vnej pomoci<\/a> <\/strong>poskytuje pr\u00e1vnu pomoc v ob\u010dianskopr\u00e1vnych, pracovnopr\u00e1vnych a rodinnopr\u00e1vnych veciach. \u017dena m\u00e1 pr\u00e1vo na poskytnutie takejto pr\u00e1vnej pomoci, ak sa nach\u00e1dza v stave materi\u00e1lnej n\u00fadze (t. j. jej pr\u00edjem nedosahuje 1,4 n\u00e1sobok \u017eivotn\u00e9ho minima), ak nejde o\u00a0zrejm\u00fa bez\u00faspe\u0161nos\u0165 sporu a ak hodnota sporu prevy\u0161uje hodnotu minim\u00e1lnej mzdy \u2014 okrem sporov, v ktor\u00fdch nie je mo\u017en\u00e9 hodnotu sporu vy\u010d\u00edsli\u0165 v peniazoch. Tieto podmienky na poskytnutie pr\u00e1vnej pomoci mus\u00ed \u017eena sp\u013a\u0148a\u0165 po\u010das cel\u00e9ho trvania poskytovania pr\u00e1vnej pomoci.<\/p>\n<p>V\u00a0ob\u010dianskom s\u00fadnom konan\u00ed m\u00f4\u017ee \u017eene, u ktorej s\u00fa predpoklady na oslobodenie od s\u00fadnych poplatkov, na jej \u017eiados\u0165 s\u00fad ustanovi\u0165 advok\u00e1tku alebo advok\u00e1ta. O tejto mo\u017enosti ju s\u00fad mus\u00ed pou\u010di\u0165. Ak si v trestnom konan\u00ed \u017eena uplat\u0148uje n\u00e1rok na n\u00e1hradu \u0161kody a nem\u00e1 dostato\u010dn\u00e9 prostriedky na \u00fahradu s t\u00fdm spojen\u00fdch n\u00e1kladov, m\u00f4\u017ee jej s\u00fad ustanovi\u0165 advok\u00e1tku \u010di advok\u00e1ta (v pr\u00edpravnom konan\u00ed na n\u00e1vrh prokurat\u00fary, v konan\u00ed pred s\u00fadom aj bez n\u00e1vrhu). Nedostatok prostriedkov mus\u00ed \u017eena preuk\u00e1za\u0165.<\/p>\n<p>O pr\u00e1vnu pomoc mo\u017eno po\u017eiada\u0165 aj niektor\u00fa <a href=\"http:\/\/www.gender.gov.sk\/zastavmenasilie\/organizacie\/\">organiz\u00e1ciu poskytuj\u00facu pomoc \u017een\u00e1m.<\/a><\/p>\n<p><span style=\"color: #993300\"><strong>POMOC V S\u00daDNOM KONAN\u00cd<\/strong><\/span><\/p>\n<p>Pomoc v s\u00fadnom konan\u00ed zah\u0155\u0148a rozmanit\u00fa podporu v ob\u010dianskopr\u00e1vnych konaniach ako napr\u00edklad:<\/p>\n<ul>\n<li>oslobodenie od s\u00fadnych poplatkov,<\/li>\n<li>oslobodenie od povinnosti zn\u00e1\u0161a\u0165 trovy konania, vr\u00e1tane trov vynalo\u017een\u00fdch na odmeny znalcov a pod.,<\/li>\n<li>bezplatn\u00e9 poskytnutie tlmo\u010dn\u00edka, resp. tlmo\u010dn\u00ed\u010dky,<\/li>\n<li>pr\u00edpadne bezplatn\u00e9 poskytnutie pr\u00e1vneho z\u00e1stupcu \u010di z\u00e1stupkyne, resp. advok\u00e1ta \u010di advok\u00e1tky.<\/li>\n<\/ul>\n<p>Uveden\u00e9 formy pomoci v s\u00fadnom konan\u00ed sa poskytuj\u00fa na z\u00e1klade \u017eiadosti. Podmienkou je, \u017ee \u017eena nem\u00e1 \u017eiaden alebo len minim\u00e1lny pr\u00edjem.<\/p>\n<p><strong>N\u00e1hrada \u0161kody<\/strong><\/p>\n<p>Obete n\u00e1silia maj\u00fa pr\u00e1vo na n\u00e1hradu \u0161kody (napr. bolestn\u00e9). N\u00e1roky v ob\u010dianskom konan\u00ed sa uplat\u0148uj\u00fa prostredn\u00edctvom \u017ealoby (n\u00e1vrhu) na okresnom s\u00fade. To plat\u00ed aj v tom pr\u00edpade, ke\u010f suma po\u017eadovan\u00e1 ako n\u00e1hrada \u0161kody nebola v trestnom konan\u00ed priznan\u00e1 cel\u00e1. S\u00fad je viazan\u00fd pr\u00e1voplatn\u00fdm rozhodnut\u00edm s\u00fadu v trestnom konan\u00ed o tom, \u017ee bol sp\u00e1chan\u00fd trestn\u00fd \u010din a kto ho sp\u00e1chal, alebo rozhodnut\u00edm o priestupku.<\/p>\n<p>V ob\u010dianskom konan\u00ed musia po\u0161koden\u00ed a po\u0161koden\u00e9 dok\u00e1za\u0165 svoj n\u00e1rok.<\/p>\n<p>&nbsp;<\/p>\n<p><em>Zdroj:\u00a0<\/em><\/p>\n<p><em><strong><a href=\"http:\/\/www.gender.gov.sk\/zastavmenasilie\/informacie\/publikacie\/\">Kona\u0165 proti n\u00e1siliu na \u017een\u00e1ch<\/a><\/strong>.\u00a0Vydalo Ministerstvo pr\u00e1ce, soci\u00e1lnych vec\u00ed a rodiny SR v spolupr\u00e1ci s Iniciat\u00edvou Piata \u017eena v roku 2008\u00a0v r\u00e1mci N\u00e1rodnej kampane SR Zastavme dom\u00e1ce n\u00e1silie na \u017een\u00e1ch,\u00a0ktor\u00fa iniciovala Rada Eur\u00f3py.\u00a0Na vydanie pripravili OZ Pro Familia a\u00a0<a href=\"http:\/\/www.aspekt.sk\" target=\"_blank\">ZZ\u017d ASPEKT.<\/a><\/em><\/p>\n","protected":false},"excerpt":{"rendered":"<p>Pr\u00e1vnu pomoc, teda poskytovanie pr\u00e1vnych r\u00e1d a pr\u00e1vne zastupovanie, poskytuj\u00fa advok\u00e1ti a advok\u00e1tky za poplatok. V ob\u010dianskom konan\u00ed nie je zastupovanie pr\u00e1vnym z\u00e1stupcom povinn\u00e9. Pre \u017eenu je v\u0161ak d\u00f4le\u017eit\u00e9 a potrebn\u00e9 najm\u00e4 vtedy, ke\u010f man\u017eela zastupuje advok\u00e1t alebo advok\u00e1tka. V pr\u00edpade, \u017ee \u017eena nem\u00e1 dostatok finan\u010dn\u00fdch prostriedkov na to, aby sa mohla obr\u00e1ti\u0165 na advok\u00e1tku &hellip; <\/p>\n<p><a class=\"more-link block-button\" href=\"https:\/\/www.gender.gov.sk\/zastavmenasilie\/pomoc\/rady-pre-zenu\/pravna-pomoc\/\">\u010c\u00edta\u0165 viac &raquo;<\/a><\/p>\n","protected":false},"author":2,"featured_media":0,"parent":284,"menu_order":8,"comment_status":"open","ping_status":"open","template":"","meta":[],"_links":{"self":[{"href":"https:\/\/www.gender.gov.sk\/zastavmenasilie\/wp-json\/wp\/v2\/pages\/412"}],"collection":[{"href":"https:\/\/www.gender.gov.sk\/zastavmenasilie\/wp-json\/wp\/v2\/pages"}],"about":[{"href":"https:\/\/www.gender.gov.sk\/zastavmenasilie\/wp-json\/wp\/v2\/types\/page"}],"author":[{"embeddable":true,"href":"https:\/\/www.gender.gov.sk\/zastavmenasilie\/wp-json\/wp\/v2\/users\/2"}],"replies":[{"embeddable":true,"href":"https:\/\/www.gender.gov.sk\/zastavmenasilie\/wp-json\/wp\/v2\/comments?post=412"}],"version-history":[{"count":7,"href":"https:\/\/www.gender.gov.sk\/zastavmenasilie\/wp-json\/wp\/v2\/pages\/412\/revisions"}],"predecessor-version":[{"id":415,"href":"https:\/\/www.gender.gov.sk\/zastavmenasilie\/wp-json\/wp\/v2\/pages\/412\/revisions\/415"}],"up":[{"embeddable":true,"href":"https:\/\/www.gender.gov.sk\/zastavmenasilie\/wp-json\/wp\/v2\/pages\/284"}],"wp:attachment":[{"href":"https:\/\/www.gender.gov.sk\/zastavmenasilie\/wp-json\/wp\/v2\/media?parent=412"}],"curies":[{"name":"wp","href":"https:\/\/api.w.org\/{rel}","templated":true}]}}