{"id":765,"date":"2015-04-20T06:22:48","date_gmt":"2015-04-20T06:22:48","guid":{"rendered":"http:\/\/www.gender.gov.sk\/zastavmenasilie\/?page_id=765"},"modified":"2017-01-20T11:58:31","modified_gmt":"2017-01-20T11:58:31","slug":"kmc","status":"publish","type":"page","link":"https:\/\/www.gender.gov.sk\/zastavmenasilie\/kmc\/","title":{"rendered":"KMC"},"content":{"rendered":"<p><strong>Koordina\u010dno \u2013 metodick\u00e9 centrum pre rodovo podmienen\u00e9 a dom\u00e1ce n\u00e1silie<\/strong> (KMC) je\u00a0zriaden\u00e9 v r\u00e1mci <a href=\"http:\/\/www.ivpr.gov.sk\">In\u0161tit\u00fatu pre v\u00fdskum pr\u00e1ce a rodiny,<\/a> pri\u010dom\u00a0svoje \u00falohy\u00a0pln\u00ed prierezovo cez v\u0161etky relevantn\u00e9 rezorty. Odborn\u00fa garanciu projektu m\u00e1 <a href=\"http:\/\/www.gender.gov.sk\">odbor rodovej rovnosti a\u00a0rovnosti pr\u00edle\u017eitost\u00ed Ministerstva pr\u00e1ce, soci\u00e1lnych vec\u00ed a rodiny SR.<\/a> Cie\u013eom KMC je vytvori\u0165, implementova\u0165 a koordinova\u0165 komplexn\u00fa celo\u0161t\u00e1tnu politiku pre oblas\u0165 prevencie a elimin\u00e1cie rodovo-podmienen\u00e9ho a dom\u00e1ceho n\u00e1silia. V r\u00e1mci KMC je vytvoren\u00fd expertn\u00fd t\u00edm zodpovedn\u00fd za odborn\u00fa koordin\u00e1ciu a superv\u00edziu syst\u00e9movej prevencie a intervencie na podporu obet\u00ed a poskytovania slu\u017eieb v oblasti n\u00e1silia p\u00e1chan\u00e9ho na \u017een\u00e1ch a dom\u00e1ceho n\u00e1silia.<\/p>\n<p>KMC zabezpe\u010duje odborn\u00fa koordin\u00e1ciu aktiv\u00edt prostredn\u00edctvom metodick\u00fdch usmernen\u00ed pre poskytovanie slu\u017eieb v oblasti prim\u00e1rnej prevencie ako i elimin\u00e1cie n\u00e1silia p\u00e1chan\u00e9ho na \u017een\u00e1ch a de\u0165och, vytv\u00e1ra podmienky pre multi-in\u0161titucion\u00e1lnu spolupr\u00e1cu pom\u00e1haj\u00facich profesi\u00ed ako aj zabezpe\u010duje syst\u00e9m vzdel\u00e1vania t\u00fdchto profesi\u00ed. Uskuto\u010d\u0148ovanie v\u00fdskumov a monitoring je rovnako\u00a0d\u00f4le\u017eitou \u00falohou v r\u00e1mci KMC.<\/p>\n<p>KMC nap\u013ana po\u017eiadavku Dohovoru Rady Eur\u00f3py o predch\u00e1dzan\u00ed n\u00e1siliu na \u017een\u00e1ch a dom\u00e1cemu n\u00e1siliu a o boji proti nemu, \u010dl. 10: <em>\u201eZmluvn\u00e9 strany ustanovia alebo zriadia na n\u00e1rodnej \u00farovni, jeden alebo viac ofici\u00e1lnych org\u00e1nov zodpovedn\u00fdch za koordin\u00e1ciu, implement\u00e1ciu, doh\u013ead, vyhodnocovanie politiky a opatren\u00ed pre predch\u00e1dzanie v\u0161etk\u00fdm form\u00e1m n\u00e1silia a boj proti nemu, ktor\u00e9 pokr\u00fdva tento dohovor.\u201c<\/em><\/p>\n<p><span style=\"color: #5b7a99\">_________________________________________________________________________\u00a0<\/span><\/p>\n<p><a href=\"http:\/\/www.gender.gov.sk\/zastavmenasilie\/files\/2015\/04\/nfm_sz_sm.jpg\"><img loading=\"lazy\" class=\"wp-image-1498 aligncenter\" style=\"border: 0px\" src=\"http:\/\/www.gender.gov.sk\/zastavmenasilie\/files\/2015\/04\/nfm_sz_sm.jpg\" alt=\"\" width=\"318\" height=\"129\" srcset=\"https:\/\/www.gender.gov.sk\/zastavmenasilie\/files\/2015\/04\/nfm_sz_sm.jpg 704w, https:\/\/www.gender.gov.sk\/zastavmenasilie\/files\/2015\/04\/nfm_sz_sm-300x121.jpg 300w\" sizes=\"(max-width: 318px) 100vw, 318px\" \/><\/a><\/p>\n<div>\n<p align=\"center\"><em>Projekt je financovan\u00fd z grantu N\u00f3rskeho kr\u00e1\u013eovstva prostredn\u00edctvom N\u00f3rskeho finan\u010dn\u00e9ho mechanizmu a spolufinancovan\u00fd zo \u0161t\u00e1tneho rozpo\u010dtu Slovenskej republiky.<\/em><\/p>\n<\/div>\n<p align=\"center\"><em>Projekt je realizovan\u00fd v r\u00e1mci programu SK09: Dom\u00e1ce a rodovo podmienen\u00e9 n\u00e1silie.<\/em><\/p>\n<p align=\"center\"><em>www.norwaygrants.org<\/em><\/p>\n<p align=\"center\"><span style=\"color: #990033\"><em>\u201cDomov mus\u00ed by\u0165 bezpe\u010dn\u00e9 miesto pre v\u0161etk\u00fdch\u201d<\/em><\/span><\/p>\n","protected":false},"excerpt":{"rendered":"<p>Koordina\u010dno \u2013 metodick\u00e9 centrum pre rodovo podmienen\u00e9 a dom\u00e1ce n\u00e1silie (KMC) je\u00a0zriaden\u00e9 v r\u00e1mci In\u0161tit\u00fatu pre v\u00fdskum pr\u00e1ce a rodiny, pri\u010dom\u00a0svoje \u00falohy\u00a0pln\u00ed prierezovo cez v\u0161etky relevantn\u00e9 rezorty. Odborn\u00fa garanciu projektu m\u00e1 odbor rodovej rovnosti a\u00a0rovnosti pr\u00edle\u017eitost\u00ed Ministerstva pr\u00e1ce, soci\u00e1lnych vec\u00ed a rodiny SR. Cie\u013eom KMC je vytvori\u0165, implementova\u0165 a koordinova\u0165 komplexn\u00fa celo\u0161t\u00e1tnu politiku pre oblas\u0165 &hellip; <\/p>\n<p><a class=\"more-link block-button\" href=\"https:\/\/www.gender.gov.sk\/zastavmenasilie\/kmc\/\">\u010c\u00edta\u0165 viac &raquo;<\/a><\/p>\n","protected":false},"author":2,"featured_media":0,"parent":0,"menu_order":1,"comment_status":"closed","ping_status":"closed","template":"","meta":[],"_links":{"self":[{"href":"https:\/\/www.gender.gov.sk\/zastavmenasilie\/wp-json\/wp\/v2\/pages\/765"}],"collection":[{"href":"https:\/\/www.gender.gov.sk\/zastavmenasilie\/wp-json\/wp\/v2\/pages"}],"about":[{"href":"https:\/\/www.gender.gov.sk\/zastavmenasilie\/wp-json\/wp\/v2\/types\/page"}],"author":[{"embeddable":true,"href":"https:\/\/www.gender.gov.sk\/zastavmenasilie\/wp-json\/wp\/v2\/users\/2"}],"replies":[{"embeddable":true,"href":"https:\/\/www.gender.gov.sk\/zastavmenasilie\/wp-json\/wp\/v2\/comments?post=765"}],"version-history":[{"count":15,"href":"https:\/\/www.gender.gov.sk\/zastavmenasilie\/wp-json\/wp\/v2\/pages\/765\/revisions"}],"predecessor-version":[{"id":1592,"href":"https:\/\/www.gender.gov.sk\/zastavmenasilie\/wp-json\/wp\/v2\/pages\/765\/revisions\/1592"}],"wp:attachment":[{"href":"https:\/\/www.gender.gov.sk\/zastavmenasilie\/wp-json\/wp\/v2\/media?parent=765"}],"curies":[{"name":"wp","href":"https:\/\/api.w.org\/{rel}","templated":true}]}}