{"id":8,"date":"2012-06-27T06:45:37","date_gmt":"2012-06-27T06:45:37","guid":{"rendered":"http:\/\/www.gender.gov.sk\/zastavmenasilie\/?page_id=8"},"modified":"2016-10-20T18:54:09","modified_gmt":"2016-10-20T18:54:09","slug":"zakony","status":"publish","type":"page","link":"https:\/\/www.gender.gov.sk\/zastavmenasilie\/informacie\/zakony\/","title":{"rendered":"Z\u00e1kony SR"},"content":{"rendered":"<p><span style=\"color: #333333;font-size: small\">Dom\u00e1ce n\u00e1silie ako tak\u00e9 nie je v pr\u00e1vnom poriadku SR nikde priamo definovan\u00e9 a pova\u017euje sa za\u0148 n\u00e1silie v pr\u00edpade, ke\u010f n\u00e1siln\u00edk a obe\u0165 s\u00fa alebo boli v pr\u00edbuzenskom vz\u0165ahu, resp. \u017eij\u00fa v spolo\u010dnej dom\u00e1cnosti ako bl\u00edzke osoby. Pr\u00e1vny poriadok umo\u017e\u0148uje dom\u00f4c\u0165 sa ochrany v troch rovin\u00e1ch: <\/span><\/p>\n<ul>\n<li><span style=\"color: #333333;font-size: small\">v trestnopr\u00e1vnej rovine <\/span><\/li>\n<li><span style=\"color: #000000;font-size: small\">v ob\u010dianskopr\u00e1vnej rovine<\/span><\/li>\n<li><span style=\"color: #000000;font-size: small\">v spr\u00e1vnopr\u00e1vnej rovine <\/span><\/li>\n<\/ul>\n<h5><span style=\"color: #622423\"><span style=\"font-size: small\">TRESTN\u00c9 PR\u00c1VO<\/span><\/span><\/h5>\n<p><span style=\"color: #333333;font-size: small\">Trestn\u00e9 pr\u00e1vo definuje skutky s\u00favisiace s\u00a0dom\u00e1cim n\u00e1sil\u00edm, najm\u00e4 <\/span><\/p>\n<p><span style=\"color: #333333;font-size: small\">a) trestn\u00e9 \u010diny <strong>proti \u017eivotu a\u00a0zdraviu<\/strong> (spadaj\u00face pod tzv. fyzick\u00e9 n\u00e1silie na \u017een\u00e1ch: \u00dakladn\u00e1 vra\u017eda (\u00a7 144), Vra\u017eda (\u00a7 145), Zabitie (\u00a7 147 \u2013 148), Usmrtenie (\u00a7 149), Nedovolen\u00e9 preru\u0161enie tehotenstva (\u00a7 150 \u2013 153), \u00da\u010das\u0165 na samovra\u017ede (\u00a7 154), Ubl\u00ed\u017eenie na zdrav\u00ed (len pod\u013ea \u00a7 155 a 156), Neopr\u00e1vnen\u00e9 odoberanie org\u00e1nov, tkan\u00edv a buniek a nez\u00e1konn\u00e1 steriliz\u00e1cia (\u00a7 159-160);<\/span><\/p>\n<p><span style=\"color: #333333;font-size: small\">b) trestn\u00e9 \u010diny <strong>proti \u013eudskej d\u00f4stojnosti<\/strong> (spadaj\u00face pod tzv. fyzick\u00e9 n\u00e1silie na \u017een\u00e1ch): Zn\u00e1silnenie (\u00a7 199), Sexu\u00e1lne n\u00e1silie\u00a0 (\u00a7 200), Sexu\u00e1lne zneu\u017e\u00edvanie\u00a0 (\u00a7 201-202);<\/span><\/p>\n<p><span style=\"color: #333333\"><span style=\"font-size: small\">c) trestn\u00fdch \u010dinov <strong>proti rodine a\u00a0ml\u00e1de\u017ei<\/strong> (spadaj\u00face pod tzv. ekonomick\u00e9 n\u00e1silie na \u017een\u00e1ch a\u00a0psychick\u00e9 n\u00e1silie na \u017een\u00e1ch): Zanedbanie povinnej v\u00fd\u017eivy (\u00a7 207), <strong>T\u00fdranie bl\u00edzkej osoby a zverenej osoby (\u00a7 208);<\/strong><\/span><\/span><\/p>\n<p><span style=\"color: #333333;font-size: small\">d) trestn\u00fdch \u010dinov proti in\u00fdm <strong>pr\u00e1vam a\u00a0slobod\u00e1m<\/strong>: Kupliarstvo (\u00a7 367).<\/span><\/p>\n<p><span style=\"color: #333333;font-size: small\">S\u00favisiace pr\u00e1vne normy: <\/span><\/p>\n<ul>\n<li><a href=\"http:\/\/www.zakonypreludi.sk\/zz\/2005-300\" target=\"_blank\">z\u00e1kon \u010d. 301\/2005 Z.z. Trestn\u00fd poriadok v znen\u00ed neskor\u0161\u00edch predpisov<\/a><\/li>\n<li><span style=\"color: #000000;font-size: small\"><a href=\"http:\/\/www.zakonypreludi.sk\/zz\/2005-300\" target=\"_blank\">z\u00e1kon \u010d. 300\/2005 Z.z. Trestn\u00fd z\u00e1kon v znen\u00ed neskor\u0161\u00edch predpisov<\/a><\/span><\/li>\n<li><span style=\"color: #000000;font-size: small\"><a href=\"http:\/\/www.zakonypreludi.sk\/zz\/2001-153\" target=\"_blank\">z\u00e1kon \u010d. 153\/2001 Z.z. o prokurat\u00fare v znen\u00ed neskor\u0161\u00edch predpisov <\/a><\/span><\/li>\n<li><span style=\"color: #000000;font-size: small\"><a href=\"http:\/\/www.zakonypreludi.sk\/zz\/1993-171\" target=\"_blank\">z\u00e1kon \u010d. 171\/1993 Z.z. o Policajnom zbore<\/a><\/span><\/li>\n<\/ul>\n<h5><span style=\"color: #622423\"><span style=\"font-size: small\">OB\u010cIANSKE PR\u00c1VO (Civiln\u00e9 pr\u00e1vo)<\/span><\/span><\/h5>\n<p><span style=\"color: #333333;font-size: small\">V ob\u010dianskom (civilnom) s\u00fadnom konan\u00ed sa poskytuje ochrana pr\u00e1vam a opr\u00e1vnen\u00fdm z\u00e1ujmom \u00fa\u010dastn\u00edkov. Obe\u0165 sa m\u00f4\u017ee dom\u00e1ha\u0165 <\/span><\/p>\n<ul>\n<li><span style=\"color: #000000;font-size: small\">rozvodu man\u017eelstva a \u00fapravy v\u00fdkonu rodi\u010dovsk\u00fdch pr\u00e1v a povinnost\u00ed po rozvode, <\/span><\/li>\n<li><span style=\"color: #000000;font-size: small\">ur\u010denia v\u00fd\u017eivn\u00e9ho na malolet\u00e9 die\u0165a alebo zv\u00fd\u0161enia vy\u017eivovacej povinnosti, <\/span><\/li>\n<li><span style=\"color: #000000;font-size: small\">ur\u010denia v\u00fd\u017eivn\u00e9ho na man\u017eelku \u010di rozveden\u00fa man\u017eelku, <\/span><\/li>\n<li><span style=\"color: #000000;font-size: small\">\u00fapravy styku s malolet\u00fdm die\u0165a\u0165om, <\/span><\/li>\n<li><span style=\"color: #000000;font-size: small\">vyl\u00fa\u010denia man\u017eela z u\u017e\u00edvania bytu alebo inej nehnute\u013enosti, <\/span><\/li>\n<li><span style=\"color: #000000;font-size: small\">vysporiadania bezpodielov\u00e9ho spoluvlastn\u00edctva man\u017eelov, <\/span><\/li>\n<li><span style=\"color: #000000;font-size: small\">zru\u0161enia spolo\u010dn\u00e9ho n\u00e1jmu bytu, <\/span><\/li>\n<li><span style=\"color: #000000;font-size: small\">vydania neodkladn\u00fdch (predbe\u017en\u00fdch) opatren\u00ed a in\u00e9.<\/span><\/li>\n<\/ul>\n<p><span style=\"color: #333333;font-size: small\">Na Slovensku existuje mo\u017enos\u0165 <strong>z\u00edska\u0165 neodkladn\u00e9 opatrenie<\/strong>, ktor\u00e9 n\u00e1siln\u00edkovi, ak je d\u00f4vodne podozriv\u00fd z n\u00e1silia, do\u010dasne zabr\u00e1ni vstupova\u0165 do domu alebo bytu (v ktorom b\u00fdva osoba bl\u00edzka alebo osoba, ktor\u00e1 je v jeho starostlivosti alebo vo v\u00fdchove) a z\u00e1rove\u0148 pribl\u00ed\u017ei\u0165 sa k obeti. \u017dena postihnut\u00e1 n\u00e1sil\u00edm m\u00f4\u017ee poda\u0165 n\u00e1vrh na tak\u00e9to predbe\u017en\u00e9 opatrenie a s\u00fad o \u0148om rozhodne do siedmich dn\u00ed od doru\u010denia n\u00e1vrhu. Ak s\u00fad tak\u00e9muto n\u00e1vrhu vyhovie, ulo\u017e\u00ed z\u00e1rove\u0148 navrhovate\u013eke, aby v stanovenej lehote na s\u00fad podala n\u00e1vrh na za\u010datie konania o vyl\u00fa\u010den\u00ed n\u00e1siln\u00edka z u\u017e\u00edvania bytu alebo domu. Nere\u0161pektovanie tak\u00e9hoto predbe\u017en\u00e9ho opatrenia je trestn\u00fdm \u010dinom a treba ho ohl\u00e1si\u0165 na pol\u00edcii.<\/span><\/p>\n<p><span style=\"color: #333333;font-size: small\">V r\u00e1mci neodkladn\u00fdch opatren\u00ed m\u00f4\u017ee obe\u0165 dosiahnu\u0165 najm\u00e4 : <\/span><\/p>\n<ul>\n<li><span style=\"color: #000000;font-size: small\">Zverenie die\u0165a\u0165a do starostlivosti <\/span><\/li>\n<li><span style=\"color: #000000;font-size: small\">Platenie v\u00fd\u017eivn\u00e9ho v nevyhnutnej miere <\/span><\/li>\n<li><span style=\"color: #000000;font-size: small\">Z\u00e1kaz vstupu do bytu al. inej nehnute\u013enosti <\/span><\/li>\n<li><span style=\"color: #000000;font-size: small\">Z\u00e1kaz pribl\u00ed\u017eenia<\/span><\/li>\n<li><span style=\"color: #000000;font-size: small\">\u00dapravu styku s malolet\u00fdm die\u0165a\u0165om <\/span><\/li>\n<li><span style=\"color: #000000;font-size: small\">Aby odporca nie\u010do vykonal, nie\u010doho sa zdr\u017eal alebo nie\u010do zn\u00e1\u0161al <\/span><\/li>\n<\/ul>\n<p><span style=\"color: #333333;font-size: small\">Rozhodnutie s\u00fadu o predbe\u017enom opatren\u00ed m\u00e1 iba do\u010dasn\u00fd charakter, s\u00fad ho vyd\u00e1va aj bez dokazovania, len pod\u013ea p\u00edsomn\u00e9ho podania, do \u010dasu k\u00fdm sa o veci nerozhodne v riadnom konan\u00ed s riadnym dokazovan\u00edm. <\/span><\/p>\n<p><span style=\"color: #333333;font-size: small\">S\u00favisiace pr\u00e1vne normy: <\/span><\/p>\n<ul>\n<li><span style=\"color: #000000;font-size: small\"><a href=\"http:\/\/www.zakonypreludi.sk\/zz\/1964-40\" target=\"_blank\">Z\u00e1kon \u010d. 40\/1964 Zb. Ob\u010diansky z\u00e1konn\u00edk v znen\u00ed neskor\u0161\u00edch predpisov (OZ)<\/a> <\/span><\/li>\n<li><span style=\"color: #000000;font-size: small\"><a href=\"http:\/\/www.zakonypreludi.sk\/zz\/2015-160\" target=\"_blank\">Z\u00e1kon \u010d. 160\/2015 Z. z.Civiln\u00fd sporov\u00fd poriadok<\/a><\/span><\/li>\n<li><span style=\"color: #000000;font-size: small\"><a href=\"http:\/\/www.zakonypreludi.sk\/zz\/2005-36\" target=\"_blank\">Z\u00e1kon \u010d. 36\/2005 Z.z. o rodine o zmene a doplnen\u00ed niektor\u00fdch z\u00e1konov<\/a> <\/span><\/li>\n<li><span style=\"color: #000000;font-size: small\"><a href=\"http:\/\/www.zakonypreludi.sk\/zz\/2005-327\" target=\"_blank\">Z\u00e1kon \u010d. 327\/2005 Z.z. o poskytovan\u00ed pr\u00e1vnej pomoci osob\u00e1m v materi\u00e1lnej n\u00fadzi<\/a><\/span><\/li>\n<\/ul>\n<h5><span style=\"color: #622423\"><span style=\"font-size: small\">Spr\u00e1vne pr\u00e1vo<\/span><\/span><\/h5>\n<p><span style=\"color: #333333;font-size: small\">V\u00a0spr\u00e1vnom konan\u00ed sa prejedn\u00e1vaj\u00fa priestupky proti ob\u010dianskemu spoluna\u017e\u00edvaniu pod\u013ea \u00a749 Z\u00e1kona 372\/1990 o\u00a0priestupkoch. Spravidla ide o\u00a0skutky dom\u00e1ceho n\u00e1silia menej z\u00e1va\u017en\u00e9ho charakteru (vyhr\u00e1\u017eky, drobn\u00e9 zranenia, ur\u00e1\u017eky) pri\u010dom v\u00fdsledkom je ulo\u017eenie pokuty. Na zamedzenie opakovan\u00e9ho posudzovania skutkov dom\u00e1ceho n\u00e1silia ako priestupku a\u00a0t\u00fdm z\u013eah\u010dovania situ\u00e1cie obete bod od roku 2016 do Trestn\u00e9ho z\u00e1kona doplnen\u00fd princ\u00edp trestnopr\u00e1vnej zodpovednosti priestupkovej recid\u00edvy, teda opakovan\u00fd skutok t\u00fdrania bl\u00edzkej a\u00a0zverenej osoby v\u00a0priebehu jedn\u00e9ho roka sa posudzuje ako trestn\u00fd \u010din.<\/span><\/p>\n","protected":false},"excerpt":{"rendered":"<p>Dom\u00e1ce n\u00e1silie ako tak\u00e9 nie je v pr\u00e1vnom poriadku SR nikde priamo definovan\u00e9 a pova\u017euje sa za\u0148 n\u00e1silie v pr\u00edpade, ke\u010f n\u00e1siln\u00edk a obe\u0165 s\u00fa alebo boli v pr\u00edbuzenskom vz\u0165ahu, resp. \u017eij\u00fa v spolo\u010dnej dom\u00e1cnosti ako bl\u00edzke osoby. Pr\u00e1vny poriadok umo\u017e\u0148uje dom\u00f4c\u0165 sa ochrany v troch rovin\u00e1ch: v trestnopr\u00e1vnej rovine v ob\u010dianskopr\u00e1vnej rovine v spr\u00e1vnopr\u00e1vnej &hellip; <\/p>\n<p><a class=\"more-link block-button\" href=\"https:\/\/www.gender.gov.sk\/zastavmenasilie\/informacie\/zakony\/\">\u010c\u00edta\u0165 viac &raquo;<\/a><\/p>\n","protected":false},"author":2,"featured_media":0,"parent":6,"menu_order":1,"comment_status":"closed","ping_status":"closed","template":"","meta":[],"_links":{"self":[{"href":"https:\/\/www.gender.gov.sk\/zastavmenasilie\/wp-json\/wp\/v2\/pages\/8"}],"collection":[{"href":"https:\/\/www.gender.gov.sk\/zastavmenasilie\/wp-json\/wp\/v2\/pages"}],"about":[{"href":"https:\/\/www.gender.gov.sk\/zastavmenasilie\/wp-json\/wp\/v2\/types\/page"}],"author":[{"embeddable":true,"href":"https:\/\/www.gender.gov.sk\/zastavmenasilie\/wp-json\/wp\/v2\/users\/2"}],"replies":[{"embeddable":true,"href":"https:\/\/www.gender.gov.sk\/zastavmenasilie\/wp-json\/wp\/v2\/comments?post=8"}],"version-history":[{"count":15,"href":"https:\/\/www.gender.gov.sk\/zastavmenasilie\/wp-json\/wp\/v2\/pages\/8\/revisions"}],"predecessor-version":[{"id":1401,"href":"https:\/\/www.gender.gov.sk\/zastavmenasilie\/wp-json\/wp\/v2\/pages\/8\/revisions\/1401"}],"up":[{"embeddable":true,"href":"https:\/\/www.gender.gov.sk\/zastavmenasilie\/wp-json\/wp\/v2\/pages\/6"}],"wp:attachment":[{"href":"https:\/\/www.gender.gov.sk\/zastavmenasilie\/wp-json\/wp\/v2\/media?parent=8"}],"curies":[{"name":"wp","href":"https:\/\/api.w.org\/{rel}","templated":true}]}}