{"id":81,"date":"2013-05-29T19:26:22","date_gmt":"2013-05-29T19:26:22","guid":{"rendered":"http:\/\/www.gender.gov.sk\/zastavmenasilie\/?page_id=81"},"modified":"2017-05-15T09:44:49","modified_gmt":"2017-05-15T09:44:49","slug":"nitriansky-vuc","status":"publish","type":"page","link":"https:\/\/www.gender.gov.sk\/zastavmenasilie\/organizacie\/nitriansky-vuc\/","title":{"rendered":"Nitriansky V\u00daC"},"content":{"rendered":"<p>Odpor\u00fa\u010dan\u00e9 zariadenia:<\/p>\n<p><strong>Centrum Slnie\u010dko Nitra<\/strong><\/p>\n<p>Prev\u00e1dzky: \u201cBezpe\u010dn\u00fd \u017eensk\u00fd dom\u201d (utajen\u00e1 adresa), \u201cKr\u00edzov\u00e9 stredisko pre matky s de\u0165mi\u201d (utajen\u00e1 adresa), dom pre \u017eeny po kr\u00edzovej intervencii v B\u017dD alebo KS &#8211; \u00fatulok \u201cBezpe\u010dn\u00fd dom\u201d (utajen\u00e1 adresa), Porad\u0148a &#8211; pre obete dom\u00e1ceho n\u00e1sila, Kr\u00edzov\u00e9 stredisko pre deti, Interven\u010dn\u00e9 centrum, Vzdel\u00e1vacie centrum EduCAN.<\/p>\n<p>Aktivity: ter\u00e9nna soci\u00e1lna pr\u00e1ca, kr\u00edzov\u00e1 intervencia, soci\u00e1lne, psychologick\u00e9 a pr\u00e1vne poradenstvo, \u0161pecializovan\u00e9 terapie (muzikoterapia, arteterapia, ergoterapia, canisterapia, \u2026)<\/p>\n<p><a href=\"mailto:poradna@centrumslniecko.sk\">poradna@centrumslniecko.sk<\/a><\/p>\n<p>0917 545 808 (Porad\u0148a)<\/p>\n<p>0905 511 512 (Bezpe\u010dn\u00fd \u017eensk\u00fd dom)<\/p>\n<p>0905 949 284 (Kr\u00edzov\u00e9 stredisko pre matky s de\u0165mi)<\/p>\n<p><a href=\"http:\/\/www.centrumslniecko.sk\">www.centrumslniecko.sk<\/a> (kontakty na v\u0161etky prev\u00e1dzky)<\/p>\n<p>&nbsp;<\/p>\n<p>Ostatn\u00e9 zariadenia, ktor\u00e9 pon\u00fakaj\u00fa pomoc aj \u017een\u00e1m za\u017e\u00edvaj\u00facim n\u00e1silie a ich de\u0165om:<\/p>\n<p><strong>Kr\u00edzov\u00e9 stredisko Hurbanovo<\/strong><\/p>\n<p>Tel.:\u00a0035\/760 2208 \u2013 nonstop<\/p>\n<p>Fax:\u00a0035\/760 4505<\/p>\n<p>Mail: <a href=\"mailto:kshurbanovo@stonline.sk\">kshurbanovo@stonline.sk<\/a><\/p>\n<p>Slu\u017eby: prv\u00e1 stanica pre deti zanedb\u00e1van\u00e9, t\u00fdran\u00e9, zneu\u017e\u00edvan\u00e9 a\u00a0soci\u00e1lne pr\u00edpady (pride\u013euje\u00a0ich \u00daPSVa R) \u2013 potom s\u00fa umiest\u0148ovan\u00e9 do Detsk\u00fdch domovov, reeduka\u010dn\u00fdch\u00a0zariaden\u00ed alebo sp\u00e4\u0165 do rod\u00edn<\/p>\n<p>Ubytovanie:\u00a0pre deti od 2 do 18 rokov \u2013 starostlivos\u0165 bezplatn\u00e1<\/p>\n<p><strong>\u00a0<\/strong><\/p>\n<p>&nbsp;<\/p>\n","protected":false},"excerpt":{"rendered":"<p>Odpor\u00fa\u010dan\u00e9 zariadenia: Centrum Slnie\u010dko Nitra Prev\u00e1dzky: \u201cBezpe\u010dn\u00fd \u017eensk\u00fd dom\u201d (utajen\u00e1 adresa), \u201cKr\u00edzov\u00e9 stredisko pre matky s de\u0165mi\u201d (utajen\u00e1 adresa), dom pre \u017eeny po kr\u00edzovej intervencii v B\u017dD alebo KS &#8211; \u00fatulok \u201cBezpe\u010dn\u00fd dom\u201d (utajen\u00e1 adresa), Porad\u0148a &#8211; pre obete dom\u00e1ceho n\u00e1sila, Kr\u00edzov\u00e9 stredisko pre deti, Interven\u010dn\u00e9 centrum, Vzdel\u00e1vacie centrum EduCAN. Aktivity: ter\u00e9nna soci\u00e1lna pr\u00e1ca, kr\u00edzov\u00e1 &hellip; <\/p>\n<p><a class=\"more-link block-button\" href=\"https:\/\/www.gender.gov.sk\/zastavmenasilie\/organizacie\/nitriansky-vuc\/\">\u010c\u00edta\u0165 viac &raquo;<\/a><\/p>\n","protected":false},"author":2,"featured_media":0,"parent":273,"menu_order":3,"comment_status":"closed","ping_status":"closed","template":"","meta":[],"_links":{"self":[{"href":"https:\/\/www.gender.gov.sk\/zastavmenasilie\/wp-json\/wp\/v2\/pages\/81"}],"collection":[{"href":"https:\/\/www.gender.gov.sk\/zastavmenasilie\/wp-json\/wp\/v2\/pages"}],"about":[{"href":"https:\/\/www.gender.gov.sk\/zastavmenasilie\/wp-json\/wp\/v2\/types\/page"}],"author":[{"embeddable":true,"href":"https:\/\/www.gender.gov.sk\/zastavmenasilie\/wp-json\/wp\/v2\/users\/2"}],"replies":[{"embeddable":true,"href":"https:\/\/www.gender.gov.sk\/zastavmenasilie\/wp-json\/wp\/v2\/comments?post=81"}],"version-history":[{"count":14,"href":"https:\/\/www.gender.gov.sk\/zastavmenasilie\/wp-json\/wp\/v2\/pages\/81\/revisions"}],"predecessor-version":[{"id":1744,"href":"https:\/\/www.gender.gov.sk\/zastavmenasilie\/wp-json\/wp\/v2\/pages\/81\/revisions\/1744"}],"up":[{"embeddable":true,"href":"https:\/\/www.gender.gov.sk\/zastavmenasilie\/wp-json\/wp\/v2\/pages\/273"}],"wp:attachment":[{"href":"https:\/\/www.gender.gov.sk\/zastavmenasilie\/wp-json\/wp\/v2\/media?parent=81"}],"curies":[{"name":"wp","href":"https:\/\/api.w.org\/{rel}","templated":true}]}}