{"id":99,"date":"2013-05-29T19:44:02","date_gmt":"2013-05-29T19:44:02","guid":{"rendered":"http:\/\/www.gender.gov.sk\/zastavmenasilie\/?page_id=99"},"modified":"2017-03-23T11:55:35","modified_gmt":"2017-03-23T11:55:35","slug":"kosicky-vuc","status":"publish","type":"page","link":"https:\/\/www.gender.gov.sk\/zastavmenasilie\/organizacie\/kosicky-vuc\/","title":{"rendered":"Ko\u0161ick\u00fd V\u00daC"},"content":{"rendered":"<p><em>Odpor\u00fa\u010dan\u00e9 zariadenia:<\/em><\/p>\n<p><strong>Fenestra<\/strong><br \/>\nAdresa: P.O.Box F-12, 042 92 Ko\u0161ice<br \/>\nWeb: <a href=\"http:\/\/www.fenestra.sk\">www.fenestra.sk<\/a><br \/>\nTelef\u00f3n: 055\/625 6237, 0911 440 808<br \/>\nMail: <a href=\"mailto:fenestra@fenestra.sk\">fenestra@fenestra.sk<\/a><br \/>\nSlu\u017eby: ambulantn\u00e9 \u0161pecializovan\u00e9 poradenstvo, kr\u00edzov\u00e1 linka, kr\u00edzov\u00e1 intervencia, odhad rizika n\u00e1silia, soci\u00e1lnopr\u00e1vne poradenstvo, psychologick\u00e9 poradenstvo, advok\u00e1tske zastupovanie, psychoterapia \u2013 individu\u00e1lna, skupinov\u00e1 terapia \u2013 podporn\u00e9 skupiny, sprev\u00e1dzanie na in\u0161tit\u00facie, vypracovanie spr\u00e1v a\u00a0posudkov, sprostredkovane aj zdravotn\u00e9 o\u0161etrenie a\u00a0ubytovanie, slu\u017eby de\u0165om, \u0161pecializovan\u00e1 nonstop kr\u00edzov\u00e1 linka<\/p>\n<p><strong>KOTVA Trebi\u0161ov<\/strong><br \/>\nAdresa: Hurbanova 361\/21, 075 01 Trebi\u0161ov<br \/>\nTelef\u00f3n: 0918 457 217, 0905 613 149<br \/>\nMail: <a href=\"mailto:kotva.n.o@zoznam.sk\">kotva.n.o@zoznam.sk<\/a><br \/>\nSlu\u017eby: zariadenie n\u00fadzov\u00e9ho b\u00fdvania s\u00a0utajovanou adresou, kr\u00edzov\u00e1 intervencia, soci\u00e1lnopr\u00e1vne a\u00a0psychologick\u00e9 poradenstvo, advok\u00e1tske zastupovanie, psychoterapia \u2013 individu\u00e1lna, skupinov\u00e1 terapia \u2013 podporn\u00e9 skupiny, rodinn\u00e1 terapia, sprev\u00e1dzanie na in\u0161tit\u00facie, sprostredkovane aj zdravotn\u00e9 o\u0161etrenie<\/p>\n<p><strong>OZ Pomoc rodine Michalovce<\/strong><br \/>\nAdresa:\u00a0N\u00e1mestie oslobodite\u013eov 77, 071 01 Michalovce<br \/>\nWeb: <a href=\"http:\/\/www.pomocrodine.sk\">www.pomocrodine.sk<\/a><br \/>\nTelef\u00f3n: 056\/ 688 4473, 0908 954 873<br \/>\nMail: <a href=\"mailto:pomocrodine@centrum.sk\">pomocrodine@centrum.sk<\/a><br \/>\nSlu\u017eby: kr\u00edzov\u00e1 linka, kr\u00edzov\u00e1 intervencia, odhad rizika n\u00e1silia, soci\u00e1lnopr\u00e1vne poradenstvo, advok\u00e1tske zastupovanie (externe), psychoterapia \u2013 individu\u00e1lna, skupinov\u00e1 terapia \u2013 podporn\u00e9 skupiny, sprev\u00e1dzanie na in\u0161tit\u00facie vypracovanie spr\u00e1v a\u00a0posudkov, \u0161pecializovan\u00e1 kr\u00edzov\u00e1 linka<\/p>\n<p><strong>Slovensk\u00fd \u010derven\u00fd kr\u00ed\u017e \u2013 \u00fazemn\u00fd spolok Trebi\u0161ov (Maj\u00e1k)<\/strong><br \/>\nAdresa:\u00a0M. R. \u0160tef\u00e1nika 1161\/184, 075 01 Trebi\u0161ov<br \/>\nWeb: <a href=\"http:\/\/www.cervenykriz-tv.sk\">www.cervenykriz-tv.sk<\/a><br \/>\nTelef\u00f3n: 056\/672 2495<br \/>\nMail: <a href=\"mailto:sus.trebisov@redcross.sk\">sus.trebisov@redcross.sk<\/a><br \/>\nSlu\u017eby: zariadenie n\u00fadzov\u00e9ho b\u00fdvania, kr\u00edzov\u00e1 intervencia, zdravotn\u00e9 o\u0161etrenie, soci\u00e1lnopr\u00e1vne poradenstvo, psychologick\u00e9 poradenstvo, psychoterapia \u2013 individu\u00e1lna, skupinov\u00e1 terapia \u2013 podporn\u00e9 skupiny, sprev\u00e1dzanie na in\u0161tit\u00facie, vypracovanie spr\u00e1v, posudkov + slu\u017eby pre deti klientok, mo\u017enos\u0165 ubytovania \u017eeny na voz\u00edku<\/p>\n<p><strong>OZ HANA<\/strong><\/p>\n<p>Poradensk\u00e9 centrum pre \u017eeny za\u017e\u00edvaj\u00face n\u00e1silie<\/p>\n<p>Adresa: P.O.BOX 38, 052 01 Spi\u0161sk\u00e1 Nov\u00e1 Ves<\/p>\n<p>Web: <a href=\"http:\/\/www.ozhana.sk\/\">www.ozhana.sk<\/a><\/p>\n<p>Facebook: <a href=\"http:\/\/www.facebook.com\/OZHANA.SNV\">www.facebook.com\/OZHANA.SNV<\/a><\/p>\n<p>Telef\u00f3n: 0903 404 483\/kontakt pre \u017eeny, 0903 404 471\/kontakt pre verejnos\u0165<\/p>\n<p>Slu\u017eby: ambulantn\u00e9 \u0161pecializovan\u00e9 soci\u00e1lne poradenstvo, telefonick\u00e1 kr\u00edzov\u00e1 linka, kr\u00edzov\u00e1 intervencia,\u00a0psychologick\u00e9 poradenstvo,\u00a0pr\u00e1vne poradenstvo a\u00a0advok\u00e1tske zastupovanie, sprev\u00e1dzanie na in\u0161tit\u00facie, pomoc pri sprostredkovan\u00ed: ubytovania, slu\u017eieb de\u0165om, \u0161pecializovanej n\u00e1rodnej linky pre \u017eeny za\u017e\u00edvaj\u00face n\u00e1silie a ich deti<\/p>\n<p><em>\u00a0<\/em><\/p>\n<p><em>Ostatn\u00e9 zariadenia, ktor\u00e9 pon\u00fakaj\u00fa pomoc aj \u017een\u00e1m za\u017e\u00edvaj\u00facim n\u00e1silie a ich de\u0165om:<\/em><\/p>\n<p><strong>Dorka, n.o.<\/strong><br \/>\nAdresa: Hemerkova 28, 040 23 Ko\u0161ice<br \/>\nWeb: <a href=\"http:\/\/www.centrumdorka.sk\/dorka-kosice\">www.centrumdorka.sk\/dorka-kosice<\/a><br \/>\nFacebook:\u00a0<a href=\"https:\/\/www.facebook.com\/centrumdorka\/\">https:\/\/www.facebook.com\/centrumdorka\/<\/a><br \/>\nTelef\u00f3n:\u00a0055\/230 4390, 0948 601\u00a0022<br \/>\nMail: <a href=\"mailto:info@centrumdorka.sk\">info@centrumdorka.sk<\/a><br \/>\nSlu\u017eby: zariadenie n\u00fadzov\u00e9ho b\u00fdvania, domov na pol ceste, \u00fatulok, kr\u00edzov\u00e9 stredisko<\/p>\n<p><strong>Domov soci\u00e1lnych slu\u017eieb Anima Ba\u0161kovce\u00a0\u00a0\u00a0\u00a0\u00a0\u00a0\u00a0\u00a0\u00a0\u00a0\u00a0\u00a0\u00a0\u00a0\u00a0\u00a0\u00a0\u00a0\u00a0\u00a0\u00a0\u00a0\u00a0\u00a0\u00a0\u00a0\u00a0\u00a0\u00a0\u00a0\u00a0\u00a0\u00a0\u00a0\u00a0\u00a0\u00a0\u00a0\u00a0\u00a0\u00a0\u00a0\u00a0\u00a0\u00a0\u00a0\u00a0\u00a0\u00a0\u00a0\u00a0\u00a0\u00a0\u00a0\u00a0\u00a0\u00a0\u00a0\u00a0\u00a0\u00a0\u00a0\u00a0\u00a0\u00a0\u00a0\u00a0\u00a0\u00a0\u00a0\u00a0\u00a0\u00a0\u00a0\u00a0\u00a0\u00a0\u00a0\u00a0\u00a0\u00a0\u00a0\u00a0\u00a0\u00a0\u00a0\u00a0\u00a0\u00a0\u00a0\u00a0\u00a0\u00a0\u00a0\u00a0\u00a0\u00a0\u00a0\u00a0\u00a0\u00a0\u00a0\u00a0\u00a0\u00a0\u00a0\u00a0\u00a0\u00a0\u00a0\u00a0\u00a0\u00a0\u00a0\u00a0\u00a0\u00a0\u00a0\u00a0\u00a0\u00a0\u00a0\u00a0\u00a0\u00a0\u00a0\u00a0\u00a0\u00a0\u00a0\u00a0\u00a0\u00a0\u00a0\u00a0\u00a0\u00a0\u00a0\u00a0\u00a0\u00a0\u00a0\u00a0\u00a0\u00a0\u00a0\u00a0\u00a0\u00a0\u00a0\u00a0\u00a0\u00a0\u00a0\u00a0\u00a0\u00a0\u00a0\u00a0\u00a0\u00a0\u00a0\u00a0\u00a0\u00a0\u00a0\u00a0\u00a0\u00a0\u00a0\u00a0\u00a0\u00a0\u00a0\u00a0\u00a0\u00a0\u00a0\u00a0\u00a0\u00a0\u00a0\u00a0\u00a0\u00a0\u00a0\u00a0\u00a0\u00a0\u00a0\u00a0\u00a0\u00a0\u00a0\u00a0\u00a0\u00a0\u00a0\u00a0\u00a0\u00a0\u00a0\u00a0\u00a0\u00a0\u00a0\u00a0\u00a0\u00a0\u00a0\u00a0\u00a0\u00a0\u00a0\u00a0\u00a0\u00a0\u00a0\u00a0\u00a0\u00a0\u00a0\u00a0\u00a0\u00a0\u00a0\u00a0\u00a0\u00a0\u00a0\u00a0\u00a0\u00a0\u00a0\u00a0\u00a0\u00a0\u00a0\u00a0\u00a0\u00a0\u00a0\u00a0\u00a0\u00a0\u00a0\u00a0\u00a0\u00a0\u00a0\u00a0\u00a0\u00a0\u00a0\u00a0\u00a0\u00a0\u00a0\u00a0\u00a0\u00a0\u00a0\u00a0\u00a0\u00a0\u00a0\u00a0\u00a0\u00a0\u00a0\u00a0\u00a0\u00a0\u00a0\u00a0\u00a0\u00a0\u00a0\u00a0\u00a0\u00a0\u00a0\u00a0\u00a0\u00a0\u00a0\u00a0\u00a0\u00a0\u00a0\u00a0\u00a0\u00a0\u00a0\u00a0\u00a0\u00a0\u00a0\u00a0\u00a0\u00a0\u00a0\u00a0\u00a0\u00a0\u00a0\u00a0\u00a0\u00a0\u00a0\u00a0\u00a0\u00a0\u00a0\u00a0\u00a0\u00a0\u00a0\u00a0\u00a0\u00a0\u00a0\u00a0\u00a0\u00a0\u00a0\u00a0\u00a0\u00a0\u00a0\u00a0\u00a0\u00a0\u00a0\u00a0\u00a0\u00a0\u00a0\u00a0\u00a0\u00a0\u00a0\u00a0\u00a0\u00a0\u00a0\u00a0\u00a0\u00a0\u00a0\u00a0\u00a0\u00a0\u00a0\u00a0\u00a0\u00a0\u00a0\u00a0\u00a0\u00a0\u00a0\u00a0\u00a0\u00a0\u00a0\u00a0\u00a0\u00a0\u00a0\u00a0\u00a0\u00a0\u00a0\u00a0\u00a0\u00a0\u00a0\u00a0\u00a0\u00a0\u00a0\u00a0\u00a0\u00a0\u00a0\u00a0\u00a0\u00a0\u00a0\u00a0\u00a0 <\/strong>Adresa: Ba\u0161kovce 79, 073 01 Ba\u0161kovce<br \/>\nWeb: <a href=\"http:\/\/www.dssanima.sk\/kontakty-utulok-v-baskovciach.html\">www.dssanima.sk\/kontakty-utulok-v-baskovciach.html<\/a><br \/>\nTelef\u00f3n: 056\/652 4366, 0910 873 009<br \/>\nMail: <a href=\"mailto:eva.polakovska@dssanima.sk\">eva.polakovska@dssanima.sk<\/a><br \/>\nSlu\u017eby: zariadenie n\u00fadzov\u00e9ho b\u00fdvania<\/p>\n<p><strong>Lumen, Se\u010dovce\u00a0\u00a0\u00a0\u00a0\u00a0\u00a0\u00a0\u00a0\u00a0\u00a0\u00a0\u00a0\u00a0\u00a0\u00a0\u00a0\u00a0\u00a0\u00a0\u00a0\u00a0\u00a0\u00a0\u00a0\u00a0\u00a0\u00a0\u00a0\u00a0\u00a0\u00a0\u00a0\u00a0\u00a0\u00a0\u00a0\u00a0\u00a0\u00a0\u00a0\u00a0\u00a0\u00a0\u00a0\u00a0\u00a0\u00a0\u00a0\u00a0\u00a0\u00a0\u00a0\u00a0\u00a0\u00a0\u00a0\u00a0\u00a0\u00a0\u00a0\u00a0\u00a0\u00a0\u00a0\u00a0\u00a0\u00a0\u00a0\u00a0\u00a0\u00a0\u00a0\u00a0\u00a0\u00a0\u00a0\u00a0\u00a0\u00a0\u00a0\u00a0\u00a0\u00a0\u00a0\u00a0\u00a0\u00a0\u00a0\u00a0\u00a0\u00a0\u00a0\u00a0\u00a0\u00a0\u00a0\u00a0\u00a0\u00a0\u00a0\u00a0\u00a0\u00a0\u00a0\u00a0\u00a0\u00a0\u00a0\u00a0\u00a0\u00a0\u00a0\u00a0\u00a0\u00a0\u00a0\u00a0\u00a0\u00a0\u00a0\u00a0\u00a0\u00a0\u00a0\u00a0\u00a0\u00a0\u00a0\u00a0\u00a0\u00a0\u00a0\u00a0\u00a0\u00a0\u00a0\u00a0\u00a0\u00a0\u00a0\u00a0\u00a0\u00a0\u00a0\u00a0\u00a0\u00a0\u00a0\u00a0\u00a0\u00a0\u00a0\u00a0\u00a0\u00a0\u00a0\u00a0\u00a0\u00a0\u00a0\u00a0\u00a0\u00a0\u00a0\u00a0\u00a0\u00a0\u00a0\u00a0\u00a0\u00a0\u00a0\u00a0\u00a0\u00a0\u00a0\u00a0\u00a0\u00a0\u00a0\u00a0\u00a0\u00a0\u00a0\u00a0\u00a0\u00a0\u00a0\u00a0\u00a0\u00a0\u00a0\u00a0\u00a0\u00a0\u00a0\u00a0\u00a0\u00a0\u00a0\u00a0\u00a0\u00a0\u00a0\u00a0\u00a0\u00a0\u00a0\u00a0\u00a0\u00a0\u00a0\u00a0\u00a0\u00a0\u00a0\u00a0\u00a0\u00a0\u00a0\u00a0\u00a0\u00a0\u00a0\u00a0\u00a0\u00a0\u00a0\u00a0\u00a0\u00a0\u00a0\u00a0\u00a0\u00a0\u00a0\u00a0\u00a0\u00a0\u00a0\u00a0\u00a0\u00a0\u00a0\u00a0\u00a0\u00a0\u00a0\u00a0\u00a0\u00a0\u00a0\u00a0\u00a0\u00a0\u00a0\u00a0\u00a0\u00a0\u00a0\u00a0\u00a0\u00a0\u00a0\u00a0\u00a0\u00a0\u00a0\u00a0\u00a0\u00a0\u00a0\u00a0\u00a0\u00a0\u00a0\u00a0\u00a0\u00a0\u00a0\u00a0\u00a0\u00a0\u00a0\u00a0\u00a0\u00a0\u00a0\u00a0\u00a0\u00a0\u00a0\u00a0\u00a0\u00a0\u00a0\u00a0\u00a0\u00a0\u00a0\u00a0\u00a0\u00a0\u00a0\u00a0\u00a0\u00a0\u00a0\u00a0\u00a0\u00a0\u00a0\u00a0\u00a0\u00a0\u00a0\u00a0\u00a0\u00a0\u00a0\u00a0\u00a0\u00a0\u00a0\u00a0\u00a0\u00a0\u00a0\u00a0\u00a0\u00a0\u00a0\u00a0\u00a0\u00a0\u00a0\u00a0\u00a0\u00a0\u00a0\u00a0\u00a0\u00a0\u00a0\u00a0\u00a0\u00a0\u00a0\u00a0\u00a0\u00a0\u00a0\u00a0\u00a0\u00a0\u00a0\u00a0\u00a0\u00a0\u00a0\u00a0\u00a0\u00a0\u00a0\u00a0\u00a0\u00a0\u00a0\u00a0\u00a0\u00a0\u00a0\u00a0\u00a0\u00a0\u00a0\u00a0\u00a0\u00a0\u00a0\u00a0\u00a0\u00a0\u00a0\u00a0\u00a0\u00a0\u00a0\u00a0\u00a0\u00a0\u00a0\u00a0\u00a0\u00a0\u00a0\u00a0\u00a0\u00a0\u00a0\u00a0\u00a0\u00a0\u00a0\u00a0\u00a0\u00a0\u00a0\u00a0\u00a0\u00a0\u00a0\u00a0\u00a0\u00a0\u00a0\u00a0\u00a0\u00a0\u00a0\u00a0\u00a0\u00a0\u00a0\u00a0\u00a0\u00a0\u00a0\u00a0\u00a0\u00a0\u00a0\u00a0\u00a0\u00a0\u00a0\u00a0 <\/strong>Adresa: Ba\u010dkovsk\u00e1 ulica \u010d. 598, Se\u010dovce<br \/>\nWeb: <a href=\"http:\/\/www.lumentv.sk\">www.lumentv.sk<\/a><br \/>\nTelef\u00f3n:\u00a0056\/678 2388, 056\/672 4049, 056\/672 3223<br \/>\nSlu\u017eby: zariadenie n\u00fadzov\u00e9ho b\u00fdvania, kr\u00edzov\u00e1 intervencia<\/p>\n<p><strong>Miesto pod Slnkom, Ko\u0161ice<\/strong><br \/>\nAdresa: Hlavn\u00e1 68, 040 01 Ko\u0161ice<br \/>\nWeb: <a href=\"http:\/\/www.miestopodslnkom.sk\">www.miestopodslnkom.sk<\/a><br \/>\nTelef\u00f3n: 055\/62 501 51, 0903 851 823<br \/>\nMail: <a href=\"mailto:eli.ke@stonline.sk\">eli.ke@stonline.sk<\/a><br \/>\nSlu\u017eby: soci\u00e1lno-pr\u00e1vne poradenstvo, sprev\u00e1dzanie na in\u0161tit\u00facie, vypracovanie spr\u00e1v, posudkov<\/p>\n<p><strong>Stredisko kr\u00edzovej intervencie, Ko\u0161ice<\/strong><br \/>\nAdresa: Adlerova 4, 040 22 Ko\u0161ice<br \/>\nWeb: <a href=\"http:\/\/www.skrin.sk\">www.skrin.sk<\/a><br \/>\nTelef\u00f3n: 055\/ 671 2556<br \/>\nMail: <a href=\"mailto:kurucova.ski@centrum.sk\">kurucova@skrin.sk<\/a><br \/>\nSlu\u017eby: kr\u00edzov\u00e9 stredisko, zariadenie n\u00fadzov\u00e9ho b\u00fdvania, kr\u00edzov\u00e1 intervencia, soci\u00e1lnopr\u00e1vne poradenstvo, zdravotn\u00e9 o\u0161etrenie, psychologick\u00e9 poradenstvo, psychoterapia \u2013 individu\u00e1lna, skupinov\u00e1 terapia \u2013 podporn\u00e9 skupiny, sprev\u00e1dzanie na in\u0161tit\u00facie, vypracovanie spr\u00e1v, posudkov<\/p>\n","protected":false},"excerpt":{"rendered":"<p>Odpor\u00fa\u010dan\u00e9 zariadenia: Fenestra Adresa: P.O.Box F-12, 042 92 Ko\u0161ice Web: www.fenestra.sk Telef\u00f3n: 055\/625 6237, 0911 440 808 Mail: fenestra@fenestra.sk Slu\u017eby: ambulantn\u00e9 \u0161pecializovan\u00e9 poradenstvo, kr\u00edzov\u00e1 linka, kr\u00edzov\u00e1 intervencia, odhad rizika n\u00e1silia, soci\u00e1lnopr\u00e1vne poradenstvo, psychologick\u00e9 poradenstvo, advok\u00e1tske zastupovanie, psychoterapia \u2013 individu\u00e1lna, skupinov\u00e1 terapia \u2013 podporn\u00e9 skupiny, sprev\u00e1dzanie na in\u0161tit\u00facie, vypracovanie spr\u00e1v a\u00a0posudkov, sprostredkovane aj zdravotn\u00e9 o\u0161etrenie a\u00a0ubytovanie, &hellip; <\/p>\n<p><a class=\"more-link block-button\" href=\"https:\/\/www.gender.gov.sk\/zastavmenasilie\/organizacie\/kosicky-vuc\/\">\u010c\u00edta\u0165 viac &raquo;<\/a><\/p>\n","protected":false},"author":2,"featured_media":0,"parent":273,"menu_order":7,"comment_status":"closed","ping_status":"closed","template":"","meta":[],"_links":{"self":[{"href":"https:\/\/www.gender.gov.sk\/zastavmenasilie\/wp-json\/wp\/v2\/pages\/99"}],"collection":[{"href":"https:\/\/www.gender.gov.sk\/zastavmenasilie\/wp-json\/wp\/v2\/pages"}],"about":[{"href":"https:\/\/www.gender.gov.sk\/zastavmenasilie\/wp-json\/wp\/v2\/types\/page"}],"author":[{"embeddable":true,"href":"https:\/\/www.gender.gov.sk\/zastavmenasilie\/wp-json\/wp\/v2\/users\/2"}],"replies":[{"embeddable":true,"href":"https:\/\/www.gender.gov.sk\/zastavmenasilie\/wp-json\/wp\/v2\/comments?post=99"}],"version-history":[{"count":14,"href":"https:\/\/www.gender.gov.sk\/zastavmenasilie\/wp-json\/wp\/v2\/pages\/99\/revisions"}],"predecessor-version":[{"id":1681,"href":"https:\/\/www.gender.gov.sk\/zastavmenasilie\/wp-json\/wp\/v2\/pages\/99\/revisions\/1681"}],"up":[{"embeddable":true,"href":"https:\/\/www.gender.gov.sk\/zastavmenasilie\/wp-json\/wp\/v2\/pages\/273"}],"wp:attachment":[{"href":"https:\/\/www.gender.gov.sk\/zastavmenasilie\/wp-json\/wp\/v2\/media?parent=99"}],"curies":[{"name":"wp","href":"https:\/\/api.w.org\/{rel}","templated":true}]}}